|FAILURE| pw153840-153857 [PATCH] [v1,18/18] drivers/net: add hinic3
dpdklab at iol.unh.edu
dpdklab at iol.unh.edu
Fri May 30 07:32:34 CEST 2025
Test-Label: iol-compile-arm64-testing
Test-Status: FAILURE
http://dpdk.org/patch/153857
_Testing issues_
Submitter: Feifei <wff_light at vip.163.com>
Date: Thursday, May 29 2025 08:15:17
DPDK git baseline: Repo:dpdk
Branch: master
CommitID:466db466e2938c0d4e7f3dd75435483133f98770
153840-153857 --> testing issues
Upstream job id: Generic-DPDK-Compile-Meson#392631
Test environment and result as below:
+------------------------------+--------------------+
| Environment | dpdk_meson_compile |
+==============================+====================+
| Red Hat Enterprise Linux 9.5 | PASS |
+------------------------------+--------------------+
| Ubuntu 20.04 | PASS |
+------------------------------+--------------------+
| Debian GNU/Linux 12 | PASS |
+------------------------------+--------------------+
| Fedora 40 (ARM) | PASS |
+------------------------------+--------------------+
| Fedora 40 (ARM Clang) | FAIL |
+------------------------------+--------------------+
| Fedora 41 (ARM) | PASS |
+------------------------------+--------------------+
| Fedora 41 (ARM Clang) | FAIL |
+------------------------------+--------------------+
| Ubuntu 22.04 | PASS |
+------------------------------+--------------------+
| Ubuntu 24.04 | PASS |
+------------------------------+--------------------+
| CentOS Stream 9 (ARM) | PASS |
+------------------------------+--------------------+
| CentOS Stream 10 (ARM) | PASS |
+------------------------------+--------------------+
==== 20 line log output for Fedora 41 (ARM Clang) (dpdk_meson_compile): ====
[1807/3756] Compiling C object drivers/net/hinic3/base/libspnic_base.a.p/hinic3_hw_cfg.c.o
[1808/3756] Compiling C object drivers/net/hinic3/base/libspnic_base.a.p/hinic3_hw_comm.c.o
[1809/3756] Compiling C object drivers/net/hinic3/base/libspnic_base.a.p/hinic3_hwdev.c.o
[1810/3756] Compiling C object drivers/net/hinic3/base/libspnic_base.a.p/hinic3_hwif.c.o
[1811/3756] Compiling C object drivers/net/hinic3/base/libspnic_base.a.p/hinic3_mbox.c.o
[1812/3756] Compiling C object drivers/net/hinic3/base/libspnic_base.a.p/hinic3_mgmt.c.o
[1813/3756] Compiling C object drivers/net/hinic3/base/libspnic_base.a.p/hinic3_nic_cfg.c.o
[1814/3756] Compiling C object drivers/net/hinic3/base/libspnic_base.a.p/hinic3_nic_event.c.o
[1815/3756] Compiling C object drivers/net/hinic3/base/libspnic_base.a.p/hinic3_wq.c.o
[1816/3756] Linking static target drivers/net/hinic3/base/libspnic_base.a
[1817/3756] Compiling C object drivers/net/hinic3/mml/libhinic3_mml.a.p/hinic3_dbg.c.o
[1818/3756] Compiling C object drivers/net/hinic3/mml/libhinic3_mml.a.p/hinic3_mml_cmd.c.o
FAILED: drivers/net/hinic3/mml/libhinic3_mml.a.p/hinic3_mml_cmd.c.o
clang -Idrivers/net/hinic3/mml/libhinic3_mml.a.p -Idrivers/net/hinic3/mml -I../drivers/net/hinic3/mml -Idrivers/net/hinic3 -I../drivers/net/hinic3 -Idrivers/net/hinic3/base -I../drivers/net/hinic3/base -Ilib/eal/common -I../lib/eal/common -I. -I.. -Iconfig -I../config -Ilib/eal/include -I../lib/eal/include -Ilib/eal/linux/include -I../lib/eal/linux/include -Ilib/eal/arm/include -I../lib/eal/arm/include -I../kernel/linux -Ilib/eal -I../lib/eal -Ilib/kvargs -I../lib/kvargs -Ilib/log -I../lib/log -Ilib/metrics -I../lib/metrics -Ilib/telemetry -I../lib/telemetry -Ilib/ethdev -I../lib/ethdev -Ilib/net -I../lib/net -Ilib/mbuf -I../lib/mbuf -Ilib/mempool -I../lib/mempool -Ilib/ring -I../lib/ring -Ilib/meter -I../lib/meter -Idrivers/bus/pci -I../drivers/bus/pci -I../drivers/bus/pci/linux -Ilib/pci -I../lib/pci -Ilib/hash -I../lib/hash -Ilib/rcu -I../lib/rcu -Xclang -fcolor-diagnostics -pipe -D_FILE_OFFSET_BITS=64 -Wall -Winvalid-pch -Wextra -Werror -std=c11 -O3 -include rte_config.h -Wvla -W
cast-qual -Wdeprecated -Wformat -Wformat-nonliteral -Wformat-security -Wmissing-declarations -Wmissing-prototypes -Wnested-externs -Wold-style-definition -Wpointer-arith -Wsign-compare -Wstrict-prototypes -Wundef -Wwrite-strings -Wno-missing-field-initializers -D_GNU_SOURCE -fPIC -march=armv8.1-a+crc+crypto -DALLOW_EXPERIMENTAL_API -DALLOW_INTERNAL_API -Wno-format-truncation -Wno-address-of-packed-member -DHW_CONVERT_ENDIAN -MD -MQ drivers/net/hinic3/mml/libhinic3_mml.a.p/hinic3_mml_cmd.c.o -MF drivers/net/hinic3/mml/libhinic3_mml.a.p/hinic3_mml_cmd.c.o.d -o drivers/net/hinic3/mml/libhinic3_mml.a.p/hinic3_mml_cmd.c.o -c ../drivers/net/hinic3/mml/hinic3_mml_cmd.c
In file included from ../drivers/net/hinic3/mml/hinic3_mml_cmd.c:5:
../drivers/net/hinic3/mml/hinic3_mml_lib.h:227:39: error: format string is not a string literal [-Werror,-Wformat-nonliteral]
227 | ret = vsprintf(show_str + *show_len, fmt, args);
| ^~~
1 error generated.
ninja: build stopped: subcommand failed.
==== End log output ====
Red Hat Enterprise Linux 9.5
Kernel: 5.4
Compiler: gcc gcc (GCC) 11.5.0 20240719 (Red Hat 11.5.0-2)
Ubuntu 20.04
Kernel: 5.15
Compiler: aarch64-linux-gnu-gcc gcc (Ubuntu 9.4.0-1ubuntu1~20.04.2) 9.4.0
Debian GNU/Linux 12
Kernel: 5.4
Compiler: gcc gcc (Debian 12.2.0-14) 12.2.0
Fedora 40 (ARM)
Kernel: Depends on container host
Compiler: gcc 14.2.1 20240912 (Red Hat 14.2.1-3)
Fedora 40 (ARM Clang)
Kernel: Depends on container host
Compiler: clang 18.1.8 (Fedora 18.1.8-1.fc40)
Fedora 41 (ARM)
Kernel: Depends on container host
Compiler: gcc 14.2.1 20240912 (Red Hat 14.2.1-3)
Fedora 41 (ARM Clang)
Kernel: Depends on container host
Compiler: clang 19.1.5 (Fedora 19.1.5-1.fc41)
Ubuntu 22.04
Kernel: 5.4
Compiler: gcc gcc (Ubuntu 11.4.0-1ubuntu1~22.04) 11.4.0
Ubuntu 24.04
Kernel: 5.4
Compiler: gcc gcc (Ubuntu 13.3.0-6ubuntu2~24.04) 13.3.0
CentOS Stream 9 (ARM)
Kernel: Depends on container host
Compiler: gcc 11.5.0 20240719 (Red Hat 11.5.0-2)
CentOS Stream 10 (ARM)
Kernel: Depends on container host
Compiler: gcc 14.2.1 20241104 (Red Hat 14.2.1-6)
To view detailed results, visit:
https://lab.dpdk.org/results/dashboard/patchsets/33275/
UNH-IOL DPDK Community Lab
To manage your email subscriptions, visit:
https://lab.dpdk.org/results/dashboard/preferences/subscriptions/
More information about the test-report
mailing list