|FAILURE| pw153887 [PATCH] app/compress-perf: support dictionary fil

dpdklab at iol.unh.edu dpdklab at iol.unh.edu
Fri May 30 19:10:20 CEST 2025


Test-Label: iol-compile-amd64-testing
Test-Status: FAILURE
http://dpdk.org/patch/153887

_Testing issues_

Submitter: Sameer Vaze <svaze at qti.qualcomm.com>
Date: Thursday, May 29 2025 17:16:10 
DPDK git baseline: Repo:dpdk
  Branch: master
  CommitID:d5968c8a2b355a083db1d2f4f00334760389b54c

153887 --> testing issues

Upstream job id: Windows-Compile-DPDK-VS#5874

Test environment and result as below:

+---------------------+--------------------+-------------------+
|     Environment     | dpdk_meson_compile | dpdk_msvc_compile |
+=====================+====================+===================+
| Ubuntu 20.04        | FAIL               | SKIPPED           |
+---------------------+--------------------+-------------------+
| FreeBSD 14.2        | FAIL               | SKIPPED           |
+---------------------+--------------------+-------------------+
| Windows Server 2022 | SKIPPED            | PASS              |
+---------------------+--------------------+-------------------+

==== 20 line log output for FreeBSD 14.2 (dpdk_meson_compile): ====
[1791/2099] Compiling C object app/dpdk-test-cmdline.p/test-cmdline_cmdline_test.c.o
[1792/2099] Generating rte_baseband_turbo_sw.pmd.c with a custom command
[1793/2099] Compiling C object drivers/librte_baseband_turbo_sw.a.p/meson-generated_.._rte_baseband_turbo_sw.pmd.c.o
[1794/2099] Compiling C object app/dpdk-test-bbdev.p/test-bbdev_test_bbdev.c.o
[1795/2099] Linking static target drivers/librte_baseband_turbo_sw.a
[1796/2099] Compiling C object drivers/librte_baseband_turbo_sw.so.25.2.p/meson-generated_.._rte_baseband_turbo_sw.pmd.c.o
[1797/2099] Compiling C object app/dpdk-test-compress-perf.p/test-compress-perf_comp_perf_options_parse.c.o
[1798/2099] Compiling C object app/dpdk-test-compress-perf.p/test-compress-perf_comp_perf_test_common.c.o
FAILED: app/dpdk-test-compress-perf.p/test-compress-perf_comp_perf_test_common.c.o
cc -Iapp/dpdk-test-compress-perf.p -Iapp -I../app -Ilib/compressdev -I../lib/compressdev -Ilib/eal/common -I../lib/eal/common -I. -I.. -Iconfig -I../config -Ilib/eal/include -I../lib/eal/include -Ilib/eal/freebsd/include -I../lib/eal/freebsd/include -Ilib/eal/x86/include -I../lib/eal/x86/include -Ilib/eal -I../lib/eal -Ilib/kvargs -I../lib/kvargs -Ilib/log -I../lib/log -Ilib/metrics -I../lib/metrics -Ilib/telemetry -I../lib/telemetry -Ilib/mbuf -I../lib/mbuf -Ilib/mempool -I../lib/mempool -Ilib/ring -I../lib/ring -Xclang -fcolor-diagnostics -pipe -D_FILE_OFFSET_BITS=64 -Wall -Winvalid-pch -Wextra -Werror -std=c11 -O3 -include rte_config.h -Wvla -Wcast-qual -Wdeprecated -Wformat -Wformat-nonliteral -Wformat-security -Wmissing-declarations -Wmissing-prototypes -Wnested-externs -Wold-style-definition -Wpointer-arith -Wsign-compare -Wstrict-prototypes -Wundef -Wwrite-strings -Wno-missing-field-initializers -D_GNU_SOURCE -D__BSD_VISIBLE -march=native -mrtm -DALLOW_EXPERIMENTAL_API -MD -MQ
  app/dpdk-test-compress-perf.p/test-compress-perf_comp_perf_test_common.c.o -MF app/dpdk-test-compress-perf.p/test-compress-perf_comp_perf_test_common.c.o.d -o app/dpdk-test-compress-perf.p/test-compress-perf_comp_perf_test_common.c.o -c ../app/test-compress-perf/comp_perf_test_common.c
../app/test-compress-perf/comp_perf_test_common.c:58:1: error: unused function 'find_buf_size' [-Werror,-Wunused-function]
58 | find_buf_size(uint32_t input_size)
| ^~~~~~~~~~~~~
1 error generated.
[1799/2099] Linking target app/dpdk-dumpcap
[1800/2099] Compiling C object app/dpdk-test-bbdev.p/test-bbdev_test_bbdev_vector.c.o
[1801/2099] Linking target app/dpdk-pdump
[1802/2099] Generating rte_baseband_turbo_sw.sym_chk with a custom command (wrapped by meson to capture output)
[1803/2099] Compiling C object app/dpdk-test-bbdev.p/test-bbdev_test_bbdev_perf.c.o
ninja: build stopped: subcommand failed.
==== End log output ====

Ubuntu 20.04
	Kernel: 4.19
	Compiler: gcc gcc (Ubuntu 9.4.0-1ubuntu1~20.04.2) 9.4.0

FreeBSD 14.2
	Kernel: 14.2-RELEASE
	Compiler: clang 18.1.6

Windows Server 2022
	Kernel: 10.0.20348.2031
	Compiler: clang 15.0.7, gcc 14.1.0 (MinGW), and MSVC VS 19.39.33521

To view detailed results, visit:
https://lab.dpdk.org/results/dashboard/patchsets/33288/

UNH-IOL DPDK Community Lab

To manage your email subscriptions, visit: 
https://lab.dpdk.org/results/dashboard/preferences/subscriptions/


More information about the test-report mailing list