|FAILURE| pw158354-158397 [PATCH] [v3,44/44] net/netvsc: use LIST_FO

dpdklab at iol.unh.edu dpdklab at iol.unh.edu
Mon Nov 3 19:22:12 CET 2025


Test-Label: iol-compile-amd64-testing
Test-Status: FAILURE
http://dpdk.org/patch/158397

_Testing issues_

Submitter: Stephen Hemminger <stephen at networkplumber.org>
Date: Monday, November 03 2025 16:47:49 
DPDK git baseline: Repo:dpdk
  Branch: master
  CommitID:8c4861d00aabcf54ef9d6f1df2a4cfb37c06f6c2

158354-158397 --> testing issues

Upstream job id: Windows-Compile-DPDK-Native#32077

Test environment and result as below:

+-------------------------------+--------------------+-------------------+------------------+-------------------+-------------------------+
|          Environment          | dpdk_meson_compile | dpdk_compile_spdk | dpdk_compile_ovs | dpdk_msvc_compile | dpdk_llvm_clang_compile |
+===============================+====================+===================+==================+===================+=========================+
| Ubuntu 20.04                  | PEND               | SKIPPED           | SKIPPED          | SKIPPED           | SKIPPED                 |
+-------------------------------+--------------------+-------------------+------------------+-------------------+-------------------------+
| CentOS Stream 10              | PEND               | SKIPPED           | SKIPPED          | SKIPPED           | SKIPPED                 |
+-------------------------------+--------------------+-------------------+------------------+-------------------+-------------------------+
| Debian GNU/Linux 12           | PEND               | PEND              | SKIPPED          | SKIPPED           | SKIPPED                 |
+-------------------------------+--------------------+-------------------+------------------+-------------------+-------------------------+
| Fedora Linux 42               | PEND               | PEND              | PEND             | SKIPPED           | SKIPPED                 |
+-------------------------------+--------------------+-------------------+------------------+-------------------+-------------------------+
| openSUSE Leap 15.6            | PEND               | SKIPPED           | SKIPPED          | SKIPPED           | SKIPPED                 |
+-------------------------------+--------------------+-------------------+------------------+-------------------+-------------------------+
| FreeBSD 14.2                  | FAIL               | SKIPPED           | SKIPPED          | SKIPPED           | SKIPPED                 |
+-------------------------------+--------------------+-------------------+------------------+-------------------+-------------------------+
| Red Hat Enterprise Linux 8.10 | PEND               | SKIPPED           | SKIPPED          | SKIPPED           | SKIPPED                 |
+-------------------------------+--------------------+-------------------+------------------+-------------------+-------------------------+
| Red Hat Enterprise Linux 9.5  | PEND               | SKIPPED           | SKIPPED          | SKIPPED           | SKIPPED                 |
+-------------------------------+--------------------+-------------------+------------------+-------------------+-------------------------+
| Ubuntu 22.04                  | PEND               | PEND              | SKIPPED          | SKIPPED           | SKIPPED                 |
+-------------------------------+--------------------+-------------------+------------------+-------------------+-------------------------+
| Ubuntu 24.04                  | PEND               | PEND              | PEND             | SKIPPED           | SKIPPED                 |
+-------------------------------+--------------------+-------------------+------------------+-------------------+-------------------------+
| Alpine Linux 3.22.0           | PEND               | SKIPPED           | SKIPPED          | SKIPPED           | SKIPPED                 |
+-------------------------------+--------------------+-------------------+------------------+-------------------+-------------------------+
| CentOS Stream 9               | PEND               | PEND              | SKIPPED          | SKIPPED           | SKIPPED                 |
+-------------------------------+--------------------+-------------------+------------------+-------------------+-------------------------+
| Windows Server 2022           | SKIPPED            | SKIPPED           | SKIPPED          | FAIL              | FAIL                    |
+-------------------------------+--------------------+-------------------+------------------+-------------------+-------------------------+

==== 20 line log output for Windows Server 2022 (dpdk_llvm_clang_compile): ====
[10/825] Generating lib/rte_dmadev_map with a custom command
[11/825] Generating lib/rte_cryptodev_map with a custom command
[12/825] Compiling C object lib/librte_hash.a.p/hash_rte_hash_crc.c.obj
[13/825] Compiling C object lib/librte_gpudev.a.p/gpudev_gpudev.c.obj
FAILED: lib/librte_gpudev.a.p/gpudev_gpudev.c.obj
"clang" "-Ilib\librte_gpudev.a.p" "-Ilib" "-I..\lib" "-Ilib\gpudev" "-I..\lib\gpudev" "-Ilib\eal\common" "-I..\lib\eal\common" "-I." "-I.." "-Iconfig" "-I..\config" "-Ilib\eal\include" "-I..\lib\eal\include" "-Ilib\eal\windows\include" "-I..\lib\eal\windows\include" "-Ilib\eal\x86\include" "-I..\lib\eal\x86\include" "-Ilib\eal" "-I..\lib\eal" "-Ilib\argparse" "-I..\lib\argparse" "-Ilib\log" "-I..\lib\log" "-Ilib\kvargs" "-I..\lib\kvargs" "-Ilib\mbuf" "-I..\lib\mbuf" "-Ilib\mempool" "-I..\lib\mempool" "-Ilib\ring" "-I..\lib\ring" "-Ilib\metrics" "-I..\lib\metrics" "-Ilib\telemetry" "-I..\lib\telemetry" "-IC:\Program Files\Mellanox\MLNX_WinOF2_DevX_SDK\inc" "-fdiagnostics-color=always" "-D_FILE_OFFSET_BITS=64" "-Wall" "-Winvalid-pch" "-Wextra" "-Werror" "-std=c11" "-O3" "-include" "rte_config.h" "-Wvla" "-Wcast-qual" "-Wcomma" "-Wdeprecated" "-Wformat" "-Wformat-nonliteral" "-Wformat-security" "-Wmissing-declarations" "-Wmissing-prototypes" "-Wnested-externs" "-Wold-style-definition" "
 -Wpointer-arith" "-Wsign-compare" "-Wstrict-prototypes" "-Wundef" "-Wwrite-strings" "-Wno-missing-field-initializers" "-D_GNU_SOURCE" "-D_WIN32_WINNT=0x0A00" "-D_CRT_SECURE_NO_WARNINGS" "-march=native" "-mrtm" "-DALLOW_EXPERIMENTAL_API" "-DALLOW_INTERNAL_API" "-DRTE_LOG_DEFAULT_LOGTYPE=lib.gpudev" "-DRTE_ANNOTATE_LOCKS" "-Wthread-safety" -MD -MQ lib/librte_gpudev.a.p/gpudev_gpudev.c.obj -MF "lib\librte_gpudev.a.p\gpudev_gpudev.c.obj.d" -o lib/librte_gpudev.a.p/gpudev_gpudev.c.obj "-c" ../lib/gpudev/gpudev.c
../lib/gpudev/gpudev.c:6:10: fatal error: 'sys/queue.h' file not found
#include <sys/queue.h>
^~~~~~~~~~~~~
1 error generated.
[14/825] Compiling C object lib/librte_dmadev.a.p/dmadev_rte_dmadev_trace_points.c.obj
[15/825] Compiling C object lib/librte_bbdev.a.p/bbdev_rte_bbdev.c.obj
[16/825] Compiling C object lib/librte_dmadev.a.p/dmadev_rte_dmadev.c.obj
[17/825] Compiling C object lib/librte_hash.a.p/hash_rte_cuckoo_hash.c.obj
[18/825] Compiling C object lib/librte_log.a.p/log_log.c.obj
[19/825] Compiling C object lib/librte_cryptodev.a.p/cryptodev_rte_cryptodev.c.obj
[20/825] Compiling C object lib/librte_metrics.a.p/metrics_rte_metrics_telemetry.c.obj
[21/825] Compiling C object lib/librte_hash.a.p/hash_rte_thash_gf2_poly_math.c.obj
[22/825] Compiling C object lib/librte_hash.a.p/hash_rte_thash.c.obj
ninja: build stopped: subcommand failed.
==== End log output ====

Ubuntu 20.04
	Kernel: 4.19
	Compiler: gcc gcc (Ubuntu 9.4.0-1ubuntu1~20.04.2) 9.4.0

CentOS Stream 10
	Kernel: 5.15
	Compiler: gcc gcc (GCC) 14.2.1 20250110 (Red Hat 14.2.1-8)

Debian GNU/Linux 12
	Kernel: 5.15
	Compiler: gcc gcc (Debian 12.2.0-14+deb12u1) 12.2.0

Fedora Linux 42
	Kernel: 5.15
	Compiler: clang gcc (GCC) 15.2.1 20250808 (Red Hat 15.2.1-1)

openSUSE Leap 15.6
	Kernel: 5.15
	Compiler: gcc gcc (SUSE Linux) 7.5.0

FreeBSD 14.2
	Kernel: 14.2-RELEASE
	Compiler: clang 18.1.6

Red Hat Enterprise Linux 8.10
	Kernel: 5.15
	Compiler: gcc gcc (GCC) 8.5.0 20210514 (Red Hat 8.5.0-22)

Red Hat Enterprise Linux 9.5
	Kernel: 5.15
	Compiler: gcc gcc (GCC) 11.5.0 20240719 (Red Hat 11.5.0-2)

Ubuntu 22.04
	Kernel: 5.15
	Compiler: gcc gcc (Ubuntu 11.4.0-1ubuntu1~22.04) 11.4.0

Ubuntu 24.04
	Kernel: 5.15
	Compiler: gcc gcc (Ubuntu 13.3.0-6ubuntu2~24.04) 13.3.0

Alpine Linux 3.22.0
	Kernel: 5.15
	Compiler: gcc gcc (Alpine 14.2.0) 14.2.0

CentOS Stream 9
	Kernel: 5.15
	Compiler: gcc gcc (GCC) 11.5.0 20240719 (Red Hat 11.5.0-11)

Windows Server 2022
	Kernel: 10.0.20348.2031
	Compiler: clang 15.0.7, gcc 14.1.0 (MinGW), and MSVC VS 19.39.33521

To view detailed results, visit:
https://lab.dpdk.org/results/dashboard/patchsets/34446/

UNH-IOL DPDK Community Lab

To manage your email subscriptions, visit: 
https://lab.dpdk.org/results/dashboard/preferences/subscriptions/


More information about the test-report mailing list