|FAILURE| pw158354-158397 [PATCH] [v3,44/44] net/netvsc: use LIST_FO

dpdklab at iol.unh.edu dpdklab at iol.unh.edu
Mon Nov 3 19:31:20 CET 2025


Test-Label: iol-unit-amd64-testing
Test-Status: FAILURE
http://dpdk.org/patch/158397

_Testing issues_

Submitter: Stephen Hemminger <stephen at networkplumber.org>
Date: Monday, November 03 2025 16:47:49 
DPDK git baseline: Repo:dpdk
  Branch: master
  CommitID:8c4861d00aabcf54ef9d6f1df2a4cfb37c06f6c2

158354-158397 --> testing issues

Upstream job id: Generic-Unit-Test-DPDK#388002

Test environment and result as below:

+-------------------------------+----------------+
|          Environment          | dpdk_unit_test |
+===============================+================+
| CentOS Stream 9               | PASS           |
+-------------------------------+----------------+
| CentOS Stream 10              | PASS           |
+-------------------------------+----------------+
| Fedora Linux 40               | PEND           |
+-------------------------------+----------------+
| Red Hat Enterprise Linux 9.5  | PEND           |
+-------------------------------+----------------+
| Ubuntu 20.04                  | PEND           |
+-------------------------------+----------------+
| Debian GNU/Linux 12           | WARN           |
+-------------------------------+----------------+
| Fedora Linux 42               | PEND           |
+-------------------------------+----------------+
| Ubuntu 22.04                  | PEND           |
+-------------------------------+----------------+
| Fedora Linux 41               | PEND           |
+-------------------------------+----------------+
| Ubuntu 24.04                  | PEND           |
+-------------------------------+----------------+
| Red Hat Enterprise Linux 8.10 | PEND           |
+-------------------------------+----------------+

==== 20 line log output for Debian GNU/Linux 12 (dpdk_unit_test): ====
../lib/eal/include/rte_bsd_queue.h:478:46: error: pointer 'filter' may be used after 'rte_free' [-Werror=use-after-free]
478 | #define STAILQ_NEXT(elm, field) ((elm)->field.stqe_next)
|                                 ~~~~~~~~~~~~~^~~~~~~~~~~
../lib/eal/include/rte_bsd_queue.h:496:14: note: in expansion of macro 'STAILQ_NEXT'
496 |              STAILQ_NEXT(STAILQ_NEXT(elm, field), field)) == NULL)      \
|              ^~~~~~~~~~~
../lib/eal/include/rte_bsd_queue.h:489:17: note: in expansion of macro 'STAILQ_REMOVE_AFTER'
489 |                 STAILQ_REMOVE_AFTER(head, _Curelm, field);              \
|                 ^~~~~~~~~~~~~~~~~~~
../drivers/net/bnxt/bnxt_filter.c:155:25: note: in expansion of macro 'STAILQ_REMOVE'
155 |                         STAILQ_REMOVE(&bp->pf->vf_info[i].filter, filter,
|                         ^~~~~~~~~~~~~
../drivers/net/bnxt/bnxt_filter.c:154:25: note: call to 'rte_free' here
154 |                         rte_free(filter);
|                         ^~~~~~~~~~~~~~~~
cc1: all warnings being treated as errors
[1278/3597] Compiling C object drivers/libtmp_rte_net_bnxt.a.p/net_bnxt_bnxt_flow.c.o
[1279/3597] Compiling C object drivers/libtmp_rte_net_bnxt.a.p/net_bnxt_bnxt_ethdev.c.o
[1280/3597] Compiling C object drivers/libtmp_rte_net_bnx2x.a.p/net_bnx2x_elink.c.o
ninja: build stopped: subcommand failed.
==== End log output ====

CentOS Stream 9
	Kernel: 5.15
	Compiler: gcc gcc (GCC) 11.5.0 20240719 (Red Hat 11.5.0-11)

CentOS Stream 10
	Kernel: 5.15
	Compiler: gcc gcc (GCC) 14.2.1 20250110 (Red Hat 14.2.1-8)

Fedora Linux 40
	Kernel: 5.15
	Compiler: gcc gcc (GCC) 14.2.1 20240912 (Red Hat 14.2.1-3)

Red Hat Enterprise Linux 9.5
	Kernel: 5.15
	Compiler: gcc gcc (GCC) 11.5.0 20240719 (Red Hat 11.5.0-2)

Ubuntu 20.04
	Kernel: 5.15
	Compiler: gcc gcc (Ubuntu 9.4.0-1ubuntu1~20.04.2) 9.4.0

Debian GNU/Linux 12
	Kernel: 5.15
	Compiler: gcc gcc (Debian 12.2.0-14+deb12u1) 12.2.0

Fedora Linux 42
	Kernel: 5.15
	Compiler: gcc gcc (GCC) 15.2.1 20250808 (Red Hat 15.2.1-1)

Ubuntu 22.04
	Kernel: 5.15
	Compiler: gcc gcc (Ubuntu 11.4.0-1ubuntu1~22.04) 11.4.0

Fedora Linux 41
	Kernel: 5.15
	Compiler: gcc gcc (GCC) 14.3.1 20250523 (Red Hat 14.3.1-1)

Ubuntu 24.04
	Kernel: 5.15
	Compiler: gcc gcc (Ubuntu 13.3.0-6ubuntu2~24.04) 13.3.0

Red Hat Enterprise Linux 8.10
	Kernel: 5.15
	Compiler: gcc gcc (GCC) 8.5.0 20210514 (Red Hat 8.5.0-22)

To view detailed results, visit:
https://lab.dpdk.org/results/dashboard/patchsets/34446/

UNH-IOL DPDK Community Lab

To manage your email subscriptions, visit: 
https://lab.dpdk.org/results/dashboard/preferences/subscriptions/


More information about the test-report mailing list