|FAILURE| pw158419 [PATCH] [v2] mbuf: dump Tx offload metadata
dpdklab at iol.unh.edu
dpdklab at iol.unh.edu
Tue Nov 4 13:27:07 CET 2025
Test-Label: iol-compile-amd64-testing
Test-Status: FAILURE
http://dpdk.org/patch/158419
_Testing issues_
Submitter: David Marchand <david.marchand at redhat.com>
Date: Tuesday, November 04 2025 10:02:14
DPDK git baseline: Repo:dpdk
Branch: master
CommitID:8c4861d00aabcf54ef9d6f1df2a4cfb37c06f6c2
158419 --> testing issues
Upstream job id: Windows-Compile-DPDK-Native#32102
Test environment and result as below:
+-------------------------------+--------------------+------------------+-------------------+-------------------------+----------------------+
| Environment | dpdk_meson_compile | dpdk_compile_ovs | dpdk_msvc_compile | dpdk_llvm_clang_compile | dpdk_mingw64_compile |
+===============================+====================+==================+===================+=========================+======================+
| FreeBSD 14.2 | PASS | SKIPPED | SKIPPED | SKIPPED | SKIPPED |
+-------------------------------+--------------------+------------------+-------------------+-------------------------+----------------------+
| Ubuntu 20.04 | PASS | SKIPPED | SKIPPED | SKIPPED | SKIPPED |
+-------------------------------+--------------------+------------------+-------------------+-------------------------+----------------------+
| CentOS Stream 10 | PASS | SKIPPED | SKIPPED | SKIPPED | SKIPPED |
+-------------------------------+--------------------+------------------+-------------------+-------------------------+----------------------+
| openSUSE Leap 15.6 | PASS | SKIPPED | SKIPPED | SKIPPED | SKIPPED |
+-------------------------------+--------------------+------------------+-------------------+-------------------------+----------------------+
| Fedora Linux 42 | PASS | PASS | SKIPPED | SKIPPED | SKIPPED |
+-------------------------------+--------------------+------------------+-------------------+-------------------------+----------------------+
| Ubuntu 22.04 | PASS | SKIPPED | SKIPPED | SKIPPED | SKIPPED |
+-------------------------------+--------------------+------------------+-------------------+-------------------------+----------------------+
| Red Hat Enterprise Linux 9.5 | PASS | SKIPPED | SKIPPED | SKIPPED | SKIPPED |
+-------------------------------+--------------------+------------------+-------------------+-------------------------+----------------------+
| Debian GNU/Linux 12 | PASS | SKIPPED | SKIPPED | SKIPPED | SKIPPED |
+-------------------------------+--------------------+------------------+-------------------+-------------------------+----------------------+
| Red Hat Enterprise Linux 8.10 | PASS | SKIPPED | SKIPPED | SKIPPED | SKIPPED |
+-------------------------------+--------------------+------------------+-------------------+-------------------------+----------------------+
| Ubuntu 24.04 | PASS | PASS | SKIPPED | SKIPPED | SKIPPED |
+-------------------------------+--------------------+------------------+-------------------+-------------------------+----------------------+
| CentOS Stream 9 | PASS | SKIPPED | SKIPPED | SKIPPED | SKIPPED |
+-------------------------------+--------------------+------------------+-------------------+-------------------------+----------------------+
| Alpine Linux 3.22.0 | PASS | SKIPPED | SKIPPED | SKIPPED | SKIPPED |
+-------------------------------+--------------------+------------------+-------------------+-------------------------+----------------------+
| Windows Server 2022 | SKIPPED | SKIPPED | FAIL | PASS | PASS |
+-------------------------------+--------------------+------------------+-------------------+-------------------------+----------------------+
==== 20 line log output for Windows Server 2022 (dpdk_msvc_compile): ====
. . / l i b / m b u f / r t e _ m b u f . c ( 7 7 6 ) : n o t e : c o n s i d e r u s i n g ' % I u ' i n t h e f o r m a t s t r i n g
. . / l i b / m b u f / r t e _ m b u f . c ( 7 7 6 ) : n o t e : c o n s i d e r u s i n g ' % I 6 4 u ' i n t h e f o r m a t s t r i n g
. . / l i b / m b u f / r t e _ m b u f . c ( 7 8 0 ) : w a r n i n g C 4 4 7 7 : ' f p r i n t f ' : f o r m a t s t r i n g ' % u ' r e q u i r e s a n a r g u m e n t o f t y p e ' u n s i g n e d i n t ' , b u t v a r i a d i c a r g u m e n t 2 h a s t y p e ' c o n s t u i n t 6 4 _ t '
. . / l i b / m b u f / r t e _ m b u f . c ( 7 8 0 ) : n o t e : c o n s i d e r u s i n g ' % l l u ' i n t h e f o r m a t s t r i n g
. . / l i b / m b u f / r t e _ m b u f . c ( 7 8 0 ) : n o t e : c o n s i d e r u s i n g ' % I u ' i n t h e f o r m a t s t r i n g
. . / l i b / m b u f / r t e _ m b u f . c ( 7 8 0 ) : n o t e : c o n s i d e r u s i n g ' % I 6 4 u ' i n t h e f o r m a t s t r i n g
[ 3 4 3 / 8 7 7 ] C o m p i l i n g C o b j e c t l i b / l i b r t e _ m b u f . a . p / m b u f _ r t e _ m b u f _ d y n . c . o b j
[ 3 4 4 / 8 7 7 ] L i n k i n g s t a t i c t a r g e t d r i v e r s / l i b r t e _ n e t _ i a v f . a
[ 3 4 5 / 8 7 7 ] C o m p i l i n g C o b j e c t l i b / l i b r t e _ n e t . a . p / n e t _ n e t _ c r c _ s s e . c . o b j
[ 3 4 6 / 8 7 7 ] L i n k i n g t a r g e t l i b / r t e _ e a l - 2 6 . d l l
C r e a t i n g l i b r a r y l i b \ r t e _ e a l . l i b a n d o b j e c t l i b \ r t e _ e a l . e x p
[ 3 4 7 / 8 7 7 ] C o m p i l i n g C o b j e c t l i b / l i b r t e _ n e t . a . p / n e t _ r t e _ n e t _ c r c . c . o b j
[ 3 4 8 / 8 7 7 ] C o m p i l i n g C o b j e c t l i b / l i b r t e _ n e t . a . p / n e t _ r t e _ e t h e r . c . o b j
[ 3 4 9 / 8 7 7 ] C o m p i l i n g C o b j e c t l i b / l i b r t e _ n e t . a . p / n e t _ r t e _ n e t . c . o b j
[ 3 5 0 / 8 7 7 ] C o m p i l i n g C o b j e c t l i b / l i b r t e _ n e t . a . p / n e t _ r t e _ a r p . c . o b j
[ 3 5 1 / 8 7 7 ] C o m p i l i n g C o b j e c t d r i v e r s / l i b r t e _ n e t _ i a v f _ b a s e _ l i b . a . p / n e t _ i n t e l _ i c e _ b a s e _ i c e _ f d i r . c . o b j
n i n j a : b u i l d s t o p p e d : s u b c o m m a n d f a i l e d .
I N F O : a u t o d e t e c t i n g b a c k e n d a s n i n j a
I N F O : c a l c u l a t i n g b a c k e n d c o m m a n d t o r u n : " C : \ P r o g r a m F i l e s \ M e s o n \ n i n j a . E X E " - C C : / U s e r s / b u i l d e r / j e n k i n s / w o r k s p a c e / W i n d o w s - C o m p i l e - D P D K - V S / d p d k / b u i l d
==== End log output ====
FreeBSD 14.2
Kernel: 14.2-RELEASE
Compiler: clang 18.1.6
Ubuntu 20.04
Kernel: 4.19
Compiler: gcc gcc (Ubuntu 9.4.0-1ubuntu1~20.04.2) 9.4.0
CentOS Stream 10
Kernel: 5.15
Compiler: gcc gcc (GCC) 14.2.1 20250110 (Red Hat 14.2.1-8)
openSUSE Leap 15.6
Kernel: 5.15
Compiler: gcc gcc (SUSE Linux) 7.5.0
Fedora Linux 42
Kernel: 5.15
Compiler: clang gcc (GCC) 15.2.1 20250808 (Red Hat 15.2.1-1)
Ubuntu 22.04
Kernel: 5.15
Compiler: gcc gcc (Ubuntu 11.4.0-1ubuntu1~22.04) 11.4.0
Red Hat Enterprise Linux 9.5
Kernel: 5.15
Compiler: gcc gcc (GCC) 11.5.0 20240719 (Red Hat 11.5.0-2)
Debian GNU/Linux 12
Kernel: 5.15
Compiler: gcc gcc (Debian 12.2.0-14+deb12u1) 12.2.0
Red Hat Enterprise Linux 8.10
Kernel: 5.15
Compiler: gcc gcc (GCC) 8.5.0 20210514 (Red Hat 8.5.0-22)
Ubuntu 24.04
Kernel: 5.15
Compiler: gcc gcc (Ubuntu 13.3.0-6ubuntu2~24.04) 13.3.0
CentOS Stream 9
Kernel: 5.15
Compiler: gcc gcc (GCC) 11.5.0 20240719 (Red Hat 11.5.0-11)
Alpine Linux 3.22.0
Kernel: 5.15
Compiler: gcc gcc (Alpine 14.2.0) 14.2.0
Windows Server 2022
Kernel: 10.0.20348.2031
Compiler: clang 15.0.7, gcc 14.1.0 (MinGW), and MSVC VS 19.39.33521
To view detailed results, visit:
https://lab.dpdk.org/results/dashboard/patchsets/34456/
UNH-IOL DPDK Community Lab
To manage your email subscriptions, visit:
https://lab.dpdk.org/results/dashboard/preferences/subscriptions/
More information about the test-report
mailing list