|WARNING| pw158506 [PATCH] [v3] app/testpmd: support specify TCs whe
dpdklab at iol.unh.edu
dpdklab at iol.unh.edu
Thu Nov 6 22:32:35 CET 2025
Test-Label: iol-unit-arm64-testing
Test-Status: WARNING
http://dpdk.org/patch/158506
_Testing issues_
Submitter: fengchengwen <fengchengwen at huawei.com>
Date: Thursday, November 06 2025 12:49:59
DPDK git baseline: Repo:dpdk-next-net
Branch: master
CommitID:af6456d0ef3f43b6f85c9bdf3818cbd2f2fee0f5
158506 --> testing issues
Upstream job id: Generic-Unit-Test-DPDK#389334
Test environment and result as below:
+------------------------------+----------------+---------------------------+------------------------------+--------------+
| Environment | dpdk_unit_test | cryptodev_sw_zuc_autotest | cryptodev_sw_snow3g_autotest | lpm_autotest |
+==============================+================+===========================+==============================+==============+
| CentOS Stream 9 | PASS | SKIPPED | SKIPPED | SKIPPED |
+------------------------------+----------------+---------------------------+------------------------------+--------------+
| CentOS Stream 10 | PASS | SKIPPED | SKIPPED | SKIPPED |
+------------------------------+----------------+---------------------------+------------------------------+--------------+
| Fedora Linux 40 | PASS | SKIPPED | SKIPPED | SKIPPED |
+------------------------------+----------------+---------------------------+------------------------------+--------------+
| Fedora Linux 41 | PASS | SKIPPED | SKIPPED | SKIPPED |
+------------------------------+----------------+---------------------------+------------------------------+--------------+
| Debian GNU/Linux 12 | PASS | SKIPPED | SKIPPED | SKIPPED |
+------------------------------+----------------+---------------------------+------------------------------+--------------+
| Fedora Linux 42 | WARN | SKIPPED | SKIPPED | SKIPPED |
+------------------------------+----------------+---------------------------+------------------------------+--------------+
| Red Hat Enterprise Linux 9.5 | PASS | SKIPPED | SKIPPED | SKIPPED |
+------------------------------+----------------+---------------------------+------------------------------+--------------+
| Ubuntu 22.04 | PASS | SKIPPED | SKIPPED | SKIPPED |
+------------------------------+----------------+---------------------------+------------------------------+--------------+
| Ubuntu 20.04 | PASS | SKIPPED | SKIPPED | PASS |
+------------------------------+----------------+---------------------------+------------------------------+--------------+
| Ubuntu 24.04 | PASS | SKIPPED | SKIPPED | SKIPPED |
+------------------------------+----------------+---------------------------+------------------------------+--------------+
| Debian 12 (arm) | SKIPPED | PASS | PASS | SKIPPED |
+------------------------------+----------------+---------------------------+------------------------------+--------------+
==== 20 line log output for Fedora Linux 42 (dpdk_unit_test): ====
[3428/3812] Compiling C object app/dpdk-test-pipeline.p/test-pipeline_pipeline_lpm_ipv6.c.o
[3429/3812] Compiling C object app/dpdk-test-pipeline.p/test-pipeline_pipeline_lpm.c.o
[3430/3812] Compiling C object app/dpdk-test-pipeline.p/test-pipeline_pipeline_stub.c.o
[3431/3812] Compiling C object app/dpdk-test-pipeline.p/test-pipeline_pipeline_acl.c.o
[3432/3812] Compiling C object app/dpdk-testpmd.p/test-pmd_5tswap.c.o
[3433/3812] Compiling C object app/dpdk-testpmd.p/test-pmd_cmdline_cman.c.o
[3434/3812] Compiling C object app/dpdk-testpmd.p/test-pmd_cmdline.c.o
FAILED: [code=1] app/dpdk-testpmd.p/test-pmd_cmdline.c.o
clang -Iapp/dpdk-testpmd.p -Iapp -I../app -Iapp/test-pmd -I../app/test-pmd -Ilib/ethdev -I../lib/ethdev -Ilib/eal/common -I../lib/eal/common -I. -I.. -Iconfig -I../config -Ilib/eal/include -I../lib/eal/include -Ilib/eal/linux/include -I../lib/eal/linux/include -Ilib/eal/arm/include -I../lib/eal/arm/include -I../kernel/linux -Ilib/eal -I../lib/eal -Ilib/kvargs -I../lib/kvargs -Ilib/log -I../lib/log -Ilib/metrics -I../lib/metrics -Ilib/telemetry -I../lib/telemetry -Ilib/argparse -I../lib/argparse -Ilib/net -I../lib/net -Ilib/mbuf -I../lib/mbuf -Ilib/mempool -I../lib/mempool -Ilib/ring -I../lib/ring -Ilib/meter -I../lib/meter -Ilib/cmdline -I../lib/cmdline -Ilib/pci -I../lib/pci -Idrivers/crypto/scheduler -I../drivers/crypto/scheduler -Ilib/cryptodev -I../lib/cryptodev -Ilib/rcu -I../lib/rcu -Idrivers/bus/vdev -I../drivers/bus/vdev -Ilib/reorder -I../lib/reorder -Ilib/security -I../lib/security -Ilib/bitratestats -I../lib/bitratestats -Ilib/bpf -I../lib/bpf -Ilib/gro -I../lib/gro -Ilib/
gso -I../lib/gso -Ilib/latencystats -I../lib/latencystats -Ilib/pdump -I../lib/pdump -Ilib/pcapng -I../lib/pcapng -Idrivers/net/bnxt -I../drivers/net/bnxt -Idrivers/net/bnxt/tf_ulp -I../drivers/net/bnxt/tf_ulp -Idrivers/net/bnxt/tf_ulp/generic_templates -I../drivers/net/bnxt/tf_ulp/generic_templates -Idrivers/net/bnxt/tf_core -I../drivers/net/bnxt/tf_core -Idrivers/net/bnxt/tf_core/v3 -I../drivers/net/bnxt/tf_core/v3 -Idrivers/net/bnxt/hcapi/cfa -I../drivers/net/bnxt/hcapi/cfa -Idrivers/net/bnxt/hcapi/cfa_v3 -I../drivers/net/bnxt/hcapi/cfa_v3 -I../drivers/net/bnxt/hcapi/cfa_v3/include -I../drivers/net/bnxt/hcapi/cfa_v3/include/platform/dpdk -I../drivers/net/bnxt/hcapi/cfa_v3/bld/p70 -I../drivers/net/bnxt/hcapi/cfa_v3/bld/p70/host -I../drivers/net/bnxt/hcapi/cfa_v3/bld/include -I../drivers/net/bnxt/hcapi/cfa_v3/bld/include/host -I../drivers/net/bnxt/hcapi/cfa_v3/bld/include/p70 -I../drivers/net/bnxt/hcapi/cfa_v3/mm/include -I../drivers/net/bnxt/hcapi/cfa_v3/tim/include -I../drivers/n
et/bnxt/hcapi/cfa_v3/tpm/include -Idrivers/bus/pci -I../drivers/bus/pci -I../drivers/bus/pci/linux -Ilib/hash -I../lib/hash -Idrivers/net/intel/i40e -I../drivers/net/intel/i40e -Idrivers/net/intel/i40e/base -I../drivers/net/intel/i40e/base -Idrivers/net/intel/ixgbe -I../drivers/net/intel/ixgbe -Idrivers/net/intel/ixgbe/base -I../drivers/net/intel/ixgbe/base -Idrivers/bus/dpaa -I../drivers/bus/dpaa -I../drivers/bus/dpaa/base -I../drivers/bus/dpaa/include -I../drivers/bus/dpaa/base/qbman -Idrivers/common/dpaax -I../drivers/common/dpaax -I../drivers/common/dpaax/caamflib -Ilib/eventdev -I../lib/eventdev -Ilib/timer -I../lib/timer -Ilib/dmadev -I../lib/dmadev -Idrivers/mempool/dpaa -I../drivers/mempool/dpaa -Idrivers/net/dpaa -I../drivers/net/dpaa -Idrivers/net/bonding -I../drivers/net/bonding -Ilib/sched -I../lib/sched -Ilib/ip_frag -I../lib/ip_frag -Idrivers/net/intel/iavf -I../drivers/net/intel/iavf -I../drivers/net/intel/iavf/base -Idrivers/net/intel/ice -I../drivers/net/intel/ice -
Idrivers/net/intel/ice/base -I../drivers/net/intel/ice/base -Idrivers/net/mlx5 -I../drivers/net/mlx5 -Idrivers/net/mlx5/linux -I../drivers/net/mlx5/linux -Idrivers/net/mlx5/hws -I../drivers/net/mlx5/hws -Idrivers/common/mlx5 -I../drivers/common/mlx5 -Idrivers/common/mlx5/linux -I../drivers/common/mlx5/linux -Idrivers/bus/auxiliary -I../drivers/bus/auxiliary -Xclang -fcolor-diagnostics -pipe -D_FILE_OFFSET_BITS=64 -Wall -Winvalid-pch -Wextra -Werror -std=c11 -O3 -include rte_config.h -Wvla -Wcast-qual -Wcomma -Wdeprecated -Wformat -Wformat-nonliteral -Wformat-security -Wmissing-declarations -Wmissing-prototypes -Wnested-externs -Wold-style-definition -Wpointer-arith -Wsign-compare -Wstrict-prototypes -Wundef -Wwrite-strings -Wno-missing-field-initializers -D_GNU_SOURCE -DWITH_GZFILEOP -march=armv8.1-a+crc+crypto -DALLOW_EXPERIMENTAL_API -MD -MQ app/dpdk-testpmd.p/test-pmd_cmdline.c.o -MF app/dpdk-testpmd.p/test-pmd_cmdline.c.o.d -o app/dpdk-testpmd.p/test-pmd_cmdline.c.o -c ../app/te
st-pmd/cmdline.c
../app/test-pmd/cmdline.c:6268:13: error: expression which evaluates to zero treated as a null pointer constant of type 'const char *' [-Werror,-Wnon-literal-null-conversion]
6268 | tc_mask, RTE_UINT8);
| ^~~~~~~~~
../lib/cmdline/cmdline_parse_num.h:54:3: note: expanded from macro 'TOKEN_NUM_INITIALIZER'
54 | numtype, /* type */ \
| ^~~~~~~
1 error generated.
[3435/3812] Compiling C object app/dpdk-test-pipeline.p/test-pipeline_runtime.c.o
[3436/3812] Compiling C object app/dpdk-testpmd.p/test-pmd_cmdline_mtr.c.o
[3437/3812] Compiling C object app/dpdk-testpmd.p/test-pmd_cmdline_flow.c.o
ninja: build stopped: subcommand failed.
==== End log output ====
CentOS Stream 9
Kernel: 5.4
Compiler: gcc gcc (GCC) 11.5.0 20240719 (Red Hat 11.5.0-11)
CentOS Stream 10
Kernel: 5.4
Compiler: gcc gcc (GCC) 14.2.1 20250110 (Red Hat 14.2.1-8)
Fedora Linux 40
Kernel: 5.4
Compiler: clang gcc (GCC) 14.2.1 20240912 (Red Hat 14.2.1-3)
Fedora Linux 41
Kernel: 5.4
Compiler: clang gcc (GCC) 14.3.1 20250523 (Red Hat 14.3.1-1)
Debian GNU/Linux 12
Kernel: 5.4
Compiler: gcc gcc (Debian 12.2.0-14+deb12u1) 12.2.0
Fedora Linux 42
Kernel: 5.4
Compiler: gcc gcc (GCC) 15.2.1 20250808 (Red Hat 15.2.1-1)
Red Hat Enterprise Linux 9.5
Kernel: 5.4
Compiler: gcc gcc (GCC) 11.5.0 20240719 (Red Hat 11.5.0-2)
Ubuntu 22.04
Kernel: 5.4
Compiler: gcc gcc (Ubuntu 11.4.0-1ubuntu1~22.04) 11.4.0
Ubuntu 20.04
Kernel: 5.4
Compiler: gcc gcc (Ubuntu 9.4.0-1ubuntu1~20.04.2) 9.4.0
Ubuntu 24.04
Kernel: 5.4
Compiler: gcc gcc (Ubuntu 13.3.0-6ubuntu2~24.04) 13.3.0
Debian 12 (arm)
Kernel: Depends on container host
Compiler: gcc (Debian 12.2.0-14) 12.2.0
To view detailed results, visit:
https://lab.dpdk.org/results/dashboard/patchsets/34485/
UNH-IOL DPDK Community Lab
To manage your email subscriptions, visit:
https://lab.dpdk.org/results/dashboard/preferences/subscriptions/
More information about the test-report
mailing list