|FAILURE| pw158677-158683 [PATCH] [v2,7/7] test: re-enable format-tr

dpdklab at iol.unh.edu dpdklab at iol.unh.edu
Wed Nov 12 18:59:39 CET 2025


Test-Label: iol-unit-arm64-testing
Test-Status: FAILURE
http://dpdk.org/patch/158683

_Testing issues_

Submitter: Stephen Hemminger <stephen at networkplumber.org>
Date: Tuesday, November 11 2025 22:17:24 
DPDK git baseline: Repo:dpdk
  Branch: master
  CommitID:be0112878b4fc3a1b918370ed2fe615c52039d77

158677-158683 --> testing issues

Upstream job id: Generic-Unit-Test-DPDK#391245

Test environment and result as below:

+------------------------------+----------------+------------------------------+--------------+---------------------------+
|         Environment          | dpdk_unit_test | cryptodev_sw_snow3g_autotest | lpm_autotest | cryptodev_sw_zuc_autotest |
+==============================+================+==============================+==============+===========================+
| Ubuntu 24.04                 | WARN           | SKIPPED                      | SKIPPED      | SKIPPED                   |
+------------------------------+----------------+------------------------------+--------------+---------------------------+
| Ubuntu 22.04                 | WARN           | SKIPPED                      | SKIPPED      | SKIPPED                   |
+------------------------------+----------------+------------------------------+--------------+---------------------------+
| Ubuntu 20.04                 | WARN           | SKIPPED                      | PASS         | SKIPPED                   |
+------------------------------+----------------+------------------------------+--------------+---------------------------+
| Fedora Linux 41              | WARN           | SKIPPED                      | SKIPPED      | SKIPPED                   |
+------------------------------+----------------+------------------------------+--------------+---------------------------+
| Fedora Linux 42              | FAIL           | SKIPPED                      | SKIPPED      | SKIPPED                   |
+------------------------------+----------------+------------------------------+--------------+---------------------------+
| CentOS Stream 10             | WARN           | SKIPPED                      | SKIPPED      | SKIPPED                   |
+------------------------------+----------------+------------------------------+--------------+---------------------------+
| Fedora Linux 40              | WARN           | SKIPPED                      | SKIPPED      | SKIPPED                   |
+------------------------------+----------------+------------------------------+--------------+---------------------------+
| Red Hat Enterprise Linux 9.5 | WARN           | SKIPPED                      | SKIPPED      | SKIPPED                   |
+------------------------------+----------------+------------------------------+--------------+---------------------------+
| Debian GNU/Linux 12          | WARN           | SKIPPED                      | SKIPPED      | SKIPPED                   |
+------------------------------+----------------+------------------------------+--------------+---------------------------+
| CentOS Stream 9              | WARN           | SKIPPED                      | SKIPPED      | SKIPPED                   |
+------------------------------+----------------+------------------------------+--------------+---------------------------+
| Debian 12 (arm)              | SKIPPED        | WARN                         | SKIPPED      | WARN                      |
+------------------------------+----------------+------------------------------+--------------+---------------------------+

==== 20 line log output for Debian 12 (arm) (cryptodev_sw_zuc_autotest): ====
63 |         return (size_t)snprintf(dst, size, "%s", src);
|                        ^~~~~~~~~~~~~~~~~~~~~~~~~~~~~~
../lib/eal/include/rte_string_fns.h:63:24: note: 'snprintf' output between 1 and 640 bytes into a destination of size 128
In function 'rte_strlcpy',
inlined from 'setup_acl_pipeline.isra' at ../app/test/test_table_acl.c:545:4:
../lib/eal/include/rte_string_fns.h:63:24: error: '%s' directive output may be truncated writing up to 639 bytes into a region of size 128 [-Werror=format-truncation=]
63 |         return (size_t)snprintf(dst, size, "%s", src);
|                        ^~~~~~~~~~~~~~~~~~~~~~~~~~~~~~
../lib/eal/include/rte_string_fns.h:63:24: note: 'snprintf' output between 1 and 640 bytes into a destination of size 128
In function 'rte_strlcpy',
inlined from 'setup_acl_pipeline.isra' at ../app/test/test_table_acl.c:597:4:
../lib/eal/include/rte_string_fns.h:63:24: error: '%s' directive output may be truncated writing up to 639 bytes into a region of size 128 [-Werror=format-truncation=]
63 |         return (size_t)snprintf(dst, size, "%s", src);
|                        ^~~~~~~~~~~~~~~~~~~~~~~~~~~~~~
../lib/eal/include/rte_string_fns.h:63:24: note: 'snprintf' output between 1 and 640 bytes into a destination of size 128
cc1: all warnings being treated as errors
[3806/3829] Compiling C object app/dpdk-test.p/test_test_ring_perf.c.o
[3807/3829] Compiling C object app/dpdk-test.p/test_test_table_combined.c.o
[3808/3829] Compiling C object app/dpdk-test.p/test_test_ring.c.o
ninja: build stopped: subcommand failed.
==== End log output ====

Ubuntu 24.04
	Kernel: 5.4
	Compiler: gcc gcc (Ubuntu 13.3.0-6ubuntu2~24.04) 13.3.0

Ubuntu 22.04
	Kernel: 5.15
	Compiler: gcc gcc (Ubuntu 11.4.0-1ubuntu1~22.04.2) 11.4.0

Ubuntu 20.04
	Kernel: 5.4
	Compiler: gcc gcc (Ubuntu 9.4.0-1ubuntu1~20.04.2) 9.4.0

Fedora Linux 41
	Kernel: 5.4
	Compiler: clang gcc (GCC) 14.3.1 20250523 (Red Hat 14.3.1-1)

Fedora Linux 42
	Kernel: 5.4
	Compiler: gcc gcc (GCC) 15.2.1 20250808 (Red Hat 15.2.1-1)

CentOS Stream 10
	Kernel: 5.4
	Compiler: gcc gcc (GCC) 14.2.1 20250110 (Red Hat 14.2.1-8)

Fedora Linux 40
	Kernel: 5.4
	Compiler: clang gcc (GCC) 14.2.1 20240912 (Red Hat 14.2.1-3)

Red Hat Enterprise Linux 9.5
	Kernel: 5.4
	Compiler: gcc gcc (GCC) 11.5.0 20240719 (Red Hat 11.5.0-2)

Debian GNU/Linux 12
	Kernel: 5.4
	Compiler: gcc gcc (Debian 12.2.0-14+deb12u1) 12.2.0

CentOS Stream 9
	Kernel: 5.4
	Compiler: gcc gcc (GCC) 11.5.0 20240719 (Red Hat 11.5.0-11)

Debian 12 (arm)
	Kernel: Depends on container host
	Compiler: gcc (Debian 12.2.0-14) 12.2.0

To view detailed results, visit:
https://lab.dpdk.org/results/dashboard/patchsets/34541/

UNH-IOL DPDK Community Lab

To manage your email subscriptions, visit: 
https://lab.dpdk.org/results/dashboard/preferences/subscriptions/


More information about the test-report mailing list