|FAILURE| pw158677-158683 [PATCH] [v2,7/7] test: re-enable format-tr

dpdklab at iol.unh.edu dpdklab at iol.unh.edu
Fri Nov 14 01:06:36 CET 2025


Test-Label: iol-compile-amd64-testing
Test-Status: FAILURE
http://dpdk.org/patch/158683

_Testing issues_

Submitter: Stephen Hemminger <stephen at networkplumber.org>
Date: Tuesday, November 11 2025 22:17:24 
DPDK git baseline: Repo:dpdk
  Branch: master
  CommitID:be0112878b4fc3a1b918370ed2fe615c52039d77

158677-158683 --> testing issues

Upstream job id: Windows-Compile-DPDK-Native#32304

Test environment and result as below:

+-------------------------------+--------------------+------------------+-------------------+-------------------------+
|          Environment          | dpdk_meson_compile | dpdk_compile_ovs | dpdk_msvc_compile | dpdk_llvm_clang_compile |
+===============================+====================+==================+===================+=========================+
| Ubuntu 20.04                  | FAIL               | SKIPPED          | SKIPPED           | SKIPPED                 |
+-------------------------------+--------------------+------------------+-------------------+-------------------------+
| FreeBSD 14.2                  | FAIL               | SKIPPED          | SKIPPED           | SKIPPED                 |
+-------------------------------+--------------------+------------------+-------------------+-------------------------+
| CentOS Stream 9               | PASS               | SKIPPED          | SKIPPED           | SKIPPED                 |
+-------------------------------+--------------------+------------------+-------------------+-------------------------+
| CentOS Stream 10              | PASS               | SKIPPED          | SKIPPED           | SKIPPED                 |
+-------------------------------+--------------------+------------------+-------------------+-------------------------+
| Fedora Linux 42               | PASS               | PASS             | SKIPPED           | SKIPPED                 |
+-------------------------------+--------------------+------------------+-------------------+-------------------------+
| Debian GNU/Linux 12           | PASS               | SKIPPED          | SKIPPED           | SKIPPED                 |
+-------------------------------+--------------------+------------------+-------------------+-------------------------+
| openSUSE Leap 15.6            | PASS               | SKIPPED          | SKIPPED           | SKIPPED                 |
+-------------------------------+--------------------+------------------+-------------------+-------------------------+
| Red Hat Enterprise Linux 8.10 | FAIL               | SKIPPED          | SKIPPED           | SKIPPED                 |
+-------------------------------+--------------------+------------------+-------------------+-------------------------+
| Red Hat Enterprise Linux 9.5  | PASS               | SKIPPED          | SKIPPED           | SKIPPED                 |
+-------------------------------+--------------------+------------------+-------------------+-------------------------+
| Ubuntu 22.04                  | PASS               | SKIPPED          | SKIPPED           | SKIPPED                 |
+-------------------------------+--------------------+------------------+-------------------+-------------------------+
| Ubuntu 24.04                  | FAIL               | PASS             | SKIPPED           | SKIPPED                 |
+-------------------------------+--------------------+------------------+-------------------+-------------------------+
| Alpine Linux 3.22.0           | PASS               | SKIPPED          | SKIPPED           | SKIPPED                 |
+-------------------------------+--------------------+------------------+-------------------+-------------------------+
| Windows Server 2022           | SKIPPED            | SKIPPED          | PASS              | PASS                    |
+-------------------------------+--------------------+------------------+-------------------+-------------------------+

==== 20 line log output for Ubuntu 24.04 (dpdk_meson_compile): ====
|                                    ~~~~~~~~~~~~~~~~~~~~~~~~~~~~~
56 |                                    __va_arg_pack ());
|                                    ~~~~~~~~~~~~~~~~~
In function 'rte_strlcpy',
inlined from 'setup_acl_pipeline.isra' at ../app/test/test_table_acl.c:597:4:
../lib/eal/include/rte_string_fns.h:63:24: error: '%s' directive output may be truncated writing up to 639 bytes into a region of size 128 [-Werror=format-truncation=]
63 |         return (size_t)snprintf(dst, size, "%s", src);
|                        ^~~~~~~~~~~~~~~~~~~~~~~~~~~~~~
In function 'snprintf',
inlined from 'rte_strlcpy' at ../lib/eal/include/rte_string_fns.h:63:17,
inlined from 'setup_acl_pipeline.isra' at ../app/test/test_table_acl.c:597:4:
/usr/i686-linux-gnu/include/bits/stdio2.h:54:10: note: '__builtin_snprintf' output between 1 and 640 bytes into a destination of size 128
54 |   return __builtin___snprintf_chk (__s, __n, __USE_FORTIFY_LEVEL - 1,
|          ^~~~~~~~~~~~~~~~~~~~~~~~~~~~~~~~~~~~~~~~~~~~~~~~~~~~~~~~~~~~
55 |                                    __glibc_objsize (__s), __fmt,
|                                    ~~~~~~~~~~~~~~~~~~~~~~~~~~~~~
56 |                                    __va_arg_pack ());
|                                    ~~~~~~~~~~~~~~~~~
cc1: all warnings being treated as errors
ninja: build stopped: subcommand failed.
==== End log output ====

Ubuntu 20.04
	Kernel: 4.19
	Compiler: gcc gcc (Ubuntu 9.4.0-1ubuntu1~20.04.2) 9.4.0

FreeBSD 14.2
	Kernel: 14.2-RELEASE
	Compiler: clang 18.1.6

CentOS Stream 9
	Kernel: 5.15
	Compiler: gcc gcc (GCC) 11.5.0 20240719 (Red Hat 11.5.0-11)

CentOS Stream 10
	Kernel: 5.15
	Compiler: gcc gcc (GCC) 14.2.1 20250110 (Red Hat 14.2.1-8)

Fedora Linux 42
	Kernel: 5.15
	Compiler: clang gcc (GCC) 15.2.1 20250808 (Red Hat 15.2.1-1)

Debian GNU/Linux 12
	Kernel: 5.15
	Compiler: gcc gcc (Debian 12.2.0-14+deb12u1) 12.2.0

openSUSE Leap 15.6
	Kernel: 5.15
	Compiler: gcc gcc (SUSE Linux) 7.5.0

Red Hat Enterprise Linux 8.10
	Kernel: 5.15
	Compiler: gcc gcc (GCC) 8.5.0 20210514 (Red Hat 8.5.0-22)

Red Hat Enterprise Linux 9.5
	Kernel: 5.15
	Compiler: gcc gcc (GCC) 11.5.0 20240719 (Red Hat 11.5.0-2)

Ubuntu 22.04
	Kernel: 5.15
	Compiler: gcc gcc (Ubuntu 11.4.0-1ubuntu1~22.04) 11.4.0

Ubuntu 24.04
	Kernel: 5.15
	Compiler: gcc gcc (Ubuntu 13.3.0-6ubuntu2~24.04) 13.3.0

Alpine Linux 3.22.0
	Kernel: 5.15
	Compiler: gcc gcc (Alpine 14.2.0) 14.2.0

Windows Server 2022
	Kernel: 10.0.20348.2031
	Compiler: clang 15.0.7, gcc 14.1.0 (MinGW), and MSVC VS 19.39.33521

To view detailed results, visit:
https://lab.dpdk.org/results/dashboard/patchsets/34541/

UNH-IOL DPDK Community Lab

To manage your email subscriptions, visit: 
https://lab.dpdk.org/results/dashboard/preferences/subscriptions/


More information about the test-report mailing list