|FAILURE| pw158859 [PATCH] [v2,1/1] net/mlx5: fix set port down if d

dpdklab at iol.unh.edu dpdklab at iol.unh.edu
Mon Nov 17 17:18:04 CET 2025


Test-Label: iol-compile-amd64-testing
Test-Status: FAILURE
http://dpdk.org/patch/158859

_Testing issues_

Submitter: Yang Xu <xu.yang3 at zte.com.cn>
Date: Monday, November 17 2025 09:12:01 
DPDK git baseline: Repo:dpdk-next-net-mlx
  Branch: master
  CommitID:6c8ab18883d4a51ac512a969d36b47272a63b61b

158859 --> testing issues

Upstream job id: Windows-Compile-DPDK-Native#32489

Test environment and result as below:

+-------------------------------+--------------------+------------------+-------------------+-------------------------+----------------------+
|          Environment          | dpdk_meson_compile | dpdk_compile_ovs | dpdk_msvc_compile | dpdk_llvm_clang_compile | dpdk_mingw64_compile |
+===============================+====================+==================+===================+=========================+======================+
| FreeBSD 14.2                  | PASS               | SKIPPED          | SKIPPED           | SKIPPED                 | SKIPPED              |
+-------------------------------+--------------------+------------------+-------------------+-------------------------+----------------------+
| Ubuntu 20.04                  | FAIL               | SKIPPED          | SKIPPED           | SKIPPED                 | SKIPPED              |
+-------------------------------+--------------------+------------------+-------------------+-------------------------+----------------------+
| CentOS Stream 9               | FAIL               | SKIPPED          | SKIPPED           | SKIPPED                 | SKIPPED              |
+-------------------------------+--------------------+------------------+-------------------+-------------------------+----------------------+
| CentOS Stream 10              | FAIL               | SKIPPED          | SKIPPED           | SKIPPED                 | SKIPPED              |
+-------------------------------+--------------------+------------------+-------------------+-------------------------+----------------------+
| Debian GNU/Linux 12           | FAIL               | SKIPPED          | SKIPPED           | SKIPPED                 | SKIPPED              |
+-------------------------------+--------------------+------------------+-------------------+-------------------------+----------------------+
| Fedora Linux 42               | FAIL               | WARN             | SKIPPED           | SKIPPED                 | SKIPPED              |
+-------------------------------+--------------------+------------------+-------------------+-------------------------+----------------------+
| openSUSE Leap 15.6            | FAIL               | SKIPPED          | SKIPPED           | SKIPPED                 | SKIPPED              |
+-------------------------------+--------------------+------------------+-------------------+-------------------------+----------------------+
| Red Hat Enterprise Linux 8.10 | FAIL               | SKIPPED          | SKIPPED           | SKIPPED                 | SKIPPED              |
+-------------------------------+--------------------+------------------+-------------------+-------------------------+----------------------+
| Red Hat Enterprise Linux 9.5  | FAIL               | SKIPPED          | SKIPPED           | SKIPPED                 | SKIPPED              |
+-------------------------------+--------------------+------------------+-------------------+-------------------------+----------------------+
| Ubuntu 22.04                  | FAIL               | SKIPPED          | SKIPPED           | SKIPPED                 | SKIPPED              |
+-------------------------------+--------------------+------------------+-------------------+-------------------------+----------------------+
| Ubuntu 24.04                  | PASS               | WARN             | SKIPPED           | SKIPPED                 | SKIPPED              |
+-------------------------------+--------------------+------------------+-------------------+-------------------------+----------------------+
| Alpine Linux 3.22.0           | PASS               | SKIPPED          | SKIPPED           | SKIPPED                 | SKIPPED              |
+-------------------------------+--------------------+------------------+-------------------+-------------------------+----------------------+
| Windows Server 2022           | SKIPPED            | SKIPPED          | PASS              | PASS                    | PASS                 |
+-------------------------------+--------------------+------------------+-------------------+-------------------------+----------------------+

==== 20 line log output for Ubuntu 24.04 (dpdk_compile_ovs): ====
 --- Failed to get log output --- 
==== End log output ====

FreeBSD 14.2
	Kernel: 14.2-RELEASE
	Compiler: clang 18.1.6

Ubuntu 20.04
	Kernel: 4.19
	Compiler: gcc gcc (Ubuntu 9.4.0-1ubuntu1~20.04.2) 9.4.0

CentOS Stream 9
	Kernel: 5.15
	Compiler: gcc gcc (GCC) 11.5.0 20240719 (Red Hat 11.5.0-11)

CentOS Stream 10
	Kernel: 5.15
	Compiler: gcc gcc (GCC) 14.2.1 20250110 (Red Hat 14.2.1-8)

Debian GNU/Linux 12
	Kernel: 5.15
	Compiler: gcc gcc (Debian 12.2.0-14+deb12u1) 12.2.0

Fedora Linux 42
	Kernel: 5.15
	Compiler: clang gcc (GCC) 15.2.1 20250808 (Red Hat 15.2.1-1)

openSUSE Leap 15.6
	Kernel: 5.15
	Compiler: gcc gcc (SUSE Linux) 7.5.0

Red Hat Enterprise Linux 8.10
	Kernel: 5.15
	Compiler: gcc gcc (GCC) 8.5.0 20210514 (Red Hat 8.5.0-22)

Red Hat Enterprise Linux 9.5
	Kernel: 5.15
	Compiler: gcc gcc (GCC) 11.5.0 20240719 (Red Hat 11.5.0-2)

Ubuntu 22.04
	Kernel: 5.15
	Compiler: gcc gcc (Ubuntu 11.4.0-1ubuntu1~22.04) 11.4.0

Ubuntu 24.04
	Kernel: 5.15
	Compiler: gcc gcc (Ubuntu 13.3.0-6ubuntu2~24.04) 13.3.0

Alpine Linux 3.22.0
	Kernel: 5.15
	Compiler: gcc gcc (Alpine 14.2.0) 14.2.0

Windows Server 2022
	Kernel: 10.0.20348.2031
	Compiler: clang 15.0.7, gcc 14.1.0 (MinGW), and MSVC VS 19.39.33521

To view detailed results, visit:
https://lab.dpdk.org/results/dashboard/patchsets/34627/

UNH-IOL DPDK Community Lab

To manage your email subscriptions, visit: 
https://lab.dpdk.org/results/dashboard/preferences/subscriptions/


More information about the test-report mailing list