|FAILURE| [GIT MASTER] 62f583c49bf67dd4d6733ece14e55fe6839e66d1

dpdklab at iol.unh.edu dpdklab at iol.unh.edu
Fri Nov 21 06:33:19 CET 2025


_Testing issues_

Branch: tags/v23.11

62f583c49bf67dd4d6733ece14e55fe6839e66d1 --> testing issues

Upstream job id: Generic-Unit-Test-DPDK#394743

Test environment and result as below:

+------------------------------+------------------------------+---------------------------+--------------+----------------+
|         Environment          | cryptodev_sw_snow3g_autotest | cryptodev_sw_zuc_autotest | lpm_autotest | dpdk_unit_test |
+==============================+==============================+===========================+==============+================+
| Debian 12 (arm)              | PEND                         | PEND                      | SKIPPED      | SKIPPED        |
+------------------------------+------------------------------+---------------------------+--------------+----------------+
| Ubuntu 20.04                 | SKIPPED                      | SKIPPED                   | FAIL         | PEND           |
+------------------------------+------------------------------+---------------------------+--------------+----------------+
| CentOS Stream 9              | SKIPPED                      | SKIPPED                   | SKIPPED      | PASS           |
+------------------------------+------------------------------+---------------------------+--------------+----------------+
| Debian GNU/Linux 12          | SKIPPED                      | SKIPPED                   | SKIPPED      | PASS           |
+------------------------------+------------------------------+---------------------------+--------------+----------------+
| CentOS Stream 10             | SKIPPED                      | SKIPPED                   | SKIPPED      | PEND           |
+------------------------------+------------------------------+---------------------------+--------------+----------------+
| Fedora Linux 42              | SKIPPED                      | SKIPPED                   | SKIPPED      | PEND           |
+------------------------------+------------------------------+---------------------------+--------------+----------------+
| Fedora Linux 41              | SKIPPED                      | SKIPPED                   | SKIPPED      | PEND           |
+------------------------------+------------------------------+---------------------------+--------------+----------------+
| Fedora Linux 40              | SKIPPED                      | SKIPPED                   | SKIPPED      | PEND           |
+------------------------------+------------------------------+---------------------------+--------------+----------------+
| Ubuntu 22.04                 | SKIPPED                      | SKIPPED                   | SKIPPED      | PEND           |
+------------------------------+------------------------------+---------------------------+--------------+----------------+
| Red Hat Enterprise Linux 9.5 | SKIPPED                      | SKIPPED                   | SKIPPED      | PEND           |
+------------------------------+------------------------------+---------------------------+--------------+----------------+
| Ubuntu 24.04                 | SKIPPED                      | SKIPPED                   | SKIPPED      | PEND           |
+------------------------------+------------------------------+---------------------------+--------------+----------------+

==== 20 line log output for Ubuntu 20.04 (lpm_autotest): ====
[397/416] Compiling C object 'app/a172ced@@dpdk-test at exe/test_test_stack_perf.c.o'.
[398/416] Compiling C object 'app/a172ced@@dpdk-test at exe/test_test_string_fns.c.o'.
[399/416] Compiling C object 'app/a172ced@@dpdk-test at exe/test_test_tailq.c.o'.
[400/416] Compiling C object 'app/a172ced@@dpdk-test at exe/test_test_telemetry_data.c.o'.
[401/416] Compiling C object 'app/a172ced@@dpdk-test at exe/test_test_telemetry_json.c.o'.
[402/416] Compiling C object 'app/a172ced@@dpdk-test at exe/test_test_thash.c.o'.
[403/416] Compiling C object 'app/a172ced@@dpdk-test at exe/test_test_threads.c.o'.
[404/416] Compiling C object 'app/a172ced@@dpdk-test at exe/test_test_thash_perf.c.o'.
[405/416] Compiling C object 'app/a172ced@@dpdk-test at exe/test_test_ticketlock.c.o'.
[406/416] Compiling C object 'app/a172ced@@dpdk-test at exe/test_test_timer.c.o'.
[407/416] Compiling C object 'app/a172ced@@dpdk-test at exe/test_test_timer_perf.c.o'.
[408/416] Compiling C object 'app/a172ced@@dpdk-test at exe/test_test_timer_racecond.c.o'.
[409/416] Compiling C object 'app/a172ced@@dpdk-test at exe/test_test_timer_secondary.c.o'.
[410/416] Compiling C object 'app/a172ced@@dpdk-test at exe/test_test_trace.c.o'.
[411/416] Compiling C object 'app/a172ced@@dpdk-test at exe/test_test_trace_register.c.o'.
[412/416] Compiling C object 'app/a172ced@@dpdk-test at exe/test_test_vdev.c.o'.
[413/416] Compiling C object 'app/a172ced@@dpdk-test at exe/test_test_version.c.o'.
[414/416] Compiling C object 'app/a172ced@@dpdk-test at exe/test_test_ring.c.o'.
[415/416] Compiling C object 'app/a172ced@@dpdk-test at exe/test_test_trace_perf.c.o'.
[416/416] Linking target app/dpdk-test.
==== End log output ====

Debian 12 (arm)
	Kernel: Depends on container host
	Compiler: gcc (Debian 12.2.0-14) 12.2.0

Ubuntu 20.04
	Kernel: 5.4
	Compiler: gcc gcc (Ubuntu 9.4.0-1ubuntu1~20.04.2) 9.4.0

CentOS Stream 9
	Kernel: 5.4
	Compiler: gcc gcc (GCC) 11.5.0 20240719 (Red Hat 11.5.0-11)

Debian GNU/Linux 12
	Kernel: 5.4
	Compiler: gcc gcc (Debian 12.2.0-14+deb12u1) 12.2.0

CentOS Stream 10
	Kernel: 5.4
	Compiler: gcc gcc (GCC) 14.2.1 20250110 (Red Hat 14.2.1-8)

Fedora Linux 42
	Kernel: 5.4
	Compiler: clang gcc (GCC) 15.2.1 20250808 (Red Hat 15.2.1-1)

Fedora Linux 41
	Kernel: 5.4
	Compiler: gcc gcc (GCC) 14.3.1 20250523 (Red Hat 14.3.1-1)

Fedora Linux 40
	Kernel: 5.4
	Compiler: clang gcc (GCC) 14.2.1 20240912 (Red Hat 14.2.1-3)

Ubuntu 22.04
	Kernel: 5.4
	Compiler: gcc gcc (Ubuntu 11.4.0-1ubuntu1~22.04) 11.4.0

Red Hat Enterprise Linux 9.5
	Kernel: 5.4
	Compiler: gcc gcc (GCC) 11.5.0 20240719 (Red Hat 11.5.0-2)

Ubuntu 24.04
	Kernel: 5.4
	Compiler: gcc gcc (Ubuntu 13.3.0-6ubuntu2~24.04) 13.3.0

To view detailed results, visit:
https://lab.dpdk.org/results/dashboard/tarballs/35667/

UNH-IOL DPDK Community Lab

To manage your email subscriptions, visit: 
https://lab.dpdk.org/results/dashboard/preferences/subscriptions/


More information about the test-report mailing list