|FAILURE| pw158991-158999 [PATCH] [v6,9/9] test: re-enable format-tr
dpdklab at iol.unh.edu
dpdklab at iol.unh.edu
Mon Nov 24 05:46:25 CET 2025
Test-Label: iol-compile-amd64-testing
Test-Status: FAILURE
http://dpdk.org/patch/158999
_Testing issues_
Submitter: Stephen Hemminger <stephen at networkplumber.org>
Date: Sunday, November 23 2025 17:43:32
DPDK git baseline: Repo:dpdk
Branch: master
CommitID:ef98b88455bf4a7c8b7aa3106a761c9e9270d6a3
158991-158999 --> testing issues
Upstream job id: Generic-DPDK-Compile-Meson#446926
Test environment and result as below:
+-------------------------------+--------------------+------------------+-------------------+-------------------------+----------------------+
| Environment | dpdk_meson_compile | dpdk_compile_ovs | dpdk_msvc_compile | dpdk_llvm_clang_compile | dpdk_mingw64_compile |
+===============================+====================+==================+===================+=========================+======================+
| CentOS Stream 10 | PASS | SKIPPED | SKIPPED | SKIPPED | SKIPPED |
+-------------------------------+--------------------+------------------+-------------------+-------------------------+----------------------+
| Red Hat Enterprise Linux 9.5 | PASS | SKIPPED | SKIPPED | SKIPPED | SKIPPED |
+-------------------------------+--------------------+------------------+-------------------+-------------------------+----------------------+
| Debian GNU/Linux 12 | PASS | SKIPPED | SKIPPED | SKIPPED | SKIPPED |
+-------------------------------+--------------------+------------------+-------------------+-------------------------+----------------------+
| Fedora Linux 42 | PASS | PASS | SKIPPED | SKIPPED | SKIPPED |
+-------------------------------+--------------------+------------------+-------------------+-------------------------+----------------------+
| Ubuntu 20.04 | FAIL | SKIPPED | SKIPPED | SKIPPED | SKIPPED |
+-------------------------------+--------------------+------------------+-------------------+-------------------------+----------------------+
| Red Hat Enterprise Linux 8.10 | FAIL | SKIPPED | SKIPPED | SKIPPED | SKIPPED |
+-------------------------------+--------------------+------------------+-------------------+-------------------------+----------------------+
| openSUSE Leap 15.6 | PASS | SKIPPED | SKIPPED | SKIPPED | SKIPPED |
+-------------------------------+--------------------+------------------+-------------------+-------------------------+----------------------+
| Alpine Linux 3.22.0 | PASS | SKIPPED | SKIPPED | SKIPPED | SKIPPED |
+-------------------------------+--------------------+------------------+-------------------+-------------------------+----------------------+
| CentOS Stream 9 | PASS | SKIPPED | SKIPPED | SKIPPED | SKIPPED |
+-------------------------------+--------------------+------------------+-------------------+-------------------------+----------------------+
| FreeBSD 14.2 | FAIL | SKIPPED | SKIPPED | SKIPPED | SKIPPED |
+-------------------------------+--------------------+------------------+-------------------+-------------------------+----------------------+
| Ubuntu 24.04 | PASS | PASS | SKIPPED | SKIPPED | SKIPPED |
+-------------------------------+--------------------+------------------+-------------------+-------------------------+----------------------+
| Ubuntu 22.04 | PASS | SKIPPED | SKIPPED | SKIPPED | SKIPPED |
+-------------------------------+--------------------+------------------+-------------------+-------------------------+----------------------+
| Windows Server 2022 | SKIPPED | SKIPPED | PASS | SKIPPED | PASS |
+-------------------------------+--------------------+------------------+-------------------+-------------------------+----------------------+
| Windows Server 2025 | SKIPPED | SKIPPED | SKIPPED | PASS | SKIPPED |
+-------------------------------+--------------------+------------------+-------------------+-------------------------+----------------------+
==== 20 line log output for FreeBSD 14.2 (dpdk_meson_compile): ====
[1978/2125] Compiling C object app/dpdk-test.p/test_test_debug.c.o
[1979/2125] Compiling C object app/dpdk-test.p/test_test_cryptodev_security_tls_record.c.o
[1980/2125] Compiling C object app/dpdk-test.p/test_test_cycles.c.o
[1981/2125] Compiling C object app/dpdk-test.p/test_test_devargs.c.o
[1982/2125] Compiling C object app/dpdk-test.p/test_test_distributor_perf.c.o
[1983/2125] Compiling C object app/dpdk-test.p/test_test_dispatcher.c.o
[1984/2125] Compiling C object app/dpdk-test.p/test_test_eal_fs.c.o
[1985/2125] Compiling C object app/dpdk-test.p/test_test_eal_flags.c.o
FAILED: app/dpdk-test.p/test_test_eal_flags.c.o
cc -Iapp/dpdk-test.p -Iapp -I../app -Ilib/cmdline -I../lib/cmdline -Ilib/eal/common -I../lib/eal/common -I. -I.. -Iconfig -I../config -Ilib/eal/include -I../lib/eal/include -Ilib/eal/freebsd/include -I../lib/eal/freebsd/include -Ilib/eal/x86/include -I../lib/eal/x86/include -Ilib/eal -I../lib/eal -Ilib/kvargs -I../lib/kvargs -Ilib/log -I../lib/log -Ilib/metrics -I../lib/metrics -Ilib/telemetry -I../lib/telemetry -Ilib/argparse -I../lib/argparse -Ilib/net -I../lib/net -Ilib/mbuf -I../lib/mbuf -Ilib/mempool -I../lib/mempool -Ilib/ring -I../lib/ring -Idrivers/net/ring -I../drivers/net/ring -Ilib/ethdev -I../lib/ethdev -Ilib/meter -I../lib/meter -Idrivers/bus/pci -I../drivers/bus/pci -I../drivers/bus/pci/bsd -Ilib/pci -I../lib/pci -Idrivers/bus/vdev -I../drivers/bus/vdev -Ilib/acl -I../lib/acl -Ilib/hash -I../lib/hash -Ilib/rcu -I../lib/rcu -Ilib/bitratestats -I../lib/bitratestats -Ilib/bpf -I../lib/bpf -Ilib/cfgfile -I../lib/cfgfile -Ilib/compressdev -I../lib/compressdev -Ilib/cryptodev
-I../lib/cryptodev -Ilib/security -I../lib/security -Ilib/dispatcher -I../lib/dispatcher -Ilib/eventdev -I../lib/eventdev -Ilib/timer -I../lib/timer -Ilib/dmadev -I../lib/dmadev -Ilib/distributor -I../lib/distributor -Ilib/efd -I../lib/efd -Ilib/fib -I../lib/fib -Ilib/rib -I../lib/rib -Ilib/table -I../lib/table -Ilib/port -I../lib/port -Ilib/sched -I../lib/sched -Ilib/ip_frag -I../lib/ip_frag -Ilib/lpm -I../lib/lpm -Ilib/graph -I../lib/graph -Ilib/pcapng -I../lib/pcapng -Ilib/ipsec -I../lib/ipsec -Ilib/latencystats -I../lib/latencystats -Idrivers/net/bonding -I../drivers/net/bonding -Ilib/member -I../lib/member -Ilib/pdcp -I../lib/pdcp -Ilib/reorder -I../lib/reorder -Ilib/pdump -I../lib/pdump -Ilib/ptr_compress -I../lib/ptr_compress -Ilib/rawdev -I../lib/rawdev -Idrivers/raw/skeleton -I../drivers/raw/skeleton -Ilib/stack -I../lib/stack -Ilib/pipeline -I../lib/pipeline -Idrivers/crypto/scheduler -I../drivers/crypto/scheduler -Iapp/test/test_cfgfiles -I/usr/local/include -Xclang -fco
lor-diagnostics -pipe -D_FILE_OFFSET_BITS=64 -Wall -Winvalid-pch -Wextra -Werror -std=c11 -O3 -include rte_config.h -Wvla -Wcast-qual -Wcomma -Wdeprecated -Wformat -Wformat-nonliteral -Wformat-security -Wmissing-declarations -Wmissing-prototypes -Wnested-externs -Wold-style-definition -Wpointer-arith -Wsign-compare -Wstrict-prototypes -Wundef -Wwrite-strings -Wno-missing-field-initializers -D_GNU_SOURCE -D__BSD_VISIBLE -march=native -mrtm -DALLOW_EXPERIMENTAL_API -Wno-vla -fno-strict-aliasing -DALLOW_INTERNAL_API -MD -MQ app/dpdk-test.p/test_test_eal_flags.c.o -MF app/dpdk-test.p/test_test_eal_flags.c.o.d -o app/dpdk-test.p/test_test_eal_flags.c.o -c ../app/test/test_eal_flags.c
../app/test/test_eal_flags.c:110:10: fatal error: 'mntent.h' file not found
110 | #include <mntent.h>
| ^~~~~~~~~~
1 error generated.
[1986/2125] Compiling C object app/dpdk-test.p/test_test_dmadev_api.c.o
[1987/2125] Compiling C object app/dpdk-test.p/test_test_efd.c.o
[1988/2125] Compiling C object app/dpdk-test.p/test_test_dmadev.c.o
[1989/2125] Compiling C object app/dpdk-test.p/test_test_distributor.c.o
[1990/2125] Compiling C object app/dpdk-test.p/test_test_cryptodev.c.o
ninja: build stopped: subcommand failed.
==== End log output ====
CentOS Stream 10
Kernel: 5.15
Compiler: gcc gcc (GCC) 14.2.1 20250110 (Red Hat 14.2.1-8)
Red Hat Enterprise Linux 9.5
Kernel: 5.15
Compiler: gcc gcc (GCC) 11.5.0 20240719 (Red Hat 11.5.0-2)
Debian GNU/Linux 12
Kernel: 5.15
Compiler: gcc gcc (Debian 12.2.0-14+deb12u1) 12.2.0
Fedora Linux 42
Kernel: 5.15
Compiler: clang gcc (GCC) 15.2.1 20250808 (Red Hat 15.2.1-1)
Ubuntu 20.04
Kernel: 5.15
Compiler: gcc gcc (Ubuntu 9.4.0-1ubuntu1~20.04.2) 9.4.0
Red Hat Enterprise Linux 8.10
Kernel: 5.15
Compiler: gcc gcc (GCC) 8.5.0 20210514 (Red Hat 8.5.0-22)
openSUSE Leap 15.6
Kernel: 5.15
Compiler: gcc gcc (SUSE Linux) 7.5.0
Alpine Linux 3.22.0
Kernel: 5.15
Compiler: gcc gcc (Alpine 14.2.0) 14.2.0
CentOS Stream 9
Kernel: 5.15
Compiler: gcc gcc (GCC) 11.5.0 20240719 (Red Hat 11.5.0-11)
FreeBSD 14.2
Kernel: 14.2-RELEASE
Compiler: clang 18.1.6
Ubuntu 24.04
Kernel: 5.15
Compiler: gcc gcc (Ubuntu 13.3.0-6ubuntu2~24.04) 13.3.0
Ubuntu 22.04
Kernel: 5.15
Compiler: gcc gcc (Ubuntu 11.4.0-1ubuntu1~22.04) 11.4.0
Windows Server 2022
Kernel: 10.0.20348.2031
Compiler: clang 15.0.7, gcc 14.1.0 (MinGW), and MSVC VS 19.39.33521
Windows Server 2025
Kernel: 10.0.26100
Compiler: clang 15.0.7, gcc 14.1.0 (MinGW), and MSVC VS 19.39.33521
To view detailed results, visit:
https://lab.dpdk.org/results/dashboard/patchsets/34660/
UNH-IOL DPDK Community Lab
To manage your email subscriptions, visit:
https://lab.dpdk.org/results/dashboard/preferences/subscriptions/
More information about the test-report
mailing list