|FAILURE| pw159009 [PATCH] acl: support custom memory allocator

dpdklab at iol.unh.edu dpdklab at iol.unh.edu
Tue Nov 25 12:50:24 CET 2025


Test-Label: iol-compile-arm64-testing
Test-Status: FAILURE
http://dpdk.org/patch/159009

_Testing issues_

Submitter: mannywang(Wang Yong Feng ) <mannywang at tencent.com>
Date: Tuesday, November 25 2025 09:40:43 
DPDK git baseline: Repo:dpdk
  Branch: master
  CommitID:2815d5065694eb9d0b43c312d17a00d2356e36f1

159009 --> testing issues

Upstream job id: Generic-DPDK-Compile-Meson#447268

Test environment and result as below:

+------------------------------+--------------------+
|         Environment          | dpdk_meson_compile |
+==============================+====================+
| Red Hat Enterprise Linux 9.5 | PASS               |
+------------------------------+--------------------+
| Ubuntu 20.04                 | FAIL               |
+------------------------------+--------------------+
| Debian GNU/Linux 12          | PASS               |
+------------------------------+--------------------+
| Fedora Linux 42              | PEND               |
+------------------------------+--------------------+
| Ubuntu 22.04                 | PEND               |
+------------------------------+--------------------+
| Ubuntu 24.04                 | PASS               |
+------------------------------+--------------------+
| CentOS Stream 9              | PEND               |
+------------------------------+--------------------+
| CentOS Stream 10             | PEND               |
+------------------------------+--------------------+

==== 20 line log output for Ubuntu 20.04 (dpdk_meson_compile): ====
from ../lib/mbuf/rte_mbuf.h:39,
from ../app/test/test_acl.c:11:
/usr/arm-linux-gnueabihf/include/inttypes.h:57:34: note: format string is defined here
57 | # define PRId64  __PRI64_PREFIX "d"
../app/test/test_acl.c: In function 'temp_alloc':
../app/test/test_acl.c:1768:10: error: format '%lld' expects argument of type 'long long int', but argument 3 has type 'size_t' {aka 'unsigned int'} [-Werror=format=]
1768 |   printf("Line %i: alloc temp memory fail, size=%" PRId64 ", used=%d\n",
|          ^~~~~~~~~~~~~~~~~~~~~~~~~~~~~~~~~~~~~~~~~
1769 |    __LINE__,
1770 |    size,
|    ~~~~
|    |
|    size_t {aka unsigned int}
In file included from ../lib/mempool/rte_mempool.h:40,
from ../lib/mbuf/rte_mbuf.h:39,
from ../app/test/test_acl.c:11:
/usr/arm-linux-gnueabihf/include/inttypes.h:57:34: note: format string is defined here
57 | # define PRId64  __PRI64_PREFIX "d"
cc1: all warnings being treated as errors
ninja: build stopped: subcommand failed.
==== End log output ====

Red Hat Enterprise Linux 9.5
	Kernel: 5.4
	Compiler: gcc gcc (GCC) 11.5.0 20240719 (Red Hat 11.5.0-2)

Ubuntu 20.04
	Kernel: 5.15
	Compiler: aarch64-linux-gnu-gcc gcc (Ubuntu 9.4.0-1ubuntu1~20.04.2) 9.4.0

Debian GNU/Linux 12
	Kernel: 5.4
	Compiler: gcc gcc (Debian 12.2.0-14+deb12u1) 12.2.0

Fedora Linux 42
	Kernel: 5.4
	Compiler: gcc gcc (GCC) 15.2.1 20250808 (Red Hat 15.2.1-1)

Ubuntu 22.04
	Kernel: 5.4
	Compiler: gcc gcc (Ubuntu 11.4.0-1ubuntu1~22.04) 11.4.0

Ubuntu 24.04
	Kernel: 5.4
	Compiler: gcc gcc (Ubuntu 13.3.0-6ubuntu2~24.04) 13.3.0

CentOS Stream 9
	Kernel: 5.4
	Compiler: gcc gcc (GCC) 11.5.0 20240719 (Red Hat 11.5.0-11)

CentOS Stream 10
	Kernel: 5.4
	Compiler: gcc gcc (GCC) 14.2.1 20250110 (Red Hat 14.2.1-8)

To view detailed results, visit:
https://lab.dpdk.org/results/dashboard/patchsets/34668/

UNH-IOL DPDK Community Lab

To manage your email subscriptions, visit: 
https://lab.dpdk.org/results/dashboard/preferences/subscriptions/


More information about the test-report mailing list