|FAILURE| pw159009 [PATCH] acl: support custom memory allocator

dpdklab at iol.unh.edu dpdklab at iol.unh.edu
Tue Nov 25 19:24:18 CET 2025


Test-Label: iol-compile-amd64-testing
Test-Status: FAILURE
http://dpdk.org/patch/159009

_Testing issues_

Submitter: mannywang(Wang Yong Feng ) <mannywang at tencent.com>
Date: Tuesday, November 25 2025 09:40:43 
DPDK git baseline: Repo:dpdk
  Branch: master
  CommitID:2815d5065694eb9d0b43c312d17a00d2356e36f1

159009 --> testing issues

Upstream job id: Windows-Compile-DPDK-Native#32618

Test environment and result as below:

+-------------------------------+--------------------+------------------+-------------------+-------------------------+----------------------+
|          Environment          | dpdk_meson_compile | dpdk_compile_ovs | dpdk_msvc_compile | dpdk_llvm_clang_compile | dpdk_mingw64_compile |
+===============================+====================+==================+===================+=========================+======================+
| CentOS Stream 9               | PASS               | SKIPPED          | SKIPPED           | SKIPPED                 | SKIPPED              |
+-------------------------------+--------------------+------------------+-------------------+-------------------------+----------------------+
| CentOS Stream 10              | PASS               | SKIPPED          | SKIPPED           | SKIPPED                 | SKIPPED              |
+-------------------------------+--------------------+------------------+-------------------+-------------------------+----------------------+
| Debian GNU/Linux 12           | PASS               | SKIPPED          | SKIPPED           | SKIPPED                 | SKIPPED              |
+-------------------------------+--------------------+------------------+-------------------+-------------------------+----------------------+
| Fedora Linux 42               | PASS               | PASS             | SKIPPED           | SKIPPED                 | SKIPPED              |
+-------------------------------+--------------------+------------------+-------------------+-------------------------+----------------------+
| openSUSE Leap 15.6            | PASS               | SKIPPED          | SKIPPED           | SKIPPED                 | SKIPPED              |
+-------------------------------+--------------------+------------------+-------------------+-------------------------+----------------------+
| Ubuntu 20.04                  | PASS               | SKIPPED          | SKIPPED           | SKIPPED                 | SKIPPED              |
+-------------------------------+--------------------+------------------+-------------------+-------------------------+----------------------+
| Red Hat Enterprise Linux 8.10 | PASS               | SKIPPED          | SKIPPED           | SKIPPED                 | SKIPPED              |
+-------------------------------+--------------------+------------------+-------------------+-------------------------+----------------------+
| FreeBSD 14.2                  | PASS               | SKIPPED          | SKIPPED           | SKIPPED                 | SKIPPED              |
+-------------------------------+--------------------+------------------+-------------------+-------------------------+----------------------+
| Red Hat Enterprise Linux 9.5  | PASS               | SKIPPED          | SKIPPED           | SKIPPED                 | SKIPPED              |
+-------------------------------+--------------------+------------------+-------------------+-------------------------+----------------------+
| Ubuntu 22.04                  | PASS               | SKIPPED          | SKIPPED           | SKIPPED                 | SKIPPED              |
+-------------------------------+--------------------+------------------+-------------------+-------------------------+----------------------+
| Ubuntu 24.04                  | FAIL               | PASS             | SKIPPED           | SKIPPED                 | SKIPPED              |
+-------------------------------+--------------------+------------------+-------------------+-------------------------+----------------------+
| Alpine Linux 3.22.0           | PASS               | SKIPPED          | SKIPPED           | SKIPPED                 | SKIPPED              |
+-------------------------------+--------------------+------------------+-------------------+-------------------------+----------------------+
| Windows Server 2022           | SKIPPED            | SKIPPED          | PASS              | SKIPPED                 | PASS                 |
+-------------------------------+--------------------+------------------+-------------------+-------------------------+----------------------+
| Windows Server 2025           | SKIPPED            | SKIPPED          | SKIPPED           | PASS                    | SKIPPED              |
+-------------------------------+--------------------+------------------+-------------------+-------------------------+----------------------+

==== 20 line log output for Ubuntu 24.04 (dpdk_meson_compile): ====
|                 |
|                 size_t {aka unsigned int}
In file included from ../lib/mempool/rte_mempool.h:40,
from ../lib/mbuf/rte_mbuf.h:39,
from ../app/test/test_acl.c:11:
/usr/i686-linux-gnu/include/inttypes.h:57:41: note: format string is defined here
57 | # define PRId64         __PRI64_PREFIX "d"
../app/test/test_acl.c: In function 'temp_alloc':
../app/test/test_acl.c:1768:24: error: format '%lld' expects argument of type 'long long int', but argument 3 has type 'size_t' {aka 'unsigned int'} [-Werror=format=]
1768 |                 printf("Line %i: alloc temp memory fail, size=%" PRId64 ", used=%d\n",
|                        ^~~~~~~~~~~~~~~~~~~~~~~~~~~~~~~~~~~~~~~~~
1769 |                         __LINE__,
1770 |                         size,
|                         ~~~~
|                         |
|                         size_t {aka unsigned int}
/usr/i686-linux-gnu/include/inttypes.h:57:41: note: format string is defined here
57 | # define PRId64         __PRI64_PREFIX "d"
cc1: all warnings being treated as errors
ninja: build stopped: subcommand failed.
==== End log output ====

CentOS Stream 9
	Kernel: 5.15
	Compiler: gcc gcc (GCC) 11.5.0 20240719 (Red Hat 11.5.0-11)

CentOS Stream 10
	Kernel: 5.15
	Compiler: gcc gcc (GCC) 14.2.1 20250110 (Red Hat 14.2.1-8)

Debian GNU/Linux 12
	Kernel: 5.15
	Compiler: gcc gcc (Debian 12.2.0-14+deb12u1) 12.2.0

Fedora Linux 42
	Kernel: 5.15
	Compiler: clang gcc (GCC) 15.2.1 20250808 (Red Hat 15.2.1-1)

openSUSE Leap 15.6
	Kernel: 5.15
	Compiler: gcc gcc (SUSE Linux) 7.5.0

Ubuntu 20.04
	Kernel: 4.19
	Compiler: gcc gcc (Ubuntu 9.4.0-1ubuntu1~20.04.2) 9.4.0

Red Hat Enterprise Linux 8.10
	Kernel: 5.15
	Compiler: gcc gcc (GCC) 8.5.0 20210514 (Red Hat 8.5.0-22)

FreeBSD 14.2
	Kernel: 14.2-RELEASE
	Compiler: clang 18.1.6

Red Hat Enterprise Linux 9.5
	Kernel: 5.15
	Compiler: gcc gcc (GCC) 11.5.0 20240719 (Red Hat 11.5.0-2)

Ubuntu 22.04
	Kernel: 5.15
	Compiler: gcc gcc (Ubuntu 11.4.0-1ubuntu1~22.04) 11.4.0

Ubuntu 24.04
	Kernel: 5.15
	Compiler: gcc gcc (Ubuntu 13.3.0-6ubuntu2~24.04) 13.3.0

Alpine Linux 3.22.0
	Kernel: 5.15
	Compiler: gcc gcc (Alpine 14.2.0) 14.2.0

Windows Server 2022
	Kernel: 10.0.20348.2031
	Compiler: clang 15.0.7, gcc 14.1.0 (MinGW), and MSVC VS 19.39.33521

Windows Server 2025
	Kernel: 10.0.26100
	Compiler: clang 15.0.7, gcc 14.1.0 (MinGW), and MSVC VS 19.39.33521

To view detailed results, visit:
https://lab.dpdk.org/results/dashboard/patchsets/34668/

UNH-IOL DPDK Community Lab

To manage your email subscriptions, visit: 
https://lab.dpdk.org/results/dashboard/preferences/subscriptions/


More information about the test-report mailing list