|FAILURE| pw159015-159024 [PATCH] [v7,10/10] test: re-enable format-

dpdklab at iol.unh.edu dpdklab at iol.unh.edu
Tue Nov 25 21:36:45 CET 2025


Test-Label: iol-unit-arm64-testing
Test-Status: FAILURE
http://dpdk.org/patch/159024

_Testing issues_

Submitter: Stephen Hemminger <stephen at networkplumber.org>
Date: Tuesday, November 25 2025 15:21:00 
DPDK git baseline: Repo:dpdk
  Branch: master
  CommitID:2815d5065694eb9d0b43c312d17a00d2356e36f1

159015-159024 --> testing issues

Upstream job id: Generic-Unit-Test-DPDK#395849

Test environment and result as below:

+------------------------------+---------------------------+--------------+------------------------------+----------------+
|         Environment          | cryptodev_sw_zuc_autotest | lpm_autotest | cryptodev_sw_snow3g_autotest | dpdk_unit_test |
+==============================+===========================+==============+==============================+================+
| Debian 12 (arm)              | PASS                      | SKIPPED      | PASS                         | SKIPPED        |
+------------------------------+---------------------------+--------------+------------------------------+----------------+
| Ubuntu 20.04                 | SKIPPED                   | PASS         | SKIPPED                      | PEND           |
+------------------------------+---------------------------+--------------+------------------------------+----------------+
| Fedora Linux 41              | SKIPPED                   | SKIPPED      | SKIPPED                      | PEND           |
+------------------------------+---------------------------+--------------+------------------------------+----------------+
| CentOS Stream 10             | SKIPPED                   | SKIPPED      | SKIPPED                      | PASS           |
+------------------------------+---------------------------+--------------+------------------------------+----------------+
| Ubuntu 24.04                 | SKIPPED                   | SKIPPED      | SKIPPED                      | FAIL           |
+------------------------------+---------------------------+--------------+------------------------------+----------------+
| Debian GNU/Linux 12          | SKIPPED                   | SKIPPED      | SKIPPED                      | PEND           |
+------------------------------+---------------------------+--------------+------------------------------+----------------+
| Ubuntu 22.04                 | SKIPPED                   | SKIPPED      | SKIPPED                      | PASS           |
+------------------------------+---------------------------+--------------+------------------------------+----------------+
| Red Hat Enterprise Linux 9.5 | SKIPPED                   | SKIPPED      | SKIPPED                      | PEND           |
+------------------------------+---------------------------+--------------+------------------------------+----------------+
| Fedora Linux 42              | SKIPPED                   | SKIPPED      | SKIPPED                      | PEND           |
+------------------------------+---------------------------+--------------+------------------------------+----------------+
| Fedora Linux 40              | SKIPPED                   | SKIPPED      | SKIPPED                      | PEND           |
+------------------------------+---------------------------+--------------+------------------------------+----------------+
| CentOS Stream 9              | SKIPPED                   | SKIPPED      | SKIPPED                      | PEND           |
+------------------------------+---------------------------+--------------+------------------------------+----------------+

==== Unit test summary for Ubuntu 24.04 (dpdk_unit_test): ====
ninja: Entering directory `/home-local/jenkins-local/jenkins-agent/workspace/Generic-Unit-Test-DPDK at 10/dpdk/build'
ninja: no work to do.
  1/110 DPDK:fast-tests / acl_autotest                  OK               8.04s
  2/110 DPDK:fast-tests / alarm_autotest                OK               1.32s
  3/110 DPDK:fast-tests / argparse_autotest             OK               0.31s
  4/110 DPDK:fast-tests / atomic_autotest               OK               9.30s
  5/110 DPDK:fast-tests / bitcount_autotest             OK               0.35s
  6/110 DPDK:fast-tests / bitmap_autotest               OK               0.32s
  7/110 DPDK:fast-tests / bitops_autotest               OK               1.81s
  8/110 DPDK:fast-tests / bitratestats_autotest         OK               0.34s
  9/110 DPDK:fast-tests / bitset_autotest               OK               5.39s
 10/110 DPDK:fast-tests / bpf_autotest                  OK               0.31s
 11/110 DPDK:fast-tests / bpf_elf_autotest              SKIP             0.32s   exit status 77
 12/110 DPDK:fast-tests / bpf_convert_autotest          OK               0.34s
 13/110 DPDK:fast-tests / byteorder_autotest            OK               0.31s
 14/110 DPDK:fast-tests / cfgfile_autotest              OK               0.32s
 15/110 DPDK:fast-tests / cksum_autotest                OK               0.31s
 16/110 DPDK:fast-tests / cmdline_autotest              OK               0.31s
 17/110 DPDK:fast-tests / common_autotest               OK               2.13s
 18/110 DPDK:fast-tests / compressdev_autotest          SKIP             0.20s   exit status 77
 19/110 DPDK:fast-tests / cpuflags_autotest             OK               0.35s
 20/110 DPDK:fast-tests / crc_autotest                  OK               0.32s
 21/110 DPDK:fast-tests / user_delay_us                 OK               0.31s
 22/110 DPDK:fast-tests / debug_autotest                OK               3.07s
 23/110 DPDK:fast-tests / devargs_autotest              OK               0.32s
 24/110 DPDK:fast-tests / dispatcher_autotest           OK               4.55s
 25/110 DPDK:fast-tests / distributor_autotest          OK               1.10s
 26/110 DPDK:fast-tests / eal_flags_autotest            FAIL             9.86s   (exit status 255 or signal 127 SIGinvalid)
>>> MALLOC_PERTURB_=72 DPDK_TEST=eal_flags_autotest /home-local/jenkins-local/jenkins-agent/workspace/Generic-Unit-Test-DPDK at 10/dpdk/build/app/dpdk-test

 27/110 DPDK:fast-tests / eal_fs_autotest               OK               0.36s
 28/110 DPDK:fast-tests / errno_autotest                OK               0.31s
 29/110 DPDK:fast-tests / ethdev_link_status            OK               0.31s
 30/110 DPDK:fast-tests / event_eth_tx_adapter_autotest OK               1.56s
 31/110 DPDK:fast-tests / event_ring_autotest           OK               0.37s
 32/110 DPDK:fast-tests / eventdev_common_autotest      OK               0.32s
 33/110 DPDK:fast-tests / eventdev_selftest_sw          OK              20.04s
 34/110 DPDK:fast-tests / fbarray_autotest              OK               0.31s
 35/110 DPDK:fast-tests / fib_autotest                  OK               1.79s
 36/110 DPDK:fast-tests / fib6_autotest                 OK               1.83s
 37/110 DPDK:fast-tests / func_reentrancy_autotest      OK               1.47s
 38/110 DPDK:fast-tests / graph_autotest                OK               0.40s
 39/110 DPDK:fast-tests / node_list_dump                OK               0.31s
 40/110 DPDK:fast-tests / graph_feature_arc_autotest    OK               0.32s
 41/110 DPDK:fast-tests / hash_autotest                 OK               0.97s
 42/110 DPDK:fast-tests / hash_readwrite_func_autotest  OK               0.19s
 43/110 DPDK:fast-tests / interrupt_autotest            OK               1.38s
 44/110 DPDK:fast-tests / ipfrag_autotest               OK               0.19s
 45/110 DPDK:fast-tests / ipsec_autotest                SKIP             0.35s   exit status 77
 46/110 DPDK:fast-tests / kvargs_autotest               OK               0.31s
 47/110 DPDK:fast-tests / latencystats_autotest         OK               0.33s
 48/110 DPDK:fast-tests / lcore_var_autotest            OK               1.48s
 49/110 DPDK:fast-tests / lcores_autotest               OK               6.77s
 50/110 DPDK:fast-tests / logs_autotest                 OK               0.31s
 51/110 DPDK:fast-tests / lpm_autotest                  OK               3.31s
 52/110 DPDK:fast-tests / lpm6_autotest                 OK               9.31s
 53/110 DPDK:fast-tests / malloc_autotest               OK               0.91s
 54/110 DPDK:fast-tests / mbuf_autotest                 OK               4.62s
 55/110 DPDK:fast-tests / mcslock_autotest              OK               1.66s
 56/110 DPDK:fast-tests / member_autotest               OK               2.79s
 57/110 DPDK:fast-tests / memcpy_autotest               OK              12.42s
 58/110 DPDK:fast-tests / memory_autotest               OK               0.18s
 59/110 DPDK:fast-tests / mempool_autotest              OK               0.62s
 60/110 DPDK:fast-tests / memzone_autotest              OK               0.45s
 61/110 DPDK:fast-tests / meter_autotest                OK               0.36s
 62/110 DPDK:fast-tests / metrics_autotest              OK               0.31s
 63/110 DPDK:fast-tests / multiprocess_autotest         OK               0.69s
 64/110 DPDK:fast-tests / net_ether_autotest            OK               1.94s
 65/110 DPDK:fast-tests / net_ipv6_autotest             OK               0.32s
 66/110 DPDK:fast-tests / pcapng_autotest               OK               6.55s
 67/110 DPDK:fast-tests / pdcp_autotest                 SKIP             0.17s   exit status 77
 68/110 DPDK:fast-tests / pdump_autotest                OK               0.88s
 69/110 DPDK:fast-tests / per_lcore_autotest            OK               0.43s
 70/110 DPDK:fast-tests / pflock_autotest               OK               0.68s
 71/110 DPDK:fast-tests / pie_autotest                  OK               0.32s
 72/110 DPDK:fast-tests / ring_pmd_autotest             OK               0.33s
 73/110 DPDK:fast-tests / power_autotest                OK               0.31s
 74/110 DPDK:fast-tests / power_cpufreq_autotest        SKIP             0.18s   exit status 77
 75/110 DPDK:fast-tests / power_intel_uncore_autotest   SKIP             0.35s   exit status 77
 76/110 DPDK:fast-tests / power_kvm_vm_autotest         SKIP             0.18s   exit status 77
 77/110 DPDK:fast-tests / prefetch_autotest             OK               0.35s
 78/110 DPDK:fast-tests / ptr_compress_autotest         OK               0.31s
 79/110 DPDK:fast-tests / rawdev_autotest               OK               0.31s
 80/110 DPDK:fast-tests / rcu_qsbr_autotest             OK               1.28s
 81/110 DPDK:fast-tests / reorder_autotest              OK               0.85s
 82/110 DPDK:fast-tests / rib_autotest                  OK               8.14s
 83/110 DPDK:fast-tests / rib6_autotest                 OK               8.15s
 84/110 DPDK:fast-tests / ring_autotest                 OK               0.37s
 85/110 DPDK:fast-tests / rwlock_test1_autotest         OK               0.66s
 86/110 DPDK:fast-tests / rwlock_rda_autotest           OK               5.31s
 87/110 DPDK:fast-tests / rwlock_rds_wrm_autotest       OK               5.40s
 88/110 DPDK:fast-tests / rwlock_rde_wro_autotest       OK               5.41s
 89/110 DPDK:fast-tests / sched_autotest                OK               0.34s
 90/110 DPDK:fast-tests / security_autotest             OK               0.18s
 91/110 DPDK:fast-tests / seqlock_autotest              OK               2.36s
 92/110 DPDK:fast-tests / service_autotest              OK               3.02s
 93/110 DPDK:fast-tests / soring_autotest               OK               0.33s
 94/110 DPDK:fast-tests / spinlock_autotest             OK               0.35s
 95/110 DPDK:fast-tests / stack_autotest                OK               0.71s
 96/110 DPDK:fast-tests / stack_lf_autotest             OK               0.66s
 97/110 DPDK:fast-tests / string_autotest               OK               0.36s
 98/110 DPDK:fast-tests / table_autotest                OK              13.65s
 99/110 DPDK:fast-tests / tailq_autotest                OK               0.37s
100/110 DPDK:fast-tests / telemetry_data_autotest       OK               0.31s
101/110 DPDK:fast-tests / telemetry_json_autotest       OK               0.31s
102/110 DPDK:fast-tests / thash_autotest                OK               0.34s
103/110 DPDK:fast-tests / threads_autotest              OK               0.47s
104/110 DPDK:fast-tests / ticketlock_autotest           OK               0.38s
105/110 DPDK:fast-tests / timer_autotest                OK               3.47s
106/110 DPDK:fast-tests / trace_autotest                OK               0.43s
107/110 DPDK:fast-tests / trace_autotest_with_traces    OK               0.35s
108/110 DPDK:fast-tests / vdev_autotest                 OK               0.31s
109/110 DPDK:fast-tests / version_autotest              OK               0.31s
110/110 DPDK:fast-tests / telemetry_all                 OK              48.97s


Ok:                 102 
Expected Fail:      0   
Fail:               1   
Unexpected Pass:    0   
Skipped:            7   
Timeout:            0   

Full log written to /home-local/jenkins-local/jenkins-agent/workspace/Generic-Unit-Test-DPDK at 10/dpdk/build/meson-logs/testlog.txt



Test log output from the failed test eal_flags_autotest:

Sorry, we were not able to find the logs for this test.
Download the log output from the CI site for this test run.
==== End log output ====

Debian 12 (arm)
	Kernel: Depends on container host
	Compiler: gcc (Debian 12.2.0-14) 12.2.0

Ubuntu 20.04
	Kernel: 5.4
	Compiler: gcc gcc (Ubuntu 9.4.0-1ubuntu1~20.04.2) 9.4.0

Fedora Linux 41
	Kernel: 5.4
	Compiler: clang gcc (GCC) 14.3.1 20250523 (Red Hat 14.3.1-1)

CentOS Stream 10
	Kernel: 5.4
	Compiler: gcc gcc (GCC) 14.2.1 20250110 (Red Hat 14.2.1-8)

Ubuntu 24.04
	Kernel: 5.4
	Compiler: gcc gcc (Ubuntu 13.3.0-6ubuntu2~24.04) 13.3.0

Debian GNU/Linux 12
	Kernel: 5.4
	Compiler: gcc gcc (Debian 12.2.0-14+deb12u1) 12.2.0

Ubuntu 22.04
	Kernel: 5.4
	Compiler: gcc gcc (Ubuntu 11.4.0-1ubuntu1~22.04) 11.4.0

Red Hat Enterprise Linux 9.5
	Kernel: 5.4
	Compiler: gcc gcc (GCC) 11.5.0 20240719 (Red Hat 11.5.0-2)

Fedora Linux 42
	Kernel: 5.4
	Compiler: clang gcc (GCC) 15.2.1 20250808 (Red Hat 15.2.1-1)

Fedora Linux 40
	Kernel: 5.4
	Compiler: gcc gcc (GCC) 14.2.1 20240912 (Red Hat 14.2.1-3)

CentOS Stream 9
	Kernel: 5.4
	Compiler: gcc gcc (GCC) 11.5.0 20240719 (Red Hat 11.5.0-11)

To view detailed results, visit:
https://lab.dpdk.org/results/dashboard/patchsets/34674/

UNH-IOL DPDK Community Lab

To manage your email subscriptions, visit: 
https://lab.dpdk.org/results/dashboard/preferences/subscriptions/


More information about the test-report mailing list