|FAILURE| pw159015-159024 [PATCH] [v7,10/10] test: re-enable format-

dpdklab at iol.unh.edu dpdklab at iol.unh.edu
Tue Nov 25 23:12:53 CET 2025


Test-Label: iol-unit-amd64-testing
Test-Status: FAILURE
http://dpdk.org/patch/159024

_Testing issues_

Submitter: Stephen Hemminger <stephen at networkplumber.org>
Date: Tuesday, November 25 2025 15:21:00 
DPDK git baseline: Repo:dpdk
  Branch: master
  CommitID:2815d5065694eb9d0b43c312d17a00d2356e36f1

159015-159024 --> testing issues

Upstream job id: Generic-VM-Unit-Test-DPDK#32791

Test environment and result as below:

+-------------------------------+----------------+
|          Environment          | dpdk_unit_test |
+===============================+================+
| Fedora Linux 41               | PASS           |
+-------------------------------+----------------+
| Debian GNU/Linux 12           | PASS           |
+-------------------------------+----------------+
| Red Hat Enterprise Linux 8.10 | FAIL           |
+-------------------------------+----------------+
| Red Hat Enterprise Linux 9.5  | PASS           |
+-------------------------------+----------------+
| Ubuntu 24.04                  | FAIL           |
+-------------------------------+----------------+
| Fedora Linux 42               | PASS           |
+-------------------------------+----------------+
| Fedora Linux 40               | PASS           |
+-------------------------------+----------------+
| CentOS Stream 9               | PASS           |
+-------------------------------+----------------+
| Ubuntu 20.04                  | PASS           |
+-------------------------------+----------------+
| Ubuntu 22.04                  | FAIL           |
+-------------------------------+----------------+
| CentOS Stream 10              | PASS           |
+-------------------------------+----------------+
| Windows Server 2022           | PASS           |
+-------------------------------+----------------+

==== Unit test summary for Ubuntu 22.04 (dpdk_unit_test): ====
ninja: Entering directory `/root/workspace/Generic-Unit-Test-DPDK/dpdk/build'
ninja: no work to do.
  1/110 DPDK:fast-tests / acl_autotest                  OK               2.31s
  2/110 DPDK:fast-tests / alarm_autotest                OK               1.17s
  3/110 DPDK:fast-tests / argparse_autotest             OK               0.17s
  4/110 DPDK:fast-tests / atomic_autotest               OK               0.34s
  5/110 DPDK:fast-tests / bitcount_autotest             OK               0.17s
  6/110 DPDK:fast-tests / bitmap_autotest               OK               0.17s
  7/110 DPDK:fast-tests / bitops_autotest               OK               1.67s
  8/110 DPDK:fast-tests / bitratestats_autotest         OK               0.17s
  9/110 DPDK:fast-tests / bitset_autotest               OK               1.32s
 10/110 DPDK:fast-tests / bpf_autotest                  OK               0.17s
 11/110 DPDK:fast-tests / bpf_elf_autotest              SKIP             0.17s   exit status 77
 12/110 DPDK:fast-tests / bpf_convert_autotest          OK               0.17s
 13/110 DPDK:fast-tests / byteorder_autotest            OK               0.17s
 14/110 DPDK:fast-tests / cfgfile_autotest              OK               0.17s
 15/110 DPDK:fast-tests / cksum_autotest                OK               0.17s
 16/110 DPDK:fast-tests / cmdline_autotest              OK               0.17s
 17/110 DPDK:fast-tests / common_autotest               OK               0.43s
 18/110 DPDK:fast-tests / compressdev_autotest          SKIP             0.14s   exit status 77
 19/110 DPDK:fast-tests / cpuflags_autotest             OK               0.17s
 20/110 DPDK:fast-tests / crc_autotest                  OK               0.17s
 21/110 DPDK:fast-tests / user_delay_us                 OK               0.17s
 22/110 DPDK:fast-tests / debug_autotest                OK               1.25s
 23/110 DPDK:fast-tests / devargs_autotest              OK               0.18s
 24/110 DPDK:fast-tests / dispatcher_autotest           SKIP             0.14s   exit status 77
 25/110 DPDK:fast-tests / distributor_autotest          OK               0.84s
 26/110 DPDK:fast-tests / eal_flags_autotest            FAIL             3.16s   (exit status 255 or signal 127 SIGinvalid)
>>> MALLOC_PERTURB_=9 DPDK_TEST=eal_flags_autotest /root/workspace/Generic-Unit-Test-DPDK/dpdk/build/app/dpdk-test

 27/110 DPDK:fast-tests / eal_fs_autotest               OK               0.18s
 28/110 DPDK:fast-tests / errno_autotest                OK               0.19s
 29/110 DPDK:fast-tests / ethdev_link_status            OK               0.17s
 30/110 DPDK:fast-tests / event_eth_tx_adapter_autotest OK               0.45s
 31/110 DPDK:fast-tests / event_ring_autotest           OK               0.17s
 32/110 DPDK:fast-tests / eventdev_common_autotest      OK               0.17s
 33/110 DPDK:fast-tests / eventdev_selftest_sw          OK               0.21s
 34/110 DPDK:fast-tests / fbarray_autotest              OK               0.17s
 35/110 DPDK:fast-tests / fib_autotest                  OK               0.65s
 36/110 DPDK:fast-tests / fib6_autotest                 OK               0.63s
 37/110 DPDK:fast-tests / func_reentrancy_autotest      OK               0.51s
 38/110 DPDK:fast-tests / graph_autotest                OK               0.17s
 39/110 DPDK:fast-tests / node_list_dump                OK               0.17s
 40/110 DPDK:fast-tests / graph_feature_arc_autotest    OK               0.17s
 41/110 DPDK:fast-tests / hash_autotest                 OK               0.27s
 42/110 DPDK:fast-tests / hash_readwrite_func_autotest  SKIP             0.14s   exit status 77
 43/110 DPDK:fast-tests / interrupt_autotest            OK               1.22s
 44/110 DPDK:fast-tests / ipfrag_autotest               OK               0.15s
 45/110 DPDK:fast-tests / ipsec_autotest                SKIP             0.17s   exit status 77
 46/110 DPDK:fast-tests / kvargs_autotest               OK               0.17s
 47/110 DPDK:fast-tests / latencystats_autotest         OK               0.17s
 48/110 DPDK:fast-tests / lcore_var_autotest            OK               0.30s
 49/110 DPDK:fast-tests / lcores_autotest               OK               0.74s
 50/110 DPDK:fast-tests / logs_autotest                 OK               0.17s
 51/110 DPDK:fast-tests / lpm_autotest                  OK               1.47s
 52/110 DPDK:fast-tests / lpm6_autotest                 OK               2.50s
 53/110 DPDK:fast-tests / malloc_autotest               OK               0.36s
 54/110 DPDK:fast-tests / mbuf_autotest                 OK               0.17s
 55/110 DPDK:fast-tests / mcslock_autotest              OK               0.45s
 56/110 DPDK:fast-tests / member_autotest               OK               0.73s
 57/110 DPDK:fast-tests / memcpy_autotest               OK               1.74s
 58/110 DPDK:fast-tests / memory_autotest               OK               0.14s
 59/110 DPDK:fast-tests / mempool_autotest              OK               0.42s
 60/110 DPDK:fast-tests / memzone_autotest              OK               0.20s
 61/110 DPDK:fast-tests / meter_autotest                OK               0.17s
 62/110 DPDK:fast-tests / metrics_autotest              OK               0.17s
 63/110 DPDK:fast-tests / multiprocess_autotest         OK               0.25s
 64/110 DPDK:fast-tests / net_ether_autotest            OK               0.46s
 65/110 DPDK:fast-tests / net_ipv6_autotest             OK               0.17s
 66/110 DPDK:fast-tests / pcapng_autotest               OK               6.75s
 67/110 DPDK:fast-tests / pdcp_autotest                 SKIP             0.14s   exit status 77
 68/110 DPDK:fast-tests / pdump_autotest                OK               0.29s
 69/110 DPDK:fast-tests / per_lcore_autotest            OK               0.27s
 70/110 DPDK:fast-tests / pflock_autotest               OK               0.27s
 71/110 DPDK:fast-tests / pie_autotest                  OK               0.17s
 72/110 DPDK:fast-tests / ring_pmd_autotest             OK               0.17s
 73/110 DPDK:fast-tests / power_autotest                OK               0.16s
 74/110 DPDK:fast-tests / power_cpufreq_autotest        SKIP             0.14s   exit status 77
 75/110 DPDK:fast-tests / power_intel_uncore_autotest   SKIP             0.17s   exit status 77
 76/110 DPDK:fast-tests / power_kvm_vm_autotest         SKIP             0.14s   exit status 77
 77/110 DPDK:fast-tests / prefetch_autotest             OK               0.17s
 78/110 DPDK:fast-tests / ptr_compress_autotest         OK               0.17s
 79/110 DPDK:fast-tests / rawdev_autotest               OK               0.17s
 80/110 DPDK:fast-tests / rcu_qsbr_autotest             OK               0.26s
 81/110 DPDK:fast-tests / reorder_autotest              OK               0.27s
 82/110 DPDK:fast-tests / rib_autotest                  OK               3.12s
 83/110 DPDK:fast-tests / rib6_autotest                 OK               3.15s
 84/110 DPDK:fast-tests / ring_autotest                 OK               0.18s
 85/110 DPDK:fast-tests / rwlock_test1_autotest         OK               0.27s
 86/110 DPDK:fast-tests / rwlock_rda_autotest           OK               5.17s
 87/110 DPDK:fast-tests / rwlock_rds_wrm_autotest       OK               5.17s
 88/110 DPDK:fast-tests / rwlock_rde_wro_autotest       OK               5.17s
 89/110 DPDK:fast-tests / sched_autotest                OK               0.17s
 90/110 DPDK:fast-tests / security_autotest             OK               0.14s
 91/110 DPDK:fast-tests / seqlock_autotest              SKIP             0.17s   exit status 77
 92/110 DPDK:fast-tests / service_autotest              OK               0.27s
 93/110 DPDK:fast-tests / soring_autotest               OK               0.17s
 94/110 DPDK:fast-tests / spinlock_autotest             OK               0.18s
 95/110 DPDK:fast-tests / stack_autotest                OK               0.18s
 96/110 DPDK:fast-tests / stack_lf_autotest             OK               0.23s
 97/110 DPDK:fast-tests / string_autotest               OK               0.17s
 98/110 DPDK:fast-tests / table_autotest                OK               4.36s
 99/110 DPDK:fast-tests / tailq_autotest                OK               0.17s
100/110 DPDK:fast-tests / telemetry_data_autotest       OK               0.17s
101/110 DPDK:fast-tests / telemetry_json_autotest       OK               0.17s
102/110 DPDK:fast-tests / thash_autotest                OK               0.17s
103/110 DPDK:fast-tests / threads_autotest              OK               0.32s
104/110 DPDK:fast-tests / ticketlock_autotest           OK               0.18s
105/110 DPDK:fast-tests / timer_autotest                OK               2.50s
106/110 DPDK:fast-tests / trace_autotest                OK               0.18s
107/110 DPDK:fast-tests / trace_autotest_with_traces    OK               0.17s
108/110 DPDK:fast-tests / vdev_autotest                 OK               0.17s
109/110 DPDK:fast-tests / version_autotest              OK               0.17s
110/110 DPDK:fast-tests / telemetry_all                 OK               9.36s


Ok:                 99  
Expected Fail:      0   
Fail:               1   
Unexpected Pass:    0   
Skipped:            10  
Timeout:            0   

Full log written to /root/workspace/Generic-Unit-Test-DPDK/dpdk/build/meson-logs/testlog.txt



Test log output from the failed test eal_flags_autotest:

Sorry, we were not able to find the logs for this test.
Download the log output from the CI site for this test run.
==== End log output ====

Fedora Linux 41
	Kernel: 5.15
	Compiler: gcc gcc (GCC) 14.3.1 20250523 (Red Hat 14.3.1-1)

Debian GNU/Linux 12
	Kernel: 5.15
	Compiler: gcc gcc (Debian 12.2.0-14+deb12u1) 12.2.0

Red Hat Enterprise Linux 8.10
	Kernel: 5.15
	Compiler: gcc gcc (GCC) 8.5.0 20210514 (Red Hat 8.5.0-22)

Red Hat Enterprise Linux 9.5
	Kernel: 5.15
	Compiler: gcc gcc (GCC) 11.5.0 20240719 (Red Hat 11.5.0-2)

Ubuntu 24.04
	Kernel: 5.15
	Compiler: gcc gcc (Ubuntu 13.3.0-6ubuntu2~24.04) 13.3.0

Fedora Linux 42
	Kernel: 5.15
	Compiler: gcc gcc (GCC) 15.2.1 20250808 (Red Hat 15.2.1-1)

Fedora Linux 40
	Kernel: 5.15
	Compiler: gcc gcc (GCC) 14.2.1 20240912 (Red Hat 14.2.1-3)

CentOS Stream 9
	Kernel: 5.15
	Compiler: gcc gcc (GCC) 11.5.0 20240719 (Red Hat 11.5.0-11)

Ubuntu 20.04
	Kernel: 5.15
	Compiler: gcc gcc (Ubuntu 9.4.0-1ubuntu1~20.04.2) 9.4.0

Ubuntu 22.04
	Kernel: 5.15
	Compiler: gcc gcc (Ubuntu 11.4.0-1ubuntu1~22.04) 11.4.0

CentOS Stream 10
	Kernel: 5.15
	Compiler: gcc gcc (GCC) 14.2.1 20250110 (Red Hat 14.2.1-8)

Windows Server 2022
	Kernel: 10.0.20348.2031
	Compiler: clang 15.0.7, gcc 14.1.0 (MinGW), and MSVC VS 19.39.33521

To view detailed results, visit:
https://lab.dpdk.org/results/dashboard/patchsets/34674/

UNH-IOL DPDK Community Lab

To manage your email subscriptions, visit: 
https://lab.dpdk.org/results/dashboard/preferences/subscriptions/


More information about the test-report mailing list