|FAILURE| pw157353 [PATCH] [v2] net/mlx5: fix age checking crash

dpdklab at iol.unh.edu dpdklab at iol.unh.edu
Thu Oct 9 10:13:32 CEST 2025


Test-Label: iol-compile-amd64-testing
Test-Status: FAILURE
http://dpdk.org/patch/157353

_Testing issues_

Submitter: Rongwei Liu <rongweil at nvidia.com>
Date: Thursday, October 09 2025 06:29:24 
DPDK git baseline: Repo:dpdk-next-net-mlx
  Branch: master
  CommitID:2374f33e1d964e100895fd294966380c46f0886d

157353 --> testing issues

Upstream job id: Windows-Compile-DPDK-Native#31513

Test environment and result as below:

+---------------------+--------------------+-------------------+-------------------------+
|     Environment     | dpdk_meson_compile | dpdk_msvc_compile | dpdk_llvm_clang_compile |
+=====================+====================+===================+=========================+
| Ubuntu 20.04        | PASS               | SKIPPED           | SKIPPED                 |
+---------------------+--------------------+-------------------+-------------------------+
| FreeBSD 14.2        | PASS               | SKIPPED           | SKIPPED                 |
+---------------------+--------------------+-------------------+-------------------------+
| Windows Server 2022 | SKIPPED            | FAIL              | PASS                    |
+---------------------+--------------------+-------------------+-------------------------+

==== 20 line log output for Windows Server 2022 (dpdk_msvc_compile): ====
 C : \ U s e r s \ b u i l d e r \ j e n k i n s \ w o r k s p a c e \ W i n d o w s - C o m p i l e - D P D K - V S \ d p d k \ d r i v e r s \ n e t \ m l x 5 \ m l x 5 _ h w s _ c n t . h ( 2 0 8 ) :   e r r o r   C 2 0 6 5 :   ' _ _ A T O M I C _ A C Q U I R E ' :   u n d e c l a r e d   i d e n t i f i e r 
 
 C : \ U s e r s \ b u i l d e r \ j e n k i n s \ w o r k s p a c e \ W i n d o w s - C o m p i l e - D P D K - V S \ d p d k \ d r i v e r s \ n e t \ m l x 5 \ m l x 5 _ h w s _ c n t . h ( 2 1 0 ) :   w a r n i n g   C 4 0 1 3 :   ' _ _ a t o m i c _ s t o r e _ n '   u n d e f i n e d ;   a s s u m i n g   e x t e r n   r e t u r n i n g   i n t 
 
 C : \ U s e r s \ b u i l d e r \ j e n k i n s \ w o r k s p a c e \ W i n d o w s - C o m p i l e - D P D K - V S \ d p d k \ d r i v e r s \ n e t \ m l x 5 \ m l x 5 _ h w s _ c n t . h ( 2 1 0 ) :   e r r o r   C 2 0 6 5 :   ' _ _ A T O M I C _ R E L E A S E ' :   u n d e c l a r e d   i d e n t i f i e r 
 
 C : \ U s e r s \ b u i l d e r \ j e n k i n s \ w o r k s p a c e \ W i n d o w s - C o m p i l e - D P D K - V S \ d p d k \ d r i v e r s \ n e t \ m l x 5 \ m l x 5 _ h w s _ c n t . h ( 2 2 1 ) :   e r r o r   C 2 0 6 5 :   ' _ _ A T O M I C _ R E L A X E D ' :   u n d e c l a r e d   i d e n t i f i e r 
 
 C : \ U s e r s \ b u i l d e r \ j e n k i n s \ w o r k s p a c e \ W i n d o w s - C o m p i l e - D P D K - V S \ d p d k \ d r i v e r s \ n e t \ m l x 5 \ m l x 5 _ h w s _ c n t . h ( 2 3 0 ) :   e r r o r   C 2 0 6 5 :   ' _ _ A T O M I C _ A C Q U I R E ' :   u n d e c l a r e d   i d e n t i f i e r 
 
 C : \ U s e r s \ b u i l d e r \ j e n k i n s \ w o r k s p a c e \ W i n d o w s - C o m p i l e - D P D K - V S \ d p d k \ d r i v e r s \ n e t \ m l x 5 \ m l x 5 _ h w s _ c n t . h ( 4 6 8 ) :   e r r o r   C 2 0 6 5 :   ' _ _ A T O M I C _ R E L A X E D ' :   u n d e c l a r e d   i d e n t i f i e r 
 
 C : \ U s e r s \ b u i l d e r \ j e n k i n s \ w o r k s p a c e \ W i n d o w s - C o m p i l e - D P D K - V S \ d p d k \ d r i v e r s \ n e t \ m l x 5 \ m l x 5 _ h w s _ c n t . h ( 5 7 1 ) :   e r r o r   C 2 0 6 5 :   ' _ _ A T O M I C _ R E L A X E D ' :   u n d e c l a r e d   i d e n t i f i e r 
 
 [ 5 5 7 / 8 7 4 ]   C o m p i l i n g   C   o b j e c t   d r i v e r s / l i b t m p _ r t e _ n e t _ m l x 5 . a . p / n e t _ m l x 5 _ m l x 5 _ f l o w _ d v . c . o b j 
 
 [ 5 5 8 / 8 7 4 ]   C o m p i l i n g   C   o b j e c t   d r i v e r s / l i b t m p _ r t e _ n e t _ m l x 5 . a . p / n e t _ m l x 5 _ m l x 5 _ e t h d e v . c . o b j 
 
 [ 5 5 9 / 8 7 4 ]   C o m p i l i n g   C   o b j e c t   d r i v e r s / l i b t m p _ r t e _ n e t _ m l x 5 . a . p / n e t _ m l x 5 _ m l x 5 _ f l o w _ f l e x . c . o b j 
 
 [ 5 6 0 / 8 7 4 ]   C o m p i l i n g   C   o b j e c t   d r i v e r s / l i b t m p _ r t e _ n e t _ m l x 5 . a . p / n e t _ m l x 5 _ m l x 5 _ f l o w . c . o b j 
 
 [ 5 6 1 / 8 7 4 ]   C o m p i l i n g   C   o b j e c t   d r i v e r s / l i b t m p _ r t e _ n e t _ m l x 5 . a . p / n e t _ m l x 5 _ m l x 5 _ t x _ m p w . c . o b j 
 
 [ 5 6 2 / 8 7 4 ]   C o m p i l i n g   C   o b j e c t   d r i v e r s / l i b t m p _ r t e _ n e t _ m l x 5 . a . p / n e t _ m l x 5 _ m l x 5 _ t x _ t x p p . c . o b j 
 
 [ 5 6 3 / 8 7 4 ]   C o m p i l i n g   C   o b j e c t   d r i v e r s / l i b t m p _ r t e _ n e t _ m l x 5 . a . p / n e t _ m l x 5 _ m l x 5 _ t x _ n o m p w . c . o b j 
 
 [ 5 6 4 / 8 7 4 ]   C o m p i l i n g   C   o b j e c t   d r i v e r s / l i b t m p _ r t e _ n e t _ m l x 5 . a . p / n e t _ m l x 5 _ m l x 5 _ t x _ e m p w . c . o b j 
 
 [ 5 6 5 / 8 7 4 ]   C o m p i l i n g   C   o b j e c t   d r i v e r s / l i b r t e _ n e t _ i a v f _ b a s e _ l i b . a . p / n e t _ i n t e l _ i c e _ b a s e _ i c e _ f d i r . c . o b j 
 
 n i n j a :   b u i l d   s t o p p e d :   s u b c o m m a n d   f a i l e d . 
 
 I N F O :   a u t o d e t e c t i n g   b a c k e n d   a s   n i n j a 
 
 I N F O :   c a l c u l a t i n g   b a c k e n d   c o m m a n d   t o   r u n :   " C : \ P r o g r a m   F i l e s \ M e s o n \ n i n j a . E X E "   - C   C : / U s e r s / b u i l d e r / j e n k i n s / w o r k s p a c e / W i n d o w s - C o m p i l e - D P D K - V S / d p d k / b u i l d 
 
 
==== End log output ====

Ubuntu 20.04
	Kernel: 4.19
	Compiler: gcc gcc (Ubuntu 9.4.0-1ubuntu1~20.04.2) 9.4.0

FreeBSD 14.2
	Kernel: 14.2-RELEASE
	Compiler: clang 18.1.6

Windows Server 2022
	Kernel: 10.0.20348.2031
	Compiler: clang 15.0.7, gcc 14.1.0 (MinGW), and MSVC VS 19.39.33521

To view detailed results, visit:
https://lab.dpdk.org/results/dashboard/patchsets/34242/

UNH-IOL DPDK Community Lab

To manage your email subscriptions, visit: 
https://lab.dpdk.org/results/dashboard/preferences/subscriptions/


More information about the test-report mailing list