|FAILURE| pw157352 [PATCH] [v1] net/mlx5: fix age checking crash

dpdklab at iol.unh.edu dpdklab at iol.unh.edu
Thu Oct 9 12:35:09 CEST 2025


Test-Label: iol-compile-amd64-testing
Test-Status: FAILURE
http://dpdk.org/patch/157352

_Testing issues_

Submitter: Rongwei Liu <rongweil at nvidia.com>
Date: Thursday, October 09 2025 02:28:46 
DPDK git baseline: Repo:dpdk-next-net-mlx
  Branch: master
  CommitID:2374f33e1d964e100895fd294966380c46f0886d

157352 --> testing issues

Upstream job id: Generic-DPDK-Compile-Meson#432710

Test environment and result as below:

+-------------------------------+--------------------+-------------------------+-------------------+----------------------+-------------------+------------------+
|          Environment          | dpdk_meson_compile | dpdk_llvm_clang_compile | dpdk_msvc_compile | dpdk_mingw64_compile | dpdk_compile_spdk | dpdk_compile_ovs |
+===============================+====================+=========================+===================+======================+===================+==================+
| FreeBSD 14.2                  | PASS               | SKIPPED                 | SKIPPED           | SKIPPED              | SKIPPED           | SKIPPED          |
+-------------------------------+--------------------+-------------------------+-------------------+----------------------+-------------------+------------------+
| Ubuntu 20.04                  | PASS               | SKIPPED                 | SKIPPED           | SKIPPED              | SKIPPED           | SKIPPED          |
+-------------------------------+--------------------+-------------------------+-------------------+----------------------+-------------------+------------------+
| CentOS Stream 9               | PASS               | SKIPPED                 | SKIPPED           | SKIPPED              | PASS              | SKIPPED          |
+-------------------------------+--------------------+-------------------------+-------------------+----------------------+-------------------+------------------+
| CentOS Stream 10              | PASS               | SKIPPED                 | SKIPPED           | SKIPPED              | SKIPPED           | SKIPPED          |
+-------------------------------+--------------------+-------------------------+-------------------+----------------------+-------------------+------------------+
| Debian GNU/Linux 12           | PASS               | SKIPPED                 | SKIPPED           | SKIPPED              | PASS              | SKIPPED          |
+-------------------------------+--------------------+-------------------------+-------------------+----------------------+-------------------+------------------+
| Fedora Linux 42               | PASS               | SKIPPED                 | SKIPPED           | SKIPPED              | PASS              | PASS             |
+-------------------------------+--------------------+-------------------------+-------------------+----------------------+-------------------+------------------+
| openSUSE Leap 15.6            | PASS               | SKIPPED                 | SKIPPED           | SKIPPED              | SKIPPED           | SKIPPED          |
+-------------------------------+--------------------+-------------------------+-------------------+----------------------+-------------------+------------------+
| Red Hat Enterprise Linux 9.5  | PASS               | SKIPPED                 | SKIPPED           | SKIPPED              | SKIPPED           | SKIPPED          |
+-------------------------------+--------------------+-------------------------+-------------------+----------------------+-------------------+------------------+
| Red Hat Enterprise Linux 8.10 | PASS               | SKIPPED                 | SKIPPED           | SKIPPED              | SKIPPED           | SKIPPED          |
+-------------------------------+--------------------+-------------------------+-------------------+----------------------+-------------------+------------------+
| Ubuntu 22.04                  | PASS               | SKIPPED                 | SKIPPED           | SKIPPED              | PASS              | SKIPPED          |
+-------------------------------+--------------------+-------------------------+-------------------+----------------------+-------------------+------------------+
| Ubuntu 24.04                  | PASS               | SKIPPED                 | SKIPPED           | SKIPPED              | PASS              | PASS             |
+-------------------------------+--------------------+-------------------------+-------------------+----------------------+-------------------+------------------+
| Alpine Linux 3.22.0           | PASS               | SKIPPED                 | SKIPPED           | SKIPPED              | SKIPPED           | SKIPPED          |
+-------------------------------+--------------------+-------------------------+-------------------+----------------------+-------------------+------------------+
| Windows Server 2022           | SKIPPED            | PASS                    | FAIL              | PASS                 | SKIPPED           | SKIPPED          |
+-------------------------------+--------------------+-------------------------+-------------------+----------------------+-------------------+------------------+

==== 20 line log output for Windows Server 2022 (dpdk_msvc_compile): ====
 C : \ U s e r s \ b u i l d e r \ j e n k i n s \ w o r k s p a c e \ W i n d o w s - C o m p i l e - D P D K - V S \ d p d k \ d r i v e r s \ n e t \ m l x 5 \ m l x 5 _ h w s _ c n t . h ( 2 0 8 ) :   e r r o r   C 2 2 2 0 :   t h e   f o l l o w i n g   w a r n i n g   i s   t r e a t e d   a s   a n   e r r o r 
 
 C : \ U s e r s \ b u i l d e r \ j e n k i n s \ w o r k s p a c e \ W i n d o w s - C o m p i l e - D P D K - V S \ d p d k \ d r i v e r s \ n e t \ m l x 5 \ m l x 5 _ h w s _ c n t . h ( 2 0 8 ) :   w a r n i n g   C 4 0 1 3 :   ' _ _ a t o m i c _ l o a d _ n '   u n d e f i n e d ;   a s s u m i n g   e x t e r n   r e t u r n i n g   i n t 
 
 C : \ U s e r s \ b u i l d e r \ j e n k i n s \ w o r k s p a c e \ W i n d o w s - C o m p i l e - D P D K - V S \ d p d k \ d r i v e r s \ n e t \ m l x 5 \ m l x 5 _ h w s _ c n t . h ( 2 0 8 ) :   e r r o r   C 2 0 6 5 :   ' _ _ A T O M I C _ A C Q U I R E ' :   u n d e c l a r e d   i d e n t i f i e r 
 
 C : \ U s e r s \ b u i l d e r \ j e n k i n s \ w o r k s p a c e \ W i n d o w s - C o m p i l e - D P D K - V S \ d p d k \ d r i v e r s \ n e t \ m l x 5 \ m l x 5 _ h w s _ c n t . h ( 2 1 0 ) :   w a r n i n g   C 4 0 1 3 :   ' _ _ a t o m i c _ s t o r e _ n '   u n d e f i n e d ;   a s s u m i n g   e x t e r n   r e t u r n i n g   i n t 
 
 C : \ U s e r s \ b u i l d e r \ j e n k i n s \ w o r k s p a c e \ W i n d o w s - C o m p i l e - D P D K - V S \ d p d k \ d r i v e r s \ n e t \ m l x 5 \ m l x 5 _ h w s _ c n t . h ( 2 1 0 ) :   e r r o r   C 2 0 6 5 :   ' _ _ A T O M I C _ R E L E A S E ' :   u n d e c l a r e d   i d e n t i f i e r 
 
 C : \ U s e r s \ b u i l d e r \ j e n k i n s \ w o r k s p a c e \ W i n d o w s - C o m p i l e - D P D K - V S \ d p d k \ d r i v e r s \ n e t \ m l x 5 \ m l x 5 _ h w s _ c n t . h ( 2 2 1 ) :   e r r o r   C 2 0 6 5 :   ' _ _ A T O M I C _ R E L A X E D ' :   u n d e c l a r e d   i d e n t i f i e r 
 
 C : \ U s e r s \ b u i l d e r \ j e n k i n s \ w o r k s p a c e \ W i n d o w s - C o m p i l e - D P D K - V S \ d p d k \ d r i v e r s \ n e t \ m l x 5 \ m l x 5 _ h w s _ c n t . h ( 2 3 0 ) :   e r r o r   C 2 0 6 5 :   ' _ _ A T O M I C _ A C Q U I R E ' :   u n d e c l a r e d   i d e n t i f i e r 
 
 [ 5 4 7 / 8 7 4 ]   C o m p i l i n g   C   o b j e c t   d r i v e r s / l i b t m p _ r t e _ n e t _ m l x 5 . a . p / n e t _ m l x 5 _ m l x 5 _ d r i v e r _ e v e n t . c . o b j 
 
 [ 5 4 8 / 8 7 4 ]   G e n e r a t i n g   d r i v e r s / r t e _ n e t _ i x g b e . p m d . c   w i t h   a   c u s t o m   c o m m a n d   ( w r a p p e d   b y   m e s o n   t o   s e t   P A T H ) 
 
 [ 5 4 9 / 8 7 4 ]   C o m p i l i n g   C   o b j e c t   d r i v e r s / l i b t m p _ r t e _ n e t _ m l x 5 . a . p / n e t _ m l x 5 _ m l x 5 _ d e v x . c . o b j 
 
 [ 5 5 0 / 8 7 4 ]   C o m p i l i n g   C   o b j e c t   d r i v e r s / l i b t m p _ r t e _ n e t _ m l x 5 . a . p / n e t _ m l x 5 _ m l x 5 _ f l o w _ g e n e v e . c . o b j 
 
 [ 5 5 1 / 8 7 4 ]   C o m p i l i n g   C   o b j e c t   d r i v e r s / l i b t m p _ r t e _ n e t _ m l x 5 . a . p / n e t _ m l x 5 _ m l x 5 _ t x _ m p w . c . o b j 
 
 [ 5 5 2 / 8 7 4 ]   C o m p i l i n g   C   o b j e c t   d r i v e r s / l i b t m p _ r t e _ n e t _ m l x 5 . a . p / n e t _ m l x 5 _ m l x 5 _ t x _ t x p p . c . o b j 
 
 [ 5 5 3 / 8 7 4 ]   C o m p i l i n g   C   o b j e c t   d r i v e r s / l i b t m p _ r t e _ n e t _ m l x 5 . a . p / n e t _ m l x 5 _ m l x 5 _ t x _ e m p w . c . o b j 
 
 [ 5 5 4 / 8 7 4 ]   C o m p i l i n g   C   o b j e c t   d r i v e r s / l i b t m p _ r t e _ n e t _ m l x 5 . a . p / n e t _ m l x 5 _ m l x 5 _ t x _ n o m p w . c . o b j 
 
 [ 5 5 5 / 8 7 4 ]   C o m p i l i n g   C   o b j e c t   d r i v e r s / l i b r t e _ n e t _ i a v f _ b a s e _ l i b . a . p / n e t _ i n t e l _ i c e _ b a s e _ i c e _ f d i r . c . o b j 
 
 n i n j a :   b u i l d   s t o p p e d :   s u b c o m m a n d   f a i l e d . 
 
 I N F O :   a u t o d e t e c t i n g   b a c k e n d   a s   n i n j a 
 
 I N F O :   c a l c u l a t i n g   b a c k e n d   c o m m a n d   t o   r u n :   " C : \ P r o g r a m   F i l e s \ M e s o n \ n i n j a . E X E "   - C   C : / U s e r s / b u i l d e r / j e n k i n s / w o r k s p a c e / W i n d o w s - C o m p i l e - D P D K - V S / d p d k / b u i l d 
 
 
==== End log output ====

FreeBSD 14.2
	Kernel: 14.2-RELEASE
	Compiler: clang 18.1.6

Ubuntu 20.04
	Kernel: 4.19
	Compiler: gcc gcc (Ubuntu 9.4.0-1ubuntu1~20.04.2) 9.4.0

CentOS Stream 9
	Kernel: 5.15
	Compiler: gcc gcc (GCC) 11.5.0 20240719 (Red Hat 11.5.0-11)

CentOS Stream 10
	Kernel: 5.15
	Compiler: gcc gcc (GCC) 14.2.1 20250110 (Red Hat 14.2.1-8)

Debian GNU/Linux 12
	Kernel: 5.15
	Compiler: gcc gcc (Debian 12.2.0-14+deb12u1) 12.2.0

Fedora Linux 42
	Kernel: 5.15
	Compiler: clang gcc (GCC) 15.2.1 20250808 (Red Hat 15.2.1-1)

openSUSE Leap 15.6
	Kernel: 5.15
	Compiler: gcc gcc (SUSE Linux) 7.5.0

Red Hat Enterprise Linux 9.5
	Kernel: 5.15
	Compiler: gcc gcc (GCC) 11.5.0 20240719 (Red Hat 11.5.0-2)

Red Hat Enterprise Linux 8.10
	Kernel: 5.15
	Compiler: gcc gcc (GCC) 8.5.0 20210514 (Red Hat 8.5.0-22)

Ubuntu 22.04
	Kernel: 5.15
	Compiler: gcc gcc (Ubuntu 11.4.0-1ubuntu1~22.04) 11.4.0

Ubuntu 24.04
	Kernel: 5.15
	Compiler: gcc gcc (Ubuntu 13.3.0-6ubuntu2~24.04) 13.3.0

Alpine Linux 3.22.0
	Kernel: 5.15
	Compiler: gcc gcc (Alpine 14.2.0) 14.2.0

Windows Server 2022
	Kernel: 10.0.20348.2031
	Compiler: clang 15.0.7, gcc 14.1.0 (MinGW), and MSVC VS 19.39.33521

To view detailed results, visit:
https://lab.dpdk.org/results/dashboard/patchsets/34240/

UNH-IOL DPDK Community Lab

To manage your email subscriptions, visit: 
https://lab.dpdk.org/results/dashboard/preferences/subscriptions/


More information about the test-report mailing list