|FAILURE| pw157502-157508 [PATCH] [v4,7/7] usertools/mbuf: parse mbu

dpdklab at iol.unh.edu dpdklab at iol.unh.edu
Tue Oct 14 00:12:22 CEST 2025


Test-Label: iol-compile-amd64-testing
Test-Status: FAILURE
http://dpdk.org/patch/157508

_Testing issues_

Submitter: Thomas Monjalon <thomas at monjalon.net>
Date: Monday, October 13 2025 21:16:07 
DPDK git baseline: Repo:dpdk
  Branch: master
  CommitID:2b403dd8fb37d0ba13723e44ffc7ee2c2795f838

157502-157508 --> testing issues

Upstream job id: Windows-Compile-DPDK-VS#7178

Test environment and result as below:

+-------------------------------+--------------------+-------------------+------------------+-------------------+-------------------------+
|          Environment          | dpdk_meson_compile | dpdk_compile_spdk | dpdk_compile_ovs | dpdk_msvc_compile | dpdk_llvm_clang_compile |
+===============================+====================+===================+==================+===================+=========================+
| Debian GNU/Linux 12           | PEND               | PEND              | SKIPPED          | SKIPPED           | SKIPPED                 |
+-------------------------------+--------------------+-------------------+------------------+-------------------+-------------------------+
| CentOS Stream 10              | PEND               | SKIPPED           | SKIPPED          | SKIPPED           | SKIPPED                 |
+-------------------------------+--------------------+-------------------+------------------+-------------------+-------------------------+
| CentOS Stream 9               | PEND               | PEND              | SKIPPED          | SKIPPED           | SKIPPED                 |
+-------------------------------+--------------------+-------------------+------------------+-------------------+-------------------------+
| Fedora Linux 42               | PEND               | PEND              | PEND             | SKIPPED           | SKIPPED                 |
+-------------------------------+--------------------+-------------------+------------------+-------------------+-------------------------+
| Red Hat Enterprise Linux 8.10 | PEND               | SKIPPED           | SKIPPED          | SKIPPED           | SKIPPED                 |
+-------------------------------+--------------------+-------------------+------------------+-------------------+-------------------------+
| openSUSE Leap 15.6            | PEND               | SKIPPED           | SKIPPED          | SKIPPED           | SKIPPED                 |
+-------------------------------+--------------------+-------------------+------------------+-------------------+-------------------------+
| Red Hat Enterprise Linux 9.5  | PEND               | SKIPPED           | SKIPPED          | SKIPPED           | SKIPPED                 |
+-------------------------------+--------------------+-------------------+------------------+-------------------+-------------------------+
| Ubuntu 24.04                  | PEND               | PEND              | PEND             | SKIPPED           | SKIPPED                 |
+-------------------------------+--------------------+-------------------+------------------+-------------------+-------------------------+
| Ubuntu 20.04                  | PASS               | SKIPPED           | SKIPPED          | SKIPPED           | SKIPPED                 |
+-------------------------------+--------------------+-------------------+------------------+-------------------+-------------------------+
| FreeBSD 14.2                  | PASS               | SKIPPED           | SKIPPED          | SKIPPED           | SKIPPED                 |
+-------------------------------+--------------------+-------------------+------------------+-------------------+-------------------------+
| Ubuntu 22.04                  | PEND               | PEND              | SKIPPED          | SKIPPED           | SKIPPED                 |
+-------------------------------+--------------------+-------------------+------------------+-------------------+-------------------------+
| Alpine Linux 3.22.0           | PEND               | SKIPPED           | SKIPPED          | SKIPPED           | SKIPPED                 |
+-------------------------------+--------------------+-------------------+------------------+-------------------+-------------------------+
| Windows Server 2022           | SKIPPED            | SKIPPED           | SKIPPED          | FAIL              | PEND                    |
+-------------------------------+--------------------+-------------------+------------------+-------------------+-------------------------+

==== 20 line log output for Windows Server 2022 (dpdk_msvc_compile): ====
 [ 6 9 6 / 8 7 4 ]   C o m p i l i n g   C   o b j e c t   a p p / d p d k - t e s t p m d . e x e . p / t e s t - p m d _ c m d l i n e . c . o b j 
 
 F A I L E D :   a p p / d p d k - t e s t p m d . e x e . p / t e s t - p m d _ c m d l i n e . c . o b j   
 
 " c l "   " - I a p p \ d p d k - t e s t p m d . e x e . p "   " - I a p p "   " - I . . \ a p p "   " - I a p p \ t e s t - p m d "   " - I . . \ a p p \ t e s t - p m d "   " - I l i b \ e t h d e v "   " - I . . \ l i b \ e t h d e v "   " - I l i b \ e a l \ c o m m o n "   " - I . . \ l i b \ e a l \ c o m m o n "   " - I . "   " - I . . "   " - I c o n f i g "   " - I . . \ c o n f i g "   " - I l i b \ e a l \ i n c l u d e "   " - I . . \ l i b \ e a l \ i n c l u d e "   " - I l i b \ e a l \ w i n d o w s \ i n c l u d e "   " - I . . \ l i b \ e a l \ w i n d o w s \ i n c l u d e "   " - I l i b \ e a l \ x 8 6 \ i n c l u d e "   " - I . . \ l i b \ e a l \ x 8 6 \ i n c l u d e "   " - I l i b \ e a l "   " - I . . \ l i b \ e a l "   " - I l i b \ l o g "   " - I . . \ l i b \ l o g "   " - I l i b \ k v a r g s "   " - I . . \ l i b \ k v a r g s "   " - I l i b \ n e t "   " - I . . \ l i b \ n e t "   " - I l i b \ m b u f "   " - I . . \ l i b \ m b u f "   " - I
  l i b \ m e m p o o l "   " - I . . \ l i b \ m e m p o o l "   " - I l i b \ r i n g "   " - I . . \ l i b \ r i n g "   " - I l i b \ m e t r i c s "   " - I . . \ l i b \ m e t r i c s "   " - I l i b \ t e l e m e t r y "   " - I . . \ l i b \ t e l e m e t r y "   " - I l i b \ m e t e r "   " - I . . \ l i b \ m e t e r "   " - I l i b \ c m d l i n e "   " - I . . \ l i b \ c m d l i n e "   " - I l i b \ p c i "   " - I . . \ l i b \ p c i "   " - I l i b \ b i t r a t e s t a t s "   " - I . . \ l i b \ b i t r a t e s t a t s "   " - I l i b \ g r o "   " - I . . \ l i b \ g r o "   " - I l i b \ g s o "   " - I . . \ l i b \ g s o "   " - I l i b \ l a t e n c y s t a t s "   " - I . . \ l i b \ l a t e n c y s t a t s "   " - I d r i v e r s \ n e t \ i n t e l \ i 4 0 e "   " - I . . \ d r i v e r s \ n e t \ i n t e l \ i 4 0 e "   " - I d r i v e r s \ n e t \ i n t e l \ i 4 0 e \ b a s e "   " - I . . \ d r i v e r s \ n e t \ i n t e l \ i 4 0 e \ b a s e "   " - 
 I d r i v e r s \ b u s \ p c i "   " - I . . \ d r i v e r s \ b u s \ p c i "   " - I . . \ d r i v e r s \ b u s \ p c i \ w i n d o w s "   " - I d r i v e r s \ b u s \ v d e v "   " - I . . \ d r i v e r s \ b u s \ v d e v "   " - I l i b \ h a s h "   " - I . . \ l i b \ h a s h "   " - I l i b \ r c u "   " - I . . \ l i b \ r c u "   " - I d r i v e r s \ n e t \ i n t e l \ i x g b e "   " - I . . \ d r i v e r s \ n e t \ i n t e l \ i x g b e "   " - I d r i v e r s \ n e t \ i n t e l \ i x g b e \ b a s e "   " - I . . \ d r i v e r s \ n e t \ i n t e l \ i x g b e \ b a s e "   " - I l i b \ s e c u r i t y "   " - I . . \ l i b \ s e c u r i t y "   " - I l i b \ c r y p t o d e v "   " - I . . \ l i b \ c r y p t o d e v "   " - I d r i v e r s \ n e t \ i n t e l \ i a v f "   " - I . . \ d r i v e r s \ n e t \ i n t e l \ i a v f "   " - I . . \ d r i v e r s \ n e t \ i n t e l \ i a v f \ b a s e "   " - I d r i v e r s \ n e t \ i n t e l \ i c e "   " - I .
  . \ d r i v e r s \ n e t \ i n t e l \ i c e "   " - I d r i v e r s \ n e t \ i n t e l \ i c e \ b a s e "   " - I . . \ d r i v e r s \ n e t \ i n t e l \ i c e \ b a s e "   " - I d r i v e r s \ n e t \ m l x 5 "   " - I . . \ d r i v e r s \ n e t \ m l x 5 "   " - I d r i v e r s \ n e t / m l x 5 \ w i n d o w s "   " - I . . \ d r i v e r s \ n e t \ m l x 5 \ w i n d o w s "   " - I d r i v e r s \ c o m m o n \ m l x 5 "   " - I . . \ d r i v e r s \ c o m m o n \ m l x 5 "   " - I d r i v e r s \ c o m m o n / m l x 5 \ w i n d o w s "   " - I . . \ d r i v e r s \ c o m m o n \ m l x 5 \ w i n d o w s "   " - I d r i v e r s \ b u s \ a u x i l i a r y "   " - I . . \ d r i v e r s \ b u s \ a u x i l i a r y "   " - I C : \ P r o g r a m   F i l e s \ M e l l a n o x \ M L N X _ W i n O F 2 _ D e v X _ S D K \ i n c "   " / M D "   " / n o l o g o "   " / s h o w I n c l u d e s "   " / u t f - 8 "   " / W 3 "   " / W X "   " / s t d : c 1 1 "   " / O 2 "   " / G w 
 "   " / w d 4 2 4 4 "   " / w d 4 2 6 7 "   " / w d 4 1 4 6 "   " / e x p e r i m e n t a l : c 1 1 a t o m i c s "   " / d 1 e x p e r i m e n t a l : t y p e o f "   " / e x p e r i m e n t a l : s t a t e m e n t E x p r e s s i o n s "   " / F I "   " r t e _ c o n f i g . h "   " - D _ G N U _ S O U R C E "   " - D _ W I N 3 2 _ W I N N T = 0 x 0 A 0 0 "   " - D A L L O W _ E X P E R I M E N T A L _ A P I "   " / F d a p p \ d p d k - t e s t p m d . e x e . p \ t e s t - p m d _ c m d l i n e . c . p d b "   / F o a p p / d p d k - t e s t p m d . e x e . p / t e s t - p m d _ c m d l i n e . c . o b j   " / c "   . . / a p p / t e s t - p m d / c m d l i n e . c 
 
 . . / a p p / t e s t - p m d / c m d l i n e . c ( 9 1 1 5 ) :   e r r o r   C 2 2 2 0 :   t h e   f o l l o w i n g   w a r n i n g   i s   t r e a t e d   a s   a n   e r r o r 
 
 . . / a p p / t e s t - p m d / c m d l i n e . c ( 9 1 1 5 ) :   w a r n i n g   C 5 1 0 1 :   u s e   o f   p r e p r o c e s s o r   d i r e c t i v e   i n   f u n c t i o n - l i k e   m a c r o   a r g u m e n t   l i s t   i s   u n d e f i n e d   b e h a v i o r 
 
 . . / a p p / t e s t - p m d / c m d l i n e . c ( 9 1 1 7 ) :   w a r n i n g   C 5 1 0 1 :   u s e   o f   p r e p r o c e s s o r   d i r e c t i v e   i n   f u n c t i o n - l i k e   m a c r o   a r g u m e n t   l i s t   i s   u n d e f i n e d   b e h a v i o r 
 
 . . / a p p / t e s t - p m d / c m d l i n e . c ( 9 1 1 9 ) :   e r r o r   C 2 0 5 9 :   s y n t a x   e r r o r :   ' # ' 
 
 [ 6 9 7 / 8 7 4 ]   C o m p i l i n g   C   o b j e c t   a p p / d p d k - t e s t p m d . e x e . p / t e s t - p m d _ c m d l i n e _ c m a n . c . o b j 
 
 [ 6 9 8 / 8 7 4 ]   C o m p i l i n g   C   o b j e c t   a p p / d p d k - t e s t - f l o w - p e r f . e x e . p / t e s t - f l o w - p e r f _ m a i n . c . o b j 
 
 [ 6 9 9 / 8 7 4 ]   C o m p i l i n g   C   o b j e c t   a p p / d p d k - t e s t p m d . e x e . p / t e s t - p m d _ p a r a m e t e r s . c . o b j 
 
 [ 7 0 0 / 8 7 4 ]   C o m p i l i n g   C   o b j e c t   a p p / d p d k - t e s t p m d . e x e . p / t e s t - p m d _ c s u m o n l y . c . o b j 
 
 [ 7 0 1 / 8 7 4 ]   C o m p i l i n g   C   o b j e c t   a p p / d p d k - t e s t p m d . e x e . p / t e s t - p m d _ i c m p e c h o . c . o b j 
 
 [ 7 0 2 / 8 7 4 ]   C o m p i l i n g   C   o b j e c t   a p p / d p d k - t e s t p m d . e x e . p / t e s t - p m d _ c o n f i g . c . o b j 
 
 [ 7 0 3 / 8 7 4 ]   C o m p i l i n g   C   o b j e c t   a p p / d p d k - t e s t p m d . e x e . p / t e s t - p m d _ i e e e 1 5 8 8 f w d . c . o b j 
 
 [ 7 0 4 / 8 7 4 ]   C o m p i l i n g   C   o b j e c t   a p p / d p d k - t e s t p m d . e x e . p / t e s t - p m d _ c m d l i n e _ f l o w . c . o b j 
 
 [ 7 0 5 / 8 7 4 ]   C o m p i l i n g   C   o b j e c t   d r i v e r s / l i b r t e _ n e t _ i a v f _ b a s e _ l i b . a . p / n e t _ i n t e l _ i c e _ b a s e _ i c e _ f d i r . c . o b j 
 
 n i n j a :   b u i l d   s t o p p e d :   s u b c o m m a n d   f a i l e d . 
 
 I N F O :   a u t o d e t e c t i n g   b a c k e n d   a s   n i n j a 
 
 I N F O :   c a l c u l a t i n g   b a c k e n d   c o m m a n d   t o   r u n :   " C : \ P r o g r a m   F i l e s \ M e s o n \ n i n j a . E X E "   - C   C : / U s e r s / b u i l d e r / j e n k i n s / w o r k s p a c e / W i n d o w s - C o m p i l e - D P D K - V S / d p d k / b u i l d 
 
 
==== End log output ====

Debian GNU/Linux 12
	Kernel: 5.15
	Compiler: gcc gcc (Debian 12.2.0-14+deb12u1) 12.2.0

CentOS Stream 10
	Kernel: 5.15
	Compiler: gcc gcc (GCC) 14.2.1 20250110 (Red Hat 14.2.1-8)

CentOS Stream 9
	Kernel: 5.15
	Compiler: gcc gcc (GCC) 11.5.0 20240719 (Red Hat 11.5.0-11)

Fedora Linux 42
	Kernel: 5.15
	Compiler: clang gcc (GCC) 15.2.1 20250808 (Red Hat 15.2.1-1)

Red Hat Enterprise Linux 8.10
	Kernel: 5.15
	Compiler: gcc gcc (GCC) 8.5.0 20210514 (Red Hat 8.5.0-22)

openSUSE Leap 15.6
	Kernel: 5.15
	Compiler: gcc gcc (SUSE Linux) 7.5.0

Red Hat Enterprise Linux 9.5
	Kernel: 5.15
	Compiler: gcc gcc (GCC) 11.5.0 20240719 (Red Hat 11.5.0-2)

Ubuntu 24.04
	Kernel: 5.15
	Compiler: gcc gcc (Ubuntu 13.3.0-6ubuntu2~24.04) 13.3.0

Ubuntu 20.04
	Kernel: 5.15
	Compiler: gcc gcc (Ubuntu 9.4.0-1ubuntu1~20.04.2) 9.4.0

FreeBSD 14.2
	Kernel: 14.2-RELEASE
	Compiler: clang 18.1.6

Ubuntu 22.04
	Kernel: 5.15
	Compiler: gcc gcc (Ubuntu 11.4.0-1ubuntu1~22.04) 11.4.0

Alpine Linux 3.22.0
	Kernel: 5.15
	Compiler: gcc gcc (Alpine 14.2.0) 14.2.0

Windows Server 2022
	Kernel: 10.0.20348.2031
	Compiler: clang 15.0.7, gcc 14.1.0 (MinGW), and MSVC VS 19.39.33521

To view detailed results, visit:
https://lab.dpdk.org/results/dashboard/patchsets/34266/

UNH-IOL DPDK Community Lab

To manage your email subscriptions, visit: 
https://lab.dpdk.org/results/dashboard/preferences/subscriptions/


More information about the test-report mailing list