|FAILURE| pw157760-157652 [PATCH] [v3,54/54] net/bnxt/tf_ulp: remove
dpdklab at iol.unh.edu
dpdklab at iol.unh.edu
Fri Oct 17 13:01:29 CEST 2025
Test-Label: iol-compile-arm64-testing
Test-Status: FAILURE
http://dpdk.org/patch/157652
_Testing issues_
Submitter: Manish Kurup <manish.kurup at broadcom.com>
Date: Wednesday, October 15 2025 09:00:24
DPDK git baseline: Repo:dpdk
Branch: master
CommitID:16f4c522003dcfecf23c8d38e009b95a3bbefd03
157760-157652 --> testing issues
Upstream job id: Generic-DPDK-Compile-Meson#435117
Test environment and result as below:
+------------------------------+--------------------+
| Environment | dpdk_meson_compile |
+==============================+====================+
| CentOS Stream 10 | PASS |
+------------------------------+--------------------+
| Red Hat Enterprise Linux 9.5 | PASS |
+------------------------------+--------------------+
| Ubuntu 20.04 | FAIL |
+------------------------------+--------------------+
| Debian GNU/Linux 12 | PASS |
+------------------------------+--------------------+
| Fedora Linux 42 | PASS |
+------------------------------+--------------------+
| Ubuntu 22.04 | PASS |
+------------------------------+--------------------+
| Ubuntu 24.04 | PASS |
+------------------------------+--------------------+
| CentOS Stream 9 | PASS |
+------------------------------+--------------------+
==== 20 line log output for Ubuntu 20.04 (dpdk_meson_compile): ====
[1083/2694] Compiling C object drivers/libtmp_rte_net_bnxt.a.p/net_bnxt_tf_core_v3_tfc_if_tbl.c.o
[1084/2694] Compiling C object drivers/libtmp_rte_net_bnxt.a.p/net_bnxt_tf_core_v3_tfc_init.c.o
[1085/2694] Compiling C object drivers/libtmp_rte_net_bnxt.a.p/net_bnxt_tf_core_v3_tfc_mpc_debug.c.o
FAILED: drivers/libtmp_rte_net_bnxt.a.p/net_bnxt_tf_core_v3_tfc_mpc_debug.c.o
ccache arm-linux-gnueabihf-gcc -Idrivers/libtmp_rte_net_bnxt.a.p -Idrivers -I../drivers -Idrivers/net/bnxt -I../drivers/net/bnxt -Idrivers/net/bnxt/tf_ulp -I../drivers/net/bnxt/tf_ulp -Idrivers/net/bnxt/tf_ulp/generic_templates -I../drivers/net/bnxt/tf_ulp/generic_templates -Idrivers/net/bnxt/tf_core -I../drivers/net/bnxt/tf_core -Idrivers/net/bnxt/tf_core/v3 -I../drivers/net/bnxt/tf_core/v3 -Idrivers/net/bnxt/hcapi/cfa -I../drivers/net/bnxt/hcapi/cfa -Idrivers/net/bnxt/hcapi/cfa_v3 -I../drivers/net/bnxt/hcapi/cfa_v3 -I../drivers/net/bnxt/hcapi/cfa_v3/include -I../drivers/net/bnxt/hcapi/cfa_v3/include/platform/dpdk -I../drivers/net/bnxt/hcapi/cfa_v3/bld/p70 -I../drivers/net/bnxt/hcapi/cfa_v3/bld/p70/host -I../drivers/net/bnxt/hcapi/cfa_v3/bld/include -I../drivers/net/bnxt/hcapi/cfa_v3/bld/include/host -I../drivers/net/bnxt/hcapi/cfa_v3/bld/include/p70 -I../drivers/net/bnxt/hcapi/cfa_v3/mm/include -I../drivers/net/bnxt/hcapi/cfa_v3/tim/include -I../drivers/net/bnxt/hcapi/cfa_v3/tpm/in
clude -Ilib/ethdev -I../lib/ethdev -Ilib/eal/common -I../lib/eal/common -I. -I.. -Iconfig -I../config -Ilib/eal/include -I../lib/eal/include -Ilib/eal/linux/include -I../lib/eal/linux/include -Ilib/eal/arm/include -I../lib/eal/arm/include -I../kernel/linux -Ilib/eal -I../lib/eal -Ilib/kvargs -I../lib/kvargs -Ilib/log -I../lib/log -Ilib/metrics -I../lib/metrics -Ilib/telemetry -I../lib/telemetry -Ilib/argparse -I../lib/argparse -Ilib/net -I../lib/net -Ilib/mbuf -I../lib/mbuf -Ilib/mempool -I../lib/mempool -Ilib/ring -I../lib/ring -Ilib/meter -I../lib/meter -Idrivers/bus/pci -I../drivers/bus/pci -I../drivers/bus/pci/linux -Ilib/pci -I../lib/pci -Idrivers/bus/vdev -I../drivers/bus/vdev -Ilib/hash -I../lib/hash -Ilib/rcu -I../lib/rcu -fdiagnostics-color=always -pipe -D_FILE_OFFSET_BITS=64 -Wall -Winvalid-pch -Wextra -Werror -std=c11 -O3 -include rte_config.h -Wvla -Wcast-qual -Wdeprecated -Wformat -Wformat-nonliteral -Wformat-security -Wmissing-declarations -Wmissing-prototypes -Wnested
-externs -Wold-style-definition -Wpointer-arith -Wsign-compare -Wstrict-prototypes -Wundef -Wwrite-strings -Wno-packed-not-aligned -Wno-missing-field-initializers -Wno-pointer-to-int-cast -D_GNU_SOURCE -fPIC -march=armv8-a+simd -mfpu=auto -DALLOW_EXPERIMENTAL_API -DALLOW_INTERNAL_API -Wno-format-truncation -Wno-address-of-packed-member -Wno-vla -DBNXT_TF_APP_ID=0 -DSUPPORT_CFA_HW_P70=1 -DCFA_BLD_PRINT_OBJ=1 -DRTE_LOG_DEFAULT_LOGTYPE=pmd.net.bnxt -MD -MQ drivers/libtmp_rte_net_bnxt.a.p/net_bnxt_tf_core_v3_tfc_mpc_debug.c.o -MF drivers/libtmp_rte_net_bnxt.a.p/net_bnxt_tf_core_v3_tfc_mpc_debug.c.o.d -o drivers/libtmp_rte_net_bnxt.a.p/net_bnxt_tf_core_v3_tfc_mpc_debug.c.o -c ../drivers/net/bnxt/tf_core/v3/tfc_mpc_debug.c
../drivers/net/bnxt/tf_core/v3/tfc_mpc_debug.c: In function 'act_decode':
../drivers/net/bnxt/tf_core/v3/tfc_mpc_debug.c:979:15: error: cast to pointer from integer of different size [-Werror=int-to-pointer-cast]
979 | mod_decode((uint32_t *)(base + (act_info->full.mod_ptr << 3)),
| ^
../drivers/net/bnxt/tf_core/v3/tfc_mpc_debug.c:985:9: error: cast to pointer from integer of different size [-Werror=int-to-pointer-cast]
985 | (uint32_t *)(base + (act_info->full.stat0_ptr << 3)));
| ^
../drivers/net/bnxt/tf_core/v3/tfc_mpc_debug.c:990:9: error: cast to pointer from integer of different size [-Werror=int-to-pointer-cast]
990 | (uint32_t *)(base + (act_info->full.stat1_ptr << 3)));
| ^
../drivers/net/bnxt/tf_core/v3/tfc_mpc_debug.c:992:15: error: cast to pointer from integer of different size [-Werror=int-to-pointer-cast]
992 | enc_decode((uint32_t *)(base + (act_info->full.enc_ptr << 3)),
| ^
cc1: all warnings being treated as errors
ninja: build stopped: subcommand failed.
==== End log output ====
CentOS Stream 10
Kernel: 5.4
Compiler: gcc gcc (GCC) 14.2.1 20250110 (Red Hat 14.2.1-8)
Red Hat Enterprise Linux 9.5
Kernel: 5.4
Compiler: gcc gcc (GCC) 11.5.0 20240719 (Red Hat 11.5.0-2)
Ubuntu 20.04
Kernel: 5.15
Compiler: aarch64-linux-gnu-gcc gcc (Ubuntu 9.4.0-1ubuntu1~20.04.2) 9.4.0
Debian GNU/Linux 12
Kernel: 5.4
Compiler: gcc gcc (Debian 12.2.0-14+deb12u1) 12.2.0
Fedora Linux 42
Kernel: 5.4
Compiler: gcc gcc (GCC) 15.2.1 20250808 (Red Hat 15.2.1-1)
Ubuntu 22.04
Kernel: 5.4
Compiler: gcc gcc (Ubuntu 11.4.0-1ubuntu1~22.04) 11.4.0
Ubuntu 24.04
Kernel: 5.4
Compiler: gcc gcc (Ubuntu 13.3.0-6ubuntu2~24.04) 13.3.0
CentOS Stream 9
Kernel: 5.4
Compiler: gcc gcc (GCC) 11.5.0 20240719 (Red Hat 11.5.0-11)
To view detailed results, visit:
https://lab.dpdk.org/results/dashboard/patchsets/34303/
UNH-IOL DPDK Community Lab
To manage your email subscriptions, visit:
https://lab.dpdk.org/results/dashboard/preferences/subscriptions/
More information about the test-report
mailing list