|FAILURE| pw157905 [PATCH] [v4,1/1] eal/riscv: optimize rte_memcpy w
    dpdklab at iol.unh.edu 
    dpdklab at iol.unh.edu
       
    Tue Oct 21 10:00:46 CEST 2025
    
    
  
Test-Label: iol-compile-amd64-testing
Test-Status: FAILURE
http://dpdk.org/patch/157905
_Testing issues_
Submitter: Qiguo Chen <chen.qiguo at zte.com.cn>
Date: Tuesday, October 21 2025 06:56:07 
DPDK git baseline: Repo:dpdk
  Branch: master
  CommitID:09937a3646f83ffe9d0d27896066c3f3f6e4ee0c
157905 --> testing issues
Upstream job id: Generic-DPDK-Compile-Meson#436505
Test environment and result as below:
+-------------------------------+--------------------+------------------+-------------------+-------------------------+-------------------+
|          Environment          | dpdk_meson_compile | dpdk_compile_ovs | dpdk_compile_spdk | dpdk_llvm_clang_compile | dpdk_msvc_compile |
+===============================+====================+==================+===================+=========================+===================+
| openSUSE Leap 15.6            | PASS               | SKIPPED          | SKIPPED           | SKIPPED                 | SKIPPED           |
+-------------------------------+--------------------+------------------+-------------------+-------------------------+-------------------+
| Fedora Linux 42               | PEND               | PEND             | PEND              | SKIPPED                 | SKIPPED           |
+-------------------------------+--------------------+------------------+-------------------+-------------------------+-------------------+
| Ubuntu 22.04                  | PASS               | SKIPPED          | WARN              | SKIPPED                 | SKIPPED           |
+-------------------------------+--------------------+------------------+-------------------+-------------------------+-------------------+
| FreeBSD 14.2                  | PASS               | SKIPPED          | SKIPPED           | SKIPPED                 | SKIPPED           |
+-------------------------------+--------------------+------------------+-------------------+-------------------------+-------------------+
| Red Hat Enterprise Linux 9.5  | PASS               | SKIPPED          | SKIPPED           | SKIPPED                 | SKIPPED           |
+-------------------------------+--------------------+------------------+-------------------+-------------------------+-------------------+
| CentOS Stream 9               | PEND               | SKIPPED          | PEND              | SKIPPED                 | SKIPPED           |
+-------------------------------+--------------------+------------------+-------------------+-------------------------+-------------------+
| Debian GNU/Linux 12           | PEND               | SKIPPED          | PEND              | SKIPPED                 | SKIPPED           |
+-------------------------------+--------------------+------------------+-------------------+-------------------------+-------------------+
| CentOS Stream 10              | PASS               | SKIPPED          | SKIPPED           | SKIPPED                 | SKIPPED           |
+-------------------------------+--------------------+------------------+-------------------+-------------------------+-------------------+
| Ubuntu 20.04                  | PASS               | SKIPPED          | SKIPPED           | SKIPPED                 | SKIPPED           |
+-------------------------------+--------------------+------------------+-------------------+-------------------------+-------------------+
| Ubuntu 24.04                  | PEND               | PEND             | PEND              | SKIPPED                 | SKIPPED           |
+-------------------------------+--------------------+------------------+-------------------+-------------------------+-------------------+
| Red Hat Enterprise Linux 8.10 | PEND               | SKIPPED          | SKIPPED           | SKIPPED                 | SKIPPED           |
+-------------------------------+--------------------+------------------+-------------------+-------------------------+-------------------+
| Alpine Linux 3.22.0           | PEND               | SKIPPED          | SKIPPED           | SKIPPED                 | SKIPPED           |
+-------------------------------+--------------------+------------------+-------------------+-------------------------+-------------------+
| Windows Server 2022           | SKIPPED            | SKIPPED          | SKIPPED           | PEND                    | PEND              |
+-------------------------------+--------------------+------------------+-------------------+-------------------------+-------------------+
==== 20 line log output for Ubuntu 22.04 (dpdk_compile_spdk): ====
 --- Failed to get log output --- 
==== End log output ====
openSUSE Leap 15.6
	Kernel: 5.15
	Compiler: gcc gcc (SUSE Linux) 7.5.0
Fedora Linux 42
	Kernel: 5.15
	Compiler: gcc gcc (GCC) 15.2.1 20250808 (Red Hat 15.2.1-1)
Ubuntu 22.04
	Kernel: 5.15
	Compiler: gcc gcc (Ubuntu 11.4.0-1ubuntu1~22.04) 11.4.0
FreeBSD 14.2
	Kernel: 14.2-RELEASE
	Compiler: clang 18.1.6
Red Hat Enterprise Linux 9.5
	Kernel: 5.15
	Compiler: gcc gcc (GCC) 11.5.0 20240719 (Red Hat 11.5.0-2)
CentOS Stream 9
	Kernel: 5.15
	Compiler: gcc gcc (GCC) 11.5.0 20240719 (Red Hat 11.5.0-11)
Debian GNU/Linux 12
	Kernel: 5.15
	Compiler: gcc gcc (Debian 12.2.0-14+deb12u1) 12.2.0
CentOS Stream 10
	Kernel: 5.15
	Compiler: gcc gcc (GCC) 14.2.1 20250110 (Red Hat 14.2.1-8)
Ubuntu 20.04
	Kernel: 5.15
	Compiler: gcc gcc (Ubuntu 9.4.0-1ubuntu1~20.04.2) 9.4.0
Ubuntu 24.04
	Kernel: 5.15
	Compiler: gcc gcc (Ubuntu 13.3.0-6ubuntu2~24.04) 13.3.0
Red Hat Enterprise Linux 8.10
	Kernel: 5.15
	Compiler: gcc gcc (GCC) 8.5.0 20210514 (Red Hat 8.5.0-22)
Alpine Linux 3.22.0
	Kernel: 5.15
	Compiler: gcc gcc (Alpine 14.2.0) 14.2.0
Windows Server 2022
	Kernel: 10.0.20348.2031
	Compiler: clang 15.0.7, gcc 14.1.0 (MinGW), and MSVC VS 19.39.33521
To view detailed results, visit:
https://lab.dpdk.org/results/dashboard/patchsets/34337/
UNH-IOL DPDK Community Lab
To manage your email subscriptions, visit: 
https://lab.dpdk.org/results/dashboard/preferences/subscriptions/
    
    
More information about the test-report
mailing list