|FAILURE| pw158029-158036 [PATCH] [v4,8/8] doc: update documentation
    dpdklab at iol.unh.edu 
    dpdklab at iol.unh.edu
       
    Fri Oct 24 05:50:23 CEST 2025
    
    
  
Test-Label: iol-compile-amd64-testing
Test-Status: FAILURE
http://dpdk.org/patch/158036
_Testing issues_
Submitter: Stephen Hemminger <stephen at networkplumber.org>
Date: Thursday, October 23 2025 15:46:29 
DPDK git baseline: Repo:dpdk
  Branch: master
  CommitID:7c744b9a08cf3dd6bdd215689bb6d2beb8a8a4ef
158029-158036 --> testing issues
Upstream job id: Generic-DPDK-Compile-Meson#437174
Test environment and result as below:
+-------------------------------+--------------------+-------------------------+-------------------+----------------------+-------------------+------------------+
|          Environment          | dpdk_meson_compile | dpdk_llvm_clang_compile | dpdk_msvc_compile | dpdk_mingw64_compile | dpdk_compile_spdk | dpdk_compile_ovs |
+===============================+====================+=========================+===================+======================+===================+==================+
| Ubuntu 20.04                  | FAIL               | SKIPPED                 | SKIPPED           | SKIPPED              | SKIPPED           | SKIPPED          |
+-------------------------------+--------------------+-------------------------+-------------------+----------------------+-------------------+------------------+
| FreeBSD 14.2                  | PASS               | SKIPPED                 | SKIPPED           | SKIPPED              | SKIPPED           | SKIPPED          |
+-------------------------------+--------------------+-------------------------+-------------------+----------------------+-------------------+------------------+
| CentOS Stream 9               | FAIL               | SKIPPED                 | SKIPPED           | SKIPPED              | WARN              | SKIPPED          |
+-------------------------------+--------------------+-------------------------+-------------------+----------------------+-------------------+------------------+
| CentOS Stream 10              | FAIL               | SKIPPED                 | SKIPPED           | SKIPPED              | SKIPPED           | SKIPPED          |
+-------------------------------+--------------------+-------------------------+-------------------+----------------------+-------------------+------------------+
| Debian GNU/Linux 12           | FAIL               | SKIPPED                 | SKIPPED           | SKIPPED              | WARN              | SKIPPED          |
+-------------------------------+--------------------+-------------------------+-------------------+----------------------+-------------------+------------------+
| Fedora Linux 42               | FAIL               | SKIPPED                 | SKIPPED           | SKIPPED              | WARN              | WARN             |
+-------------------------------+--------------------+-------------------------+-------------------+----------------------+-------------------+------------------+
| openSUSE Leap 15.6            | FAIL               | SKIPPED                 | SKIPPED           | SKIPPED              | SKIPPED           | SKIPPED          |
+-------------------------------+--------------------+-------------------------+-------------------+----------------------+-------------------+------------------+
| Red Hat Enterprise Linux 8.10 | FAIL               | SKIPPED                 | SKIPPED           | SKIPPED              | SKIPPED           | SKIPPED          |
+-------------------------------+--------------------+-------------------------+-------------------+----------------------+-------------------+------------------+
| Red Hat Enterprise Linux 9.5  | FAIL               | SKIPPED                 | SKIPPED           | SKIPPED              | SKIPPED           | SKIPPED          |
+-------------------------------+--------------------+-------------------------+-------------------+----------------------+-------------------+------------------+
| Ubuntu 22.04                  | FAIL               | SKIPPED                 | SKIPPED           | SKIPPED              | WARN              | SKIPPED          |
+-------------------------------+--------------------+-------------------------+-------------------+----------------------+-------------------+------------------+
| Ubuntu 24.04                  | PASS               | SKIPPED                 | SKIPPED           | SKIPPED              | WARN              | WARN             |
+-------------------------------+--------------------+-------------------------+-------------------+----------------------+-------------------+------------------+
| Alpine Linux 3.22.0           | FAIL               | SKIPPED                 | SKIPPED           | SKIPPED              | SKIPPED           | SKIPPED          |
+-------------------------------+--------------------+-------------------------+-------------------+----------------------+-------------------+------------------+
| Windows Server 2022           | SKIPPED            | PASS                    | PASS              | PASS                 | SKIPPED           | SKIPPED          |
+-------------------------------+--------------------+-------------------------+-------------------+----------------------+-------------------+------------------+
==== 20 line log output for Alpine Linux 3.22.0 (dpdk_meson_compile): ====
[2688/3457] Generating rte_pdump_map with a custom command
[2689/3457] Compiling C object lib/librte_pdump.a.p/pdump_rte_pdump.c.o
ninja: job failed: ccache cc -Ilib/librte_pdump.a.p -Ilib -I../lib -Ilib/pdump -I../lib/pdump -Ilib/eal/common -I../lib/eal/common -I. -I.. -Iconfig -I../config -Ilib/eal/include -I../lib/eal/include -Ilib/eal/linux/include -I../lib/eal/linux/include -Ilib/eal/x86/include -I../lib/eal/x86/include -I../kernel/linux -Ilib/eal -I../lib/eal -Ilib/kvargs -I../lib/kvargs -Ilib/log -I../lib/log -Ilib/metrics -I../lib/metrics -Ilib/telemetry -I../lib/telemetry -Ilib/argparse -I../lib/argparse -Ilib/ethdev -I../lib/ethdev -Ilib/net -I../lib/net -Ilib/mbuf -I../lib/mbuf -Ilib/mempool -I../lib/mempool -Ilib/ring -I../lib/ring -Ilib/meter -I../lib/meter -Ilib/bpf -I../lib/bpf -Ilib/pcapng -I../lib/pcapng -fdiagnostics-color=always -pipe -D_FILE_OFFSET_BITS=64 -Wall -Winvalid-pch -Wextra -Werror -std=c11 -O3 -include rte_config.h -Wvla -Wcast-qual -Wdeprecated -Wformat -Wformat-nonliteral -Wformat-security -Wmissing-declarations -Wmissing-prototypes -Wnested-externs -Wold-style-definition -Wpoint
 er-arith -Wsign-compare -Wstrict-prototypes -Wundef -Wwrite-strings -Wno-packed-not-aligned -Wno-missing-field-initializers -D_GNU_SOURCE -fPIC -march=native -mrtm -DALLOW_EXPERIMENTAL_API -DALLOW_INTERNAL_API -Wno-format-truncation -DRTE_LOG_DEFAULT_LOGTYPE=lib.pdump -MD -MQ lib/librte_pdump.a.p/pdump_rte_pdump.c.o -MF lib/librte_pdump.a.p/pdump_rte_pdump.c.o.d -o lib/librte_pdump.a.p/pdump_rte_pdump.c.o -c ../lib/pdump/rte_pdump.c
In file included from [01m[K../lib/eal/common/eal_export.h:8[m[K,
from [01m[K../lib/pdump/rte_pdump.c:7[m[K:
[01m[K../lib/pdump/rte_pdump.c:[m[K In function '[01m[Kpdump_copy[m[K':
[01m[K../lib/eal/include/rte_common.h:799:20:[m[K [01;31m[Kerror: [m[Kcomparison of integer expressions of different signedness: '[01m[Kunsigned int[m[K' and '[01m[Kint[m[K' [[01;31m[K-Werror=sign-compare[m[K]
799 |                 _a [01;31m[K<[m[K _b ? _a : _b; \
|                    [01;31m[K^[m[K
[01m[K../lib/pdump/rte_pdump.c:211:34:[m[K [01;36m[Knote: [m[Kin expansion of macro '[01m[KRTE_MIN[m[K'
211 |                 unsigned int n = [01;36m[KRTE_MIN[m[K(nb_pkts - offs, PDUMP_BURST_SIZE);
|                                  [01;36m[K^~~~~~~[m[K
[01m[K../lib/eal/include/rte_common.h:799:32:[m[K [01;31m[Kerror: [m[Koperand of '[01m[K?:[m[K' changes signedness from '[01m[Kint[m[K' to '[01m[Kunsigned int[m[K' due to unsignedness of other operand [[01;31m[K-Werror=sign-compare[m[K]
799 |                 _a < _b ? _a : [01;31m[K_b[m[K; \
|                                [01;31m[K^~[m[K
[01m[K../lib/pdump/rte_pdump.c:211:34:[m[K [01;36m[Knote: [m[Kin expansion of macro '[01m[KRTE_MIN[m[K'
211 |                 unsigned int n = [01;36m[KRTE_MIN[m[K(nb_pkts - offs, PDUMP_BURST_SIZE);
|                                  [01;36m[K^~~~~~~[m[K
cc1: all warnings being treated as errors
ninja: subcommand failed
==== End log output ====
Ubuntu 20.04
	Kernel: 4.19
	Compiler: gcc gcc (Ubuntu 9.4.0-1ubuntu1~20.04.2) 9.4.0
FreeBSD 14.2
	Kernel: 14.2-RELEASE
	Compiler: clang 18.1.6
CentOS Stream 9
	Kernel: 5.15
	Compiler: gcc gcc (GCC) 11.5.0 20240719 (Red Hat 11.5.0-11)
CentOS Stream 10
	Kernel: 5.15
	Compiler: gcc gcc (GCC) 14.2.1 20250110 (Red Hat 14.2.1-8)
Debian GNU/Linux 12
	Kernel: 5.15
	Compiler: gcc gcc (Debian 12.2.0-14+deb12u1) 12.2.0
Fedora Linux 42
	Kernel: 5.15
	Compiler: clang gcc (GCC) 15.2.1 20250808 (Red Hat 15.2.1-1)
openSUSE Leap 15.6
	Kernel: 5.15
	Compiler: gcc gcc (SUSE Linux) 7.5.0
Red Hat Enterprise Linux 8.10
	Kernel: 5.15
	Compiler: gcc gcc (GCC) 8.5.0 20210514 (Red Hat 8.5.0-22)
Red Hat Enterprise Linux 9.5
	Kernel: 5.15
	Compiler: gcc gcc (GCC) 11.5.0 20240719 (Red Hat 11.5.0-2)
Ubuntu 22.04
	Kernel: 5.15
	Compiler: gcc gcc (Ubuntu 11.4.0-1ubuntu1~22.04) 11.4.0
Ubuntu 24.04
	Kernel: 5.15
	Compiler: gcc gcc (Ubuntu 13.3.0-6ubuntu2~24.04) 13.3.0
Alpine Linux 3.22.0
	Kernel: 5.15
	Compiler: gcc gcc (Alpine 14.2.0) 14.2.0
Windows Server 2022
	Kernel: 10.0.20348.2031
	Compiler: clang 15.0.7, gcc 14.1.0 (MinGW), and MSVC VS 19.39.33521
To view detailed results, visit:
https://lab.dpdk.org/results/dashboard/patchsets/34362/
UNH-IOL DPDK Community Lab
To manage your email subscriptions, visit: 
https://lab.dpdk.org/results/dashboard/preferences/subscriptions/
    
    
More information about the test-report
mailing list