|FAILURE| pw156798-156801 [PATCH] [4/4] net/cpfl: add cpchnl get vpo
dpdklab at iol.unh.edu
dpdklab at iol.unh.edu
Mon Sep 22 09:37:16 CEST 2025
Test-Label: iol-unit-amd64-testing
Test-Status: FAILURE
http://dpdk.org/patch/156801
_Testing issues_
Submitter: Shetty, Praveen <praveen.shetty at intel.com>
Date: Monday, September 22 2025 09:48:19
DPDK git baseline: Repo:dpdk-next-net-intel
Branch: master
CommitID:4159ea62922ce41566c7bab44655ad78bee85458
156798-156801 --> testing issues
Upstream job id: Generic-Unit-Test-DPDK#373752
Test environment and result as below:
+-------------------------------+----------------+
| Environment | dpdk_unit_test |
+===============================+================+
| Debian GNU/Linux 12 | WARN |
+-------------------------------+----------------+
| Fedora Linux 40 | WARN |
+-------------------------------+----------------+
| CentOS Stream 9 | WARN |
+-------------------------------+----------------+
| Fedora Linux 42 | WARN |
+-------------------------------+----------------+
| Fedora Linux 41 | WARN |
+-------------------------------+----------------+
| CentOS Stream 10 | WARN |
+-------------------------------+----------------+
| Ubuntu 20.04 | FAIL |
+-------------------------------+----------------+
| Red Hat Enterprise Linux 8.10 | WARN |
+-------------------------------+----------------+
| Red Hat Enterprise Linux 9.5 | WARN |
+-------------------------------+----------------+
| Ubuntu 24.04 | WARN |
+-------------------------------+----------------+
| Ubuntu 22.04 | WARN |
+-------------------------------+----------------+
| Windows Server 2022 | PASS |
+-------------------------------+----------------+
==== 20 line log output for Ubuntu 22.04 (dpdk_unit_test): ====
../drivers/net/intel/cpfl/cpfl_flow_engine_fxp.c: In function 'cpfl_fxp_parse_pattern_action':
../drivers/net/intel/cpfl/cpfl_actions.h:264:59: error: 'vsi_id' may be used uninitialized in this function [-Werror=maybe-uninitialized]
264 | (((uint32_t)(val) << CPFL_ACT_16B_SET_VSI_VAL_S) & \
| ^
In file included from ../drivers/net/intel/cpfl/cpfl_flow_engine_fxp.c:28:
../drivers/net/intel/cpfl/cpfl_ethdev.h:333:13: note: 'vsi_id' was declared here
333 | u16 vsi_id;
| ^~~~~~
cc1: all warnings being treated as errors
[1908/3535] Compiling C object drivers/libtmp_rte_net_ionic.a.p/net_ionic_ionic_lif.c.o
[1909/3535] Generating rte_net_idpf.sym_chk with a custom command (wrapped by meson to capture output)
[1910/3535] Compiling C object drivers/libtmp_rte_net_cpfl.a.p/net_intel_cpfl_cpfl_flow_parser.c.o
FAILED: drivers/libtmp_rte_net_cpfl.a.p/net_intel_cpfl_cpfl_flow_parser.c.o
ccache cc -Idrivers/libtmp_rte_net_cpfl.a.p -Idrivers -I../drivers -Idrivers/net/intel/cpfl -I../drivers/net/intel/cpfl -Ilib/ethdev -I../lib/ethdev -Ilib/eal/common -I../lib/eal/common -I. -I.. -Iconfig -I../config -Ilib/eal/include -I../lib/eal/include -Ilib/eal/linux/include -I../lib/eal/linux/include -Ilib/eal/x86/include -I../lib/eal/x86/include -I../kernel/linux -Ilib/eal -I../lib/eal -Ilib/kvargs -I../lib/kvargs -Ilib/log -I../lib/log -Ilib/metrics -I../lib/metrics -Ilib/telemetry -I../lib/telemetry -Ilib/net -I../lib/net -Ilib/mbuf -I../lib/mbuf -Ilib/mempool -I../lib/mempool -Ilib/ring -I../lib/ring -Ilib/meter -I../lib/meter -Idrivers/bus/pci -I../drivers/bus/pci -I../drivers/bus/pci/linux -Ilib/pci -I../lib/pci -Idrivers/bus/vdev -I../drivers/bus/vdev -Ilib/hash -I../lib/hash -Ilib/rcu -I../lib/rcu -Idrivers/net/intel/idpf -I../drivers/net/intel/idpf -Idrivers/net/intel/idpf/base -I../drivers/net/intel/idpf/base -I../drivers/net/intel/iavf/base -fdiagnostics-color=always -
pipe -D_FILE_OFFSET_BITS=64 -Wall -Winvalid-pch -Wextra -Werror -std=c11 -O3 -include rte_config.h -Wvla -Wcast-qual -Wdeprecated -Wformat -Wformat-nonliteral -Wformat-security -Wmissing-declarations -Wmissing-prototypes -Wnested-externs -Wold-style-definition -Wpointer-arith -Wsign-compare -Wstrict-prototypes -Wundef -Wwrite-strings -Wno-packed-not-aligned -Wno-missing-field-initializers -D_GNU_SOURCE -fPIC -march=native -mrtm -DALLOW_EXPERIMENTAL_API -DALLOW_INTERNAL_API -Wno-format-truncation -Wno-address-of-packed-member -DCC_AVX512_SUPPORT -DRTE_LOG_DEFAULT_LOGTYPE=pmd.net.cpfl -MD -MQ drivers/libtmp_rte_net_cpfl.a.p/net_intel_cpfl_cpfl_flow_parser.c.o -MF drivers/libtmp_rte_net_cpfl.a.p/net_intel_cpfl_cpfl_flow_parser.c.o.d -o drivers/libtmp_rte_net_cpfl.a.p/net_intel_cpfl_cpfl_flow_parser.c.o -c ../drivers/net/intel/cpfl/cpfl_flow_parser.c
../drivers/net/intel/cpfl/cpfl_flow_parser.c: In function 'cpfl_metadata_write_targetvsi':
../drivers/net/intel/cpfl/cpfl_flow_parser.c:2052:73: error: 'vsi_id' may be used uninitialized in this function [-Werror=maybe-uninitialized]
2052 | cpfl_metadata_write16(&itf->adapter->meta, type, offset, dev_id << 1);
| ~~~~~~~^~~~
cc1: all warnings being treated as errors
ninja: build stopped: subcommand failed.
==== End log output ====
Debian GNU/Linux 12
Kernel: 5.15
Compiler: gcc gcc (Debian 12.2.0-14+deb12u1) 12.2.0
Fedora Linux 40
Kernel: 5.15
Compiler: gcc gcc (GCC) 14.2.1 20240912 (Red Hat 14.2.1-3)
CentOS Stream 9
Kernel: 5.15
Compiler: gcc gcc (GCC) 11.5.0 20240719 (Red Hat 11.5.0-11)
Fedora Linux 42
Kernel: 5.15
Compiler: clang gcc (GCC) 15.2.1 20250808 (Red Hat 15.2.1-1)
Fedora Linux 41
Kernel: 5.15
Compiler: gcc gcc (GCC) 14.3.1 20250523 (Red Hat 14.3.1-1)
CentOS Stream 10
Kernel: 5.15
Compiler: gcc gcc (GCC) 14.2.1 20250110 (Red Hat 14.2.1-8)
Ubuntu 20.04
Kernel: 5.15
Compiler: gcc gcc (Ubuntu 9.4.0-1ubuntu1~20.04.2) 9.4.0
Red Hat Enterprise Linux 8.10
Kernel: 5.15
Compiler: gcc gcc (GCC) 8.5.0 20210514 (Red Hat 8.5.0-22)
Red Hat Enterprise Linux 9.5
Kernel: 5.15
Compiler: gcc gcc (GCC) 11.5.0 20240719 (Red Hat 11.5.0-2)
Ubuntu 24.04
Kernel: 5.15
Compiler: gcc gcc (Ubuntu 13.3.0-6ubuntu2~24.04) 13.3.0
Ubuntu 22.04
Kernel: 5.15
Compiler: gcc gcc (Ubuntu 11.4.0-1ubuntu1~22.04) 11.4.0
Windows Server 2022
Kernel: 10.0.20348.2031
Compiler: clang 15.0.7, gcc 14.1.0 (MinGW), and MSVC VS 19.39.33521
To view detailed results, visit:
https://lab.dpdk.org/results/dashboard/patchsets/34117/
UNH-IOL DPDK Community Lab
To manage your email subscriptions, visit:
https://lab.dpdk.org/results/dashboard/preferences/subscriptions/
More information about the test-report
mailing list