|FAILURE| pw156910-156915 [PATCH] [RFC,6/6] intel/iavf: remove use o
dpdklab at iol.unh.edu
dpdklab at iol.unh.edu
Wed Sep 24 22:51:30 CEST 2025
Test-Label: iol-unit-amd64-testing
Test-Status: FAILURE
http://dpdk.org/patch/156915
_Testing issues_
Submitter: Stephen Hemminger <stephen at networkplumber.org>
Date: Wednesday, September 24 2025 16:51:13
DPDK git baseline: Repo:dpdk
Branch: master
CommitID:441861b4a30e6b6b6aca07367dd487657b1f50e8
156910-156915 --> testing issues
Upstream job id: Generic-Unit-Test-DPDK#374655
Test environment and result as below:
+-------------------------------+----------------+
| Environment | dpdk_unit_test |
+===============================+================+
| CentOS Stream 9 | FAIL |
+-------------------------------+----------------+
| Fedora Linux 40 | FAIL |
+-------------------------------+----------------+
| Debian GNU/Linux 12 | PASS |
+-------------------------------+----------------+
| CentOS Stream 10 | FAIL |
+-------------------------------+----------------+
| Fedora Linux 42 | FAIL |
+-------------------------------+----------------+
| Fedora Linux 41 | FAIL |
+-------------------------------+----------------+
| Red Hat Enterprise Linux 9.5 | FAIL |
+-------------------------------+----------------+
| Ubuntu 22.04 | PASS |
+-------------------------------+----------------+
| Ubuntu 24.04 | PASS |
+-------------------------------+----------------+
| Ubuntu 20.04 | PASS |
+-------------------------------+----------------+
| Red Hat Enterprise Linux 8.10 | FAIL |
+-------------------------------+----------------+
| Windows Server 2022 | PASS |
+-------------------------------+----------------+
==== Unit test summary for Red Hat Enterprise Linux 8.10 (dpdk_unit_test): ====
ninja: Entering directory `/root/workspace/Generic-Unit-Test-DPDK/dpdk/build'
ninja: no work to do.
1/120 DPDK:fast-tests / acl_autotest OK 2.42s
2/120 DPDK:fast-tests / alarm_autotest OK 1.17s
3/120 DPDK:fast-tests / argparse_autotest OK 0.17s
4/120 DPDK:fast-tests / atomic_autotest OK 0.34s
5/120 DPDK:fast-tests / bitcount_autotest OK 0.17s
6/120 DPDK:fast-tests / bitmap_autotest OK 0.17s
7/120 DPDK:fast-tests / bitops_autotest OK 1.67s
8/120 DPDK:fast-tests / bitratestats_autotest OK 0.17s
9/120 DPDK:fast-tests / bitset_autotest OK 1.32s
10/120 DPDK:fast-tests / bpf_autotest OK 0.17s
11/120 DPDK:fast-tests / bpf_convert_autotest OK 0.17s
12/120 DPDK:fast-tests / byteorder_autotest OK 0.18s
13/120 DPDK:fast-tests / cfgfile_autotest OK 0.18s
14/120 DPDK:fast-tests / cksum_autotest OK 0.18s
15/120 DPDK:fast-tests / cmdline_autotest OK 0.17s
16/120 DPDK:fast-tests / common_autotest OK 0.45s
17/120 DPDK:fast-tests / compressdev_autotest SKIP 0.14s exit status 77
18/120 DPDK:fast-tests / cpuflags_autotest OK 0.17s
19/120 DPDK:fast-tests / crc_autotest OK 0.17s
20/120 DPDK:fast-tests / user_delay_us OK 0.17s
21/120 DPDK:fast-tests / debug_autotest OK 0.37s
22/120 DPDK:fast-tests / devargs_autotest OK 0.17s
23/120 DPDK:fast-tests / dispatcher_autotest SKIP 0.15s exit status 77
24/120 DPDK:fast-tests / distributor_autotest OK 0.87s
25/120 DPDK:fast-tests / eal_flags_c_opt_autotest OK 14.41s
26/120 DPDK:fast-tests / eal_flags_main_opt_autotest OK 2.26s
27/120 DPDK:fast-tests / eal_flags_n_opt_autotest FAIL 2.59s (exit status 255 or signal 127 SIGinvalid)
>>> MALLOC_PERTURB_=139 DPDK_TEST=eal_flags_n_opt_autotest /root/workspace/Generic-Unit-Test-DPDK/dpdk/build/app/dpdk-test
28/120 DPDK:fast-tests / eal_flags_hpet_autotest OK 0.22s
29/120 DPDK:fast-tests / eal_flags_no_huge_autotest OK 2.49s
30/120 DPDK:fast-tests / eal_flags_a_opt_autotest OK 3.46s
31/120 DPDK:fast-tests / eal_flags_b_opt_autotest OK 3.40s
32/120 DPDK:fast-tests / eal_flags_vdev_opt_autotest OK 1.07s
33/120 DPDK:fast-tests / eal_flags_r_opt_autotest OK 2.33s
34/120 DPDK:fast-tests / eal_flags_mem_autotest OK 3.37s
35/120 DPDK:fast-tests / eal_flags_file_prefix_autotest FAIL 2.05s (exit status 255 or signal 127 SIGinvalid)
>>> MALLOC_PERTURB_=49 DPDK_TEST=eal_flags_file_prefix_autotest /root/workspace/Generic-Unit-Test-DPDK/dpdk/build/app/dpdk-test
36/120 DPDK:fast-tests / eal_flags_misc_autotest FAIL 1.48s (exit status 255 or signal 127 SIGinvalid)
>>> MALLOC_PERTURB_=191 DPDK_TEST=eal_flags_misc_autotest /root/workspace/Generic-Unit-Test-DPDK/dpdk/build/app/dpdk-test
37/120 DPDK:fast-tests / eal_fs_autotest OK 0.18s
38/120 DPDK:fast-tests / errno_autotest OK 0.17s
39/120 DPDK:fast-tests / ethdev_link_status OK 0.17s
40/120 DPDK:fast-tests / event_eth_tx_adapter_autotest OK 0.45s
41/120 DPDK:fast-tests / event_ring_autotest OK 0.18s
42/120 DPDK:fast-tests / eventdev_common_autotest OK 0.18s
43/120 DPDK:fast-tests / eventdev_selftest_sw OK 0.20s
44/120 DPDK:fast-tests / fbarray_autotest OK 0.18s
45/120 DPDK:fast-tests / fib_autotest OK 0.87s
46/120 DPDK:fast-tests / fib6_autotest OK 0.59s
47/120 DPDK:fast-tests / func_reentrancy_autotest OK 0.55s
48/120 DPDK:fast-tests / graph_autotest OK 0.18s
49/120 DPDK:fast-tests / node_list_dump OK 0.17s
50/120 DPDK:fast-tests / graph_feature_arc_autotest OK 0.17s
51/120 DPDK:fast-tests / hash_autotest OK 0.29s
52/120 DPDK:fast-tests / hash_readwrite_func_autotest SKIP 0.14s exit status 77
53/120 DPDK:fast-tests / interrupt_autotest OK 1.21s
54/120 DPDK:fast-tests / ipfrag_autotest OK 0.15s
55/120 DPDK:fast-tests / ipsec_autotest SKIP 0.17s exit status 77
56/120 DPDK:fast-tests / kvargs_autotest OK 0.17s
57/120 DPDK:fast-tests / latencystats_autotest OK 0.17s
58/120 DPDK:fast-tests / lcore_var_autotest OK 0.30s
59/120 DPDK:fast-tests / lcores_autotest OK 24.22s
60/120 DPDK:fast-tests / logs_autotest OK 0.17s
61/120 DPDK:fast-tests / lpm_autotest OK 1.44s
62/120 DPDK:fast-tests / lpm6_autotest OK 2.51s
63/120 DPDK:fast-tests / malloc_autotest OK 0.36s
64/120 DPDK:fast-tests / mbuf_autotest OK 0.18s
65/120 DPDK:fast-tests / mcslock_autotest OK 0.39s
66/120 DPDK:fast-tests / member_autotest OK 0.94s
67/120 DPDK:fast-tests / memcpy_autotest OK 2.12s
68/120 DPDK:fast-tests / memory_autotest OK 0.15s
69/120 DPDK:fast-tests / mempool_autotest OK 0.44s
70/120 DPDK:fast-tests / memzone_autotest OK 0.15s
71/120 DPDK:fast-tests / meter_autotest OK 0.19s
72/120 DPDK:fast-tests / metrics_autotest OK 0.17s
73/120 DPDK:fast-tests / multiprocess_autotest OK 1.38s
74/120 DPDK:fast-tests / net_ether_autotest OK 0.50s
75/120 DPDK:fast-tests / net_ipv6_autotest OK 0.17s
76/120 DPDK:fast-tests / pcapng_autotest OK 5.82s
77/120 DPDK:fast-tests / pdcp_autotest SKIP 0.14s exit status 77
78/120 DPDK:fast-tests / pdump_autotest OK 0.30s
79/120 DPDK:fast-tests / per_lcore_autotest OK 0.27s
80/120 DPDK:fast-tests / pflock_autotest OK 0.27s
81/120 DPDK:fast-tests / pie_autotest OK 0.17s
82/120 DPDK:fast-tests / ring_pmd_autotest OK 0.17s
83/120 DPDK:fast-tests / power_autotest OK 0.17s
84/120 DPDK:fast-tests / power_cpufreq_autotest SKIP 0.15s exit status 77
85/120 DPDK:fast-tests / power_intel_uncore_autotest SKIP 0.18s exit status 77
86/120 DPDK:fast-tests / power_kvm_vm_autotest SKIP 0.14s exit status 77
87/120 DPDK:fast-tests / prefetch_autotest OK 0.18s
88/120 DPDK:fast-tests / ptr_compress_autotest OK 0.17s
89/120 DPDK:fast-tests / rawdev_autotest OK 0.17s
90/120 DPDK:fast-tests / rcu_qsbr_autotest OK 0.27s
91/120 DPDK:fast-tests / reorder_autotest OK 0.28s
92/120 DPDK:fast-tests / rib_autotest OK 4.38s
93/120 DPDK:fast-tests / rib6_autotest OK 4.48s
94/120 DPDK:fast-tests / ring_autotest OK 0.21s
95/120 DPDK:fast-tests / rwlock_test1_autotest OK 0.34s
96/120 DPDK:fast-tests / rwlock_rda_autotest OK 5.21s
97/120 DPDK:fast-tests / rwlock_rds_wrm_autotest OK 5.18s
98/120 DPDK:fast-tests / rwlock_rde_wro_autotest OK 5.28s
99/120 DPDK:fast-tests / sched_autotest OK 0.18s
100/120 DPDK:fast-tests / security_autotest OK 0.15s
101/120 DPDK:fast-tests / seqlock_autotest SKIP 0.29s exit status 77
102/120 DPDK:fast-tests / service_autotest OK 0.27s
103/120 DPDK:fast-tests / soring_autotest OK 0.17s
104/120 DPDK:fast-tests / spinlock_autotest OK 0.24s
105/120 DPDK:fast-tests / stack_autotest OK 0.19s
106/120 DPDK:fast-tests / stack_lf_autotest OK 0.24s
107/120 DPDK:fast-tests / string_autotest OK 0.18s
108/120 DPDK:fast-tests / table_autotest OK 5.82s
109/120 DPDK:fast-tests / tailq_autotest OK 0.18s
110/120 DPDK:fast-tests / telemetry_data_autotest OK 0.17s
111/120 DPDK:fast-tests / telemetry_json_autotest OK 0.17s
112/120 DPDK:fast-tests / thash_autotest OK 0.18s
113/120 DPDK:fast-tests / threads_autotest OK 0.44s
114/120 DPDK:fast-tests / ticketlock_autotest OK 0.26s
115/120 DPDK:fast-tests / timer_autotest OK 2.62s
116/120 DPDK:fast-tests / trace_autotest OK 0.28s
117/120 DPDK:fast-tests / trace_autotest_with_traces OK 0.19s
118/120 DPDK:fast-tests / vdev_autotest OK 0.41s
119/120 DPDK:fast-tests / version_autotest OK 0.19s
120/120 DPDK:fast-tests / telemetry_all SKIP 0.01s exit status 77
Ok: 107
Expected Fail: 0
Fail: 3
Unexpected Pass: 0
Skipped: 10
Timeout: 0
Full log written to /root/workspace/Generic-Unit-Test-DPDK/dpdk/build/meson-logs/testlog.txt
Test log output from the failed test eal_flags_n_opt_autotest:
Sorry, we were not able to find the logs for this test.
Download the log output from the CI site for this test run.
Test log output from the failed test eal_flags_file_prefix_autotest:
Sorry, we were not able to find the logs for this test.
Download the log output from the CI site for this test run.
Test log output from the failed test eal_flags_misc_autotest:
Sorry, we were not able to find the logs for this test.
Download the log output from the CI site for this test run.
==== End log output ====
CentOS Stream 9
Kernel: 5.15
Compiler: gcc gcc (GCC) 11.5.0 20240719 (Red Hat 11.5.0-11)
Fedora Linux 40
Kernel: 5.15
Compiler: gcc gcc (GCC) 14.2.1 20240912 (Red Hat 14.2.1-3)
Debian GNU/Linux 12
Kernel: 5.15
Compiler: gcc gcc (Debian 12.2.0-14+deb12u1) 12.2.0
CentOS Stream 10
Kernel: 5.15
Compiler: gcc gcc (GCC) 14.2.1 20250110 (Red Hat 14.2.1-8)
Fedora Linux 42
Kernel: 5.15
Compiler: gcc gcc (GCC) 15.2.1 20250808 (Red Hat 15.2.1-1)
Fedora Linux 41
Kernel: 5.15
Compiler: gcc gcc (GCC) 14.3.1 20250523 (Red Hat 14.3.1-1)
Red Hat Enterprise Linux 9.5
Kernel: 5.15
Compiler: gcc gcc (GCC) 11.5.0 20240719 (Red Hat 11.5.0-2)
Ubuntu 22.04
Kernel: 5.15
Compiler: gcc gcc (Ubuntu 11.4.0-1ubuntu1~22.04) 11.4.0
Ubuntu 24.04
Kernel: 5.15
Compiler: gcc gcc (Ubuntu 13.3.0-6ubuntu2~24.04) 13.3.0
Ubuntu 20.04
Kernel: 5.15
Compiler: gcc gcc (Ubuntu 9.4.0-1ubuntu1~20.04.2) 9.4.0
Red Hat Enterprise Linux 8.10
Kernel: 5.15
Compiler: gcc gcc (GCC) 8.5.0 20210514 (Red Hat 8.5.0-22)
Windows Server 2022
Kernel: 10.0.20348.2031
Compiler: clang 15.0.7, gcc 14.1.0 (MinGW), and MSVC VS 19.39.33521
To view detailed results, visit:
https://lab.dpdk.org/results/dashboard/patchsets/34141/
UNH-IOL DPDK Community Lab
To manage your email subscriptions, visit:
https://lab.dpdk.org/results/dashboard/preferences/subscriptions/
More information about the test-report
mailing list