|WARNING| pw156953 [PATCH] buildtools: prepare symbol check for Wind

dpdklab at iol.unh.edu dpdklab at iol.unh.edu
Thu Sep 25 16:32:01 CEST 2025


Test-Label: iol-unit-amd64-testing
Test-Status: WARNING
http://dpdk.org/patch/156953

_Testing issues_

Submitter: David Marchand <david.marchand at redhat.com>
Date: Thursday, September 25 2025 13:04:38 
DPDK git baseline: Repo:dpdk
  Branch: master
  CommitID:441861b4a30e6b6b6aca07367dd487657b1f50e8

156953 --> testing issues

Upstream job id: Generic-Unit-Test-DPDK#375060

Test environment and result as below:

+-------------------------------+----------------+
|          Environment          | dpdk_unit_test |
+===============================+================+
| CentOS Stream 9               | PASS           |
+-------------------------------+----------------+
| CentOS Stream 10              | PASS           |
+-------------------------------+----------------+
| Debian GNU/Linux 12           | PASS           |
+-------------------------------+----------------+
| Fedora Linux 40               | PASS           |
+-------------------------------+----------------+
| Fedora Linux 41               | PASS           |
+-------------------------------+----------------+
| Fedora Linux 42               | PASS           |
+-------------------------------+----------------+
| Ubuntu 20.04                  | PASS           |
+-------------------------------+----------------+
| Red Hat Enterprise Linux 9.5  | PASS           |
+-------------------------------+----------------+
| Red Hat Enterprise Linux 8.10 | WARN           |
+-------------------------------+----------------+
| Ubuntu 22.04                  | PASS           |
+-------------------------------+----------------+
| Ubuntu 24.04                  | PASS           |
+-------------------------------+----------------+
| Windows Server 2022           | PASS           |
+-------------------------------+----------------+

==== 20 line log output for Red Hat Enterprise Linux 8.10 (dpdk_unit_test): ====

[21/3549] Generating log.sym_chk with a custom command (wrapped by meson to capture output)
FAILED: lib/log.sym_chk
/usr/local/bin/meson --internal exe --capture lib/log.sym_chk -- /usr/bin/python3 ../buildtools/check-symbols.py /root/workspace/Generic-Unit-Test-DPDK/dpdk/build/lib/log_exports.map lib/librte_log.a
--- stderr ---
Traceback (most recent call last):
File "../buildtools/check-symbols.py", line 12, in <module>
from dataclasses import dataclass
ModuleNotFoundError: No module named 'dataclasses'

[22/3549] Generating telemetry.sym_chk with a custom command (wrapped by meson to capture output)
FAILED: lib/telemetry.sym_chk
/usr/local/bin/meson --internal exe --capture lib/telemetry.sym_chk -- /usr/bin/python3 ../buildtools/check-symbols.py /root/workspace/Generic-Unit-Test-DPDK/dpdk/build/lib/telemetry_exports.map lib/librte_telemetry.a
--- stderr ---
Traceback (most recent call last):
File "../buildtools/check-symbols.py", line 12, in <module>
from dataclasses import dataclass
ModuleNotFoundError: No module named 'dataclasses'

ninja: build stopped: subcommand failed.
==== End log output ====

CentOS Stream 9
	Kernel: 5.15
	Compiler: gcc gcc (GCC) 11.5.0 20240719 (Red Hat 11.5.0-11)

CentOS Stream 10
	Kernel: 5.15
	Compiler: gcc gcc (GCC) 14.2.1 20250110 (Red Hat 14.2.1-8)

Debian GNU/Linux 12
	Kernel: 5.15
	Compiler: gcc gcc (Debian 12.2.0-14+deb12u1) 12.2.0

Fedora Linux 40
	Kernel: 5.15
	Compiler: gcc gcc (GCC) 14.2.1 20240912 (Red Hat 14.2.1-3)

Fedora Linux 41
	Kernel: 5.15
	Compiler: gcc gcc (GCC) 14.3.1 20250523 (Red Hat 14.3.1-1)

Fedora Linux 42
	Kernel: 5.15
	Compiler: gcc gcc (GCC) 15.2.1 20250808 (Red Hat 15.2.1-1)

Ubuntu 20.04
	Kernel: 5.15
	Compiler: gcc gcc (Ubuntu 9.4.0-1ubuntu1~20.04.2) 9.4.0

Red Hat Enterprise Linux 9.5
	Kernel: 5.15
	Compiler: gcc gcc (GCC) 11.5.0 20240719 (Red Hat 11.5.0-2)

Red Hat Enterprise Linux 8.10
	Kernel: 5.15
	Compiler: gcc gcc (GCC) 8.5.0 20210514 (Red Hat 8.5.0-22)

Ubuntu 22.04
	Kernel: 5.15
	Compiler: gcc gcc (Ubuntu 11.4.0-1ubuntu1~22.04) 11.4.0

Ubuntu 24.04
	Kernel: 5.15
	Compiler: gcc gcc (Ubuntu 13.3.0-6ubuntu2~24.04) 13.3.0

Windows Server 2022
	Kernel: 10.0.20348.2031
	Compiler: clang 15.0.7, gcc 14.1.0 (MinGW), and MSVC VS 19.39.33521

To view detailed results, visit:
https://lab.dpdk.org/results/dashboard/patchsets/34150/

UNH-IOL DPDK Community Lab

To manage your email subscriptions, visit: 
https://lab.dpdk.org/results/dashboard/preferences/subscriptions/


More information about the test-report mailing list