[dpdk-test-report] |WARNING| pw76552-76550 [PATCH] [v8, 8/8] net/dpaa: add RSS update func with FMCless

dpdklab at iol.unh.edu dpdklab at iol.unh.edu
Fri Sep 4 11:53:55 CEST 2020


Test-Label: iol-testing
Test-Status: WARNING
http://dpdk.org/patch/76550

_Testing issues_

Submitter: Hemant Agrawal <hemant.agrawal at nxp.com>
Date: Friday, September 04 2020 08:39:30 
DPDK git baseline: Repo:dpdk
  Branch: master
  CommitID:cd6f1d7a5fde76c4f1e771de9f7aafdf59d691e4

76552-76550 --> testing fail

Test environment and result as below:

+---------------------+--------------------+-------------------+------------------+----------------+
|     Environment     | dpdk_meson_compile | dpdk_compile_spdk | dpdk_compile_ovs | dpdk_unit_test |
+=====================+====================+===================+==================+================+
| Windows Server 2019 | PASS               | SKIPPED           | SKIPPED          | SKIPPED        |
+---------------------+--------------------+-------------------+------------------+----------------+
| FreeBSD 11.2        | PASS               | PASS              | SKIPPED          | SKIPPED        |
+---------------------+--------------------+-------------------+------------------+----------------+
| Ubuntu 18.04        | PASS               | FAIL              | FAIL             | PASS           |
+---------------------+--------------------+-------------------+------------------+----------------+
| CentOS 8            | PASS               | FAIL              | FAIL             | SKIPPED        |
+---------------------+--------------------+-------------------+------------------+----------------+
| openSUSE Leap 15    | PASS               | FAIL              | FAIL             | SKIPPED        |
+---------------------+--------------------+-------------------+------------------+----------------+
| Fedora 31           | PASS               | SKIPPED           | FAIL             | SKIPPED        |
+---------------------+--------------------+-------------------+------------------+----------------+
| Arch Linux          | PASS               | SKIPPED           | FAIL             | SKIPPED        |
+---------------------+--------------------+-------------------+------------------+----------------+

Windows Server 2019
	Kernel: 10.0
	Compiler: clang 9.0

FreeBSD 11.2
	Kernel: 11.2
	Compiler: gcc 8.3

Ubuntu 18.04
	Kernel: 4.15.0-generic
	Compiler: gcc 7.4

CentOS 8
	Kernel: 4.18.0.el8_0
	Compiler: gcc 8.3.1

openSUSE Leap 15
	Kernel: 4.12.14
	Compiler: gcc 7.4.1

Fedora 31
	Kernel: 5.3.16
	Compiler: gcc 9.2.1

Arch Linux
	Kernel: latest
	Compiler: gcc latest

To view detailed results, visit:
https://lab.dpdk.org/results/dashboard/patchsets/12837/

UNH-IOL DPDK Community Lab

To manage your email subscriptions, visit: 
https://lab.dpdk.org/results/dashboard/preferences/subscriptions/


More information about the test-report mailing list