|FAILURE| pw104959-104984 [PATCH] [25/25] crypto/cnxk: add aes cmac
dpdklab at iol.unh.edu
dpdklab at iol.unh.edu
Wed Dec 8 23:08:29 CET 2021
Test-Label: iol-x86_64-unit-testing
Test-Status: FAILURE
http://dpdk.org/patch/104984
_Testing issues_
Submitter: Anoob Joseph <anoobj at marvell.com>
Date: Tuesday, December 07 2021 06:50:58
DPDK git baseline: Repo:dpdk
Branch: master
CommitID:042f5a355a57b31a9f87824173a9d427b21abdb8
104959-104984 --> testing fail
Test environment and result as below:
+------------------+----------------+
| Environment | dpdk_unit_test |
+==================+================+
| Arch Linux | PASS |
+------------------+----------------+
| Ubuntu 18.04 | PASS |
+------------------+----------------+
| CentOS Stream 8 | PASS |
+------------------+----------------+
| Fedora 31 | PASS |
+------------------+----------------+
| RHEL 7 | FAIL |
+------------------+----------------+
| Fedora 32 | PASS |
+------------------+----------------+
| openSUSE Leap 15 | PASS |
+------------------+----------------+
| RHEL8 | PASS |
+------------------+----------------+
| Ubuntu 20.04 | PASS |
+------------------+----------------+
| CentOS 8 | PASS |
+------------------+----------------+
| Fedora 33 | PASS |
+------------------+----------------+
| Fedora 34 | PASS |
+------------------+----------------+
| Fedora 34 clang | PASS |
+------------------+----------------+
==== 20 line log output for RHEL 7 (dpdk_unit_test): ====
^
cc1: all warnings being treated as errors
[2380/3047] Generating rte_crypto_dpaa_sec.pmd.c with a custom command
[2381/3047] Generating rte_crypto_scheduler_mingw with a custom command
[2382/3047] Generating rte_crypto_scheduler_def with a custom command
[2383/3047] Compiling C object drivers/librte_crypto_mlx5.so.22.1.p/meson-generated_.._rte_crypto_mlx5.pmd.c.o
[2384/3047] Linking static target drivers/librte_crypto_mlx5.a
[2385/3047] Generating rte_crypto_caam_jr.sym_chk with a meson_exe.py custom command
[2386/3047] Generating rte_crypto_dpaa2_sec.pmd.c with a custom command
[2387/3047] Generating rte_crypto_null.pmd.c with a custom command
[2388/3047] Generating rte_crypto_ccp.sym_chk with a meson_exe.py custom command
[2389/3047] Generating rte_crypto_nitrox.pmd.c with a custom command
[2390/3047] Generating rte_crypto_bcmfs.sym_chk with a meson_exe.py custom command
[2391/3047] Generating rte_crypto_octeontx.pmd.c with a custom command
[2392/3047] Generating rte_crypto_openssl.pmd.c with a custom command
[2393/3047] Generating rte_crypto_octeontx2.pmd.c with a custom command
[2394/3047] Generating rte_common_cnxk.sym_chk with a meson_exe.py custom command
[2395/3047] Compiling C object drivers/libtmp_rte_crypto_cnxk.a.p/crypto_cnxk_cn10k_cryptodev_ops.c.o
[2396/3047] Compiling C object drivers/libtmp_rte_crypto_cnxk.a.p/crypto_cnxk_cn9k_cryptodev_ops.c.o
ninja: build stopped: subcommand failed.
==== End log output ====
Arch Linux
Kernel: 5.4.0-73-generic
Compiler: gcc 11.1.0
Ubuntu 18.04
Kernel: 4.18.0-240.10.1.el8_3.x86_64
Compiler: gcc 7.5.0-3ubuntu1~18.04
CentOS Stream 8
Kernel: 4.18.0-240.10.1.el8_3.x86_64
Compiler: gcc 8.4.1 20200928
Fedora 31
Kernel: 4.18.0-240.10.1.el8_3.x86_64
Compiler: gcc 9.3.1
RHEL 7
Kernel: 4.18.0-240.10.1.el8_3.x86_64
Compiler: gcc 4.8.5 20150623 (Red Hat 4.8.5-44)
Fedora 32
Kernel: 4.18.0-240.10.1.el8_3.x86_64
Compiler: gcc 10.2.1
openSUSE Leap 15
Kernel: 4.18.0-240.10.1.el8_3.x86_64
Compiler: gcc 7.5.0
RHEL8
Kernel: 4.18.0-240.10.1.el8_3.x86_64
Compiler: gcc 8.3.1 20191121 (Red Hat 8.3.1-5)
Ubuntu 20.04
Kernel: 4.18.0-240.10.1.el8_3.x86_64
Compiler: gcc 9.3.0-17ubuntu1~20.04
CentOS 8
Kernel: 4.18.0-240.10.1.el8_3.x86_64
Compiler: gcc 8.3.1 20191121 (Red Hat 8.3.1-5)
Fedora 33
Kernel: 5.4.0-72-generic
Compiler: gcc 10.3.1 20210422 (Red Hat 10.3.1-1)
Fedora 34
Kernel: 5.4.0-72-generic
Compiler: gcc 11.1.1 20210428 (Red Hat 11.1.1-1)
Fedora 34 clang
Kernel: 5.4.0-72-generic
Compiler: clang 12.0.0 (Fedora 12.0.0-0.3.rc1.fc34)
To view detailed results, visit:
https://lab.dpdk.org/results/dashboard/patchsets/20452/
UNH-IOL DPDK Community Lab
To manage your email subscriptions, visit:
https://lab.dpdk.org/results/dashboard/preferences/subscriptions/
More information about the test-report
mailing list