|FAILURE| pw104959-104984 [PATCH] [25/25] crypto/cnxk: add aes cmac
dpdklab at iol.unh.edu
dpdklab at iol.unh.edu
Thu Dec 9 18:18:26 CET 2021
Test-Label: iol-x86_64-compile-testing
Test-Status: FAILURE
http://dpdk.org/patch/104984
_Testing issues_
Submitter: Anoob Joseph <anoobj at marvell.com>
Date: Tuesday, December 07 2021 06:50:58
DPDK git baseline: Repo:dpdk
Branch: master
CommitID:042f5a355a57b31a9f87824173a9d427b21abdb8
104959-104984 --> testing fail
Test environment and result as below:
+---------------------+--------------------+----------------------+
| Environment | dpdk_meson_compile | dpdk_mingw64_compile |
+=====================+====================+======================+
| FreeBSD 13 | PASS | SKIPPED |
+---------------------+--------------------+----------------------+
| openSUSE Leap 15 | PASS | SKIPPED |
+---------------------+--------------------+----------------------+
| Ubuntu 18.04 | PASS | SKIPPED |
+---------------------+--------------------+----------------------+
| Ubuntu 20.04 | PASS | SKIPPED |
+---------------------+--------------------+----------------------+
| Fedora 32 | PASS | SKIPPED |
+---------------------+--------------------+----------------------+
| CentOS 8 | PASS | SKIPPED |
+---------------------+--------------------+----------------------+
| RHEL8 | PASS | SKIPPED |
+---------------------+--------------------+----------------------+
| RHEL 7 | FAIL | SKIPPED |
+---------------------+--------------------+----------------------+
| Arch Linux | PASS | SKIPPED |
+---------------------+--------------------+----------------------+
| CentOS Stream 8 | PASS | SKIPPED |
+---------------------+--------------------+----------------------+
| Fedora 31 | PASS | SKIPPED |
+---------------------+--------------------+----------------------+
| Windows Server 2019 | PASS | PASS |
+---------------------+--------------------+----------------------+
| Fedora 33 | PASS | SKIPPED |
+---------------------+--------------------+----------------------+
| Fedora 34 | PASS | SKIPPED |
+---------------------+--------------------+----------------------+
| Alpine | PASS | SKIPPED |
+---------------------+--------------------+----------------------+
| Fedora 34 clang | PASS | SKIPPED |
+---------------------+--------------------+----------------------+
==== 20 line log output for RHEL 7 (dpdk_meson_compile): ====
^
cc1: all warnings being treated as errors
[2391/3074] Compiling C object drivers/libtmp_rte_crypto_openssl.a.p/crypto_openssl_rte_openssl_pmd_ops.c.o
[2392/3074] Compiling C object drivers/libtmp_rte_crypto_scheduler.a.p/crypto_scheduler_scheduler_multicore.c.o
[2393/3074] Compiling C object drivers/libtmp_rte_crypto_openssl.a.p/crypto_openssl_rte_openssl_pmd.c.o
[2394/3074] Generating rte_crypto_openssl_mingw with a custom command
[2395/3074] Generating rte_crypto_openssl_def with a custom command
[2396/3074] Generating rte_crypto_ccp.sym_chk with a meson_exe.py custom command
[2397/3074] Generating rte_crypto_mlx5.pmd.c with a custom command
[2398/3074] Generating rte_crypto_dpaa_sec.pmd.c with a custom command
[2399/3074] Generating rte_crypto_null.pmd.c with a custom command
[2400/3074] Generating rte_crypto_nitrox.pmd.c with a custom command
[2401/3074] Generating rte_crypto_dpaa2_sec.pmd.c with a custom command
[2402/3074] Generating rte_crypto_octeontx.pmd.c with a custom command
[2403/3074] Generating rte_crypto_octeontx2.pmd.c with a custom command
[2404/3074] Generating symbol file drivers/librte_common_sfc_efx.so.22.1.p/librte_common_sfc_efx.so.22.1.symbols
[2405/3074] Generating rte_common_cnxk.sym_chk with a meson_exe.py custom command
[2406/3074] Compiling C object drivers/libtmp_rte_crypto_cnxk.a.p/crypto_cnxk_cn9k_cryptodev_ops.c.o
[2407/3074] Compiling C object drivers/libtmp_rte_crypto_cnxk.a.p/crypto_cnxk_cn10k_cryptodev_ops.c.o
ninja: build stopped: subcommand failed.
==== End log output ====
FreeBSD 13
Kernel: 13.0
Compiler: clang 11.0.1
openSUSE Leap 15
Kernel: 4.18.0-240.10.1.el8_3.x86_64
Compiler: gcc 7.5.0
Ubuntu 18.04
Kernel: 4.18.0-240.10.1.el8_3.x86_64
Compiler: gcc 7.5.0-3ubuntu1~18.04
Ubuntu 20.04
Kernel: 4.18.0-240.10.1.el8_3.x86_64
Compiler: gcc 9.3.0-17ubuntu1~20.04
Fedora 32
Kernel: 4.18.0-240.10.1.el8_3.x86_64
Compiler: gcc 10.2.1
CentOS 8
Kernel: 4.18.0-240.10.1.el8_3.x86_64
Compiler: gcc 8.3.1 20191121 (Red Hat 8.3.1-5)
RHEL8
Kernel: 4.18.0-240.10.1.el8_3.x86_64
Compiler: gcc 8.3.1 20191121 (Red Hat 8.3.1-5)
RHEL 7
Kernel: 4.18.0-240.10.1.el8_3.x86_64
Compiler: gcc 4.8.5 20150623 (Red Hat 4.8.5-44)
Arch Linux
Kernel: 5.4.0-73-generic
Compiler: gcc 11.1.0
CentOS Stream 8
Kernel: 4.18.0-240.10.1.el8_3.x86_64
Compiler: gcc 8.4.1 20200928
Fedora 31
Kernel: 4.18.0-240.10.1.el8_3.x86_64
Compiler: gcc 9.3.1
Windows Server 2019
Kernel: 10.0
Compiler: clang 9.0 and gcc 8.1.0 (MinGW)
Fedora 33
Kernel: 5.4.0-72-generic
Compiler: gcc 10.3.1 20210422 (Red Hat 10.3.1-1)
Fedora 34
Kernel: 5.4.0-72-generic
Compiler: gcc 11.1.1 20210428 (Red Hat 11.1.1-1)
Alpine
Kernel: 5.4.0-73-generic
Compiler: gcc (Alpine 10.3.1_git20210424) 10.3.1 20210424
Fedora 34 clang
Kernel: 5.4.0-72-generic
Compiler: clang 12.0.0 (Fedora 12.0.0-0.3.rc1.fc34)
To view detailed results, visit:
https://lab.dpdk.org/results/dashboard/patchsets/20452/
UNH-IOL DPDK Community Lab
To manage your email subscriptions, visit:
https://lab.dpdk.org/results/dashboard/preferences/subscriptions/
More information about the test-report
mailing list