|FAILURE| pw105436-105451 [PATCH] [v2, 16/16] net/pfe: remove setting unused value
    dpdklab at iol.unh.edu 
    dpdklab at iol.unh.edu
       
    Mon Dec 27 18:36:54 CET 2021
    
    
  
Test-Label: iol-x86_64-compile-testing
Test-Status: FAILURE
http://dpdk.org/patch/105451
_Testing issues_
Submitter: Nipun Gupta <nipun.gupta at nxp.com>
Date: Monday, December 27 2021 16:16:45 
DPDK git baseline: Repo:dpdk
  Branch: master
  CommitID:042f5a355a57b31a9f87824173a9d427b21abdb8
105436-105451 --> testing fail
Test environment and result as below:
+---------------------+--------------------+----------------------+
|     Environment     | dpdk_meson_compile | dpdk_mingw64_compile |
+=====================+====================+======================+
| FreeBSD 13          | PASS               | SKIPPED              |
+---------------------+--------------------+----------------------+
| Windows Server 2019 | PASS               | PASS                 |
+---------------------+--------------------+----------------------+
| CentOS 8            | PASS               | SKIPPED              |
+---------------------+--------------------+----------------------+
| openSUSE Leap 15    | PASS               | SKIPPED              |
+---------------------+--------------------+----------------------+
| Ubuntu 18.04        | PASS               | SKIPPED              |
+---------------------+--------------------+----------------------+
| Arch Linux          | PASS               | SKIPPED              |
+---------------------+--------------------+----------------------+
| Fedora 32           | PASS               | SKIPPED              |
+---------------------+--------------------+----------------------+
| Fedora 34           | PASS               | SKIPPED              |
+---------------------+--------------------+----------------------+
| Fedora 31           | PASS               | SKIPPED              |
+---------------------+--------------------+----------------------+
| Ubuntu 20.04        | PASS               | SKIPPED              |
+---------------------+--------------------+----------------------+
| CentOS Stream 8     | PASS               | SKIPPED              |
+---------------------+--------------------+----------------------+
| RHEL 7              | PASS               | SKIPPED              |
+---------------------+--------------------+----------------------+
| Alpine              | FAIL               | SKIPPED              |
+---------------------+--------------------+----------------------+
| RHEL8               | PASS               | SKIPPED              |
+---------------------+--------------------+----------------------+
| Fedora 34 clang     | PASS               | SKIPPED              |
+---------------------+--------------------+----------------------+
| Fedora 33           | PASS               | SKIPPED              |
+---------------------+--------------------+----------------------+
==== 20 line log output for Alpine (dpdk_meson_compile): ====
|
cc1: all warnings being treated as errors
[1359/2731] Compiling C object 'drivers/a715181@@tmp_rte_net_dpaa2 at sta/net_dpaa2_dpaa2_tm.c.o'.
[1360/2731] Compiling C object 'drivers/a715181@@tmp_rte_net_cxgbe at sta/net_cxgbe_sge.c.o'.
[1361/2731] Compiling C object 'drivers/a715181@@tmp_rte_net_dpaa2 at sta/net_dpaa2_dpaa2_sparser.c.o'.
[1362/2731] Compiling C object 'drivers/a715181@@tmp_rte_net_cnxk at sta/net_cnxk_cn9k_rte_flow.c.o'.
[1363/2731] Compiling C object 'drivers/a715181@@tmp_rte_net_cxgbe at sta/net_cxgbe_base_t4_hw.c.o'.
[1364/2731] Compiling C object 'drivers/a715181@@tmp_rte_net_cnxk at sta/net_cnxk_cn9k_ethdev_sec.c.o'.
[1365/2731] Compiling C object 'drivers/a715181@@tmp_rte_net_dpaa2 at sta/net_dpaa2_dpaa2_ethdev.c.o'.
[1366/2731] Compiling C object 'drivers/a715181@@tmp_rte_net_cnxk at sta/net_cnxk_cn9k_rx_vec.c.o'.
[1367/2731] Compiling C object 'drivers/a715181@@tmp_rte_net_cnxk at sta/net_cnxk_cn9k_rx_vec_mseg.c.o'.
[1368/2731] Compiling C object 'drivers/a715181@@tmp_rte_net_dpaa at sta/net_dpaa_dpaa_rxtx.c.o'.
[1369/2731] Compiling C object 'drivers/a715181@@tmp_rte_net_dpaa2 at sta/net_dpaa2_dpaa2_rxtx.c.o'.
[1370/2731] Compiling C object 'drivers/a715181@@tmp_rte_net_dpaa2 at sta/net_dpaa2_dpaa2_flow.c.o'.
[1371/2731] Compiling C object 'drivers/a715181@@tmp_rte_net_cnxk at sta/net_cnxk_cn9k_tx.c.o'.
[1372/2731] Compiling C object 'drivers/a715181@@tmp_rte_net_cnxk at sta/net_cnxk_cn9k_rx.c.o'.
[1373/2731] Compiling C object 'drivers/a715181@@tmp_rte_net_cnxk at sta/net_cnxk_cn9k_rx_mseg.c.o'.
[1374/2731] Compiling C object 'drivers/a715181@@tmp_rte_event_octeontx2 at sta/event_octeontx2_otx2_worker.c.o'.
[1375/2731] Compiling C object 'drivers/a715181@@tmp_rte_event_octeontx2 at sta/event_octeontx2_otx2_worker_dual.c.o'.
ninja: build stopped: subcommand failed.
==== End log output ====
FreeBSD 13
	Kernel: 13.0
	Compiler: clang 11.0.1
Windows Server 2019
	Kernel: 10.0
	Compiler: clang 9.0 and gcc 8.1.0 (MinGW)
CentOS 8
	Kernel: 4.18.0-240.10.1.el8_3.x86_64
	Compiler: gcc 8.3.1 20191121 (Red Hat 8.3.1-5)
openSUSE Leap 15
	Kernel: 4.18.0-240.10.1.el8_3.x86_64
	Compiler: gcc 7.5.0
Ubuntu 18.04
	Kernel: 4.18.0-240.10.1.el8_3.x86_64
	Compiler: gcc 7.5.0-3ubuntu1~18.04
Arch Linux
	Kernel: 5.4.0-73-generic
	Compiler: gcc 11.1.0
Fedora 32
	Kernel: 4.18.0-240.10.1.el8_3.x86_64
	Compiler: gcc 10.2.1
Fedora 34
	Kernel: 5.4.0-72-generic
	Compiler: gcc 11.1.1 20210428 (Red Hat 11.1.1-1)
Fedora 31
	Kernel: 4.18.0-240.10.1.el8_3.x86_64
	Compiler: gcc 9.3.1
Ubuntu 20.04
	Kernel: 4.18.0-240.10.1.el8_3.x86_64
	Compiler: gcc 9.3.0-17ubuntu1~20.04
CentOS Stream 8
	Kernel: 4.18.0-240.10.1.el8_3.x86_64
	Compiler: gcc 8.4.1 20200928
RHEL 7
	Kernel: 4.18.0-240.10.1.el8_3.x86_64
	Compiler: gcc 4.8.5 20150623 (Red Hat 4.8.5-44)
Alpine
	Kernel: 5.4.0-73-generic
	Compiler: gcc (Alpine 10.3.1_git20210424) 10.3.1 20210424
RHEL8
	Kernel: 4.18.0-240.10.1.el8_3.x86_64
	Compiler: gcc 8.3.1 20191121 (Red Hat 8.3.1-5)
Fedora 34 clang
	Kernel: 5.4.0-72-generic
	Compiler: clang 12.0.0 (Fedora 12.0.0-0.3.rc1.fc34)
Fedora 33
	Kernel: 5.4.0-72-generic
	Compiler: gcc 10.3.1 20210422 (Red Hat 10.3.1-1)
To view detailed results, visit:
https://lab.dpdk.org/results/dashboard/patchsets/20568/
UNH-IOL DPDK Community Lab
To manage your email subscriptions, visit: 
https://lab.dpdk.org/results/dashboard/preferences/subscriptions/
    
    
More information about the test-report
mailing list