|WARNING| pw105436-105451 [PATCH] [v2, 16/16] net/pfe: remove setting unused value
    dpdklab at iol.unh.edu 
    dpdklab at iol.unh.edu
       
    Mon Dec 27 18:37:01 CET 2021
    
    
  
Test-Label: iol-abi-testing
Test-Status: WARNING
http://dpdk.org/patch/105451
_Testing issues_
Submitter: Nipun Gupta <nipun.gupta at nxp.com>
Date: Monday, December 27 2021 16:16:45 
DPDK git baseline: Repo:dpdk
  Branch: master
  CommitID:042f5a355a57b31a9f87824173a9d427b21abdb8
105436-105451 --> testing fail
Test environment and result as below:
+-----------------------------+----------+
|         Environment         | abi_test |
+=============================+==========+
| FreeBSD 13                  | PASS     |
+-----------------------------+----------+
| Ubuntu 20.04 ARM GCC Native | PASS     |
+-----------------------------+----------+
| Arch Linux                  | PASS     |
+-----------------------------+----------+
| CentOS 8                    | PASS     |
+-----------------------------+----------+
| Fedora 34                   | PASS     |
+-----------------------------+----------+
| openSUSE Leap 15            | PASS     |
+-----------------------------+----------+
| Ubuntu 20.04                | FAIL     |
+-----------------------------+----------+
| Ubuntu 18.04                | PASS     |
+-----------------------------+----------+
| RHEL 7                      | PASS     |
+-----------------------------+----------+
| Fedora 31                   | PASS     |
+-----------------------------+----------+
| Fedora 34 clang             | PASS     |
+-----------------------------+----------+
| Fedora 32                   | PASS     |
+-----------------------------+----------+
| RHEL8                       | PASS     |
+-----------------------------+----------+
| Fedora 33                   | PASS     |
+-----------------------------+----------+
| CentOS Stream 8             | PASS     |
+-----------------------------+----------+
==== 20 line log output for Ubuntu 20.04 (abi_test): ====
[3010/3076] Linking target app/dpdk-test-pipeline.
[3011/3076] Linking target app/dpdk-test-bbdev.
[3012/3076] Linking target app/dpdk-test-eventdev.
[3013/3076] Linking target app/dpdk-test-cmdline.
[3014/3076] Linking target app/dpdk-dumpcap.
[3015/3076] Linking target app/dpdk-test-fib.
[3016/3076] Linking target app/dpdk-test-acl.
[3017/3076] Linking target app/dpdk-test-crypto-perf.
[3018/3076] Linking target app/dpdk-test-flow-perf.
[3019/3076] Linking target app/dpdk-testpmd.
[3020/3076] Linking target app/dpdk-pdump.
[3021/3076] Linking target app/dpdk-test-sad.
[3022/3076] Linking target app/dpdk-proc-info.
[3023/3076] Linking target examples/dpdk-cmdline.
[3024/3076] Linking target app/dpdk-test-regex.
ninja: build stopped: subcommand failed.
==== Creating reference DPDK ABI
Error: install directory 'build_install' does not exist.
==== Checking ABI
Error: directory to check 'build_install' does not exist.
==== End log output ====
FreeBSD 13
	Kernel: 13.0
	Compiler: clang 11.0.1
Ubuntu 20.04 ARM GCC Native
	Kernel: 5.4.0-53-generic
	Compiler: gcc 9.3
Arch Linux
	Kernel: 5.4.0-73-generic
	Compiler: gcc 11.1.0
CentOS 8
	Kernel: 4.18.0-240.10.1.el8_3.x86_64
	Compiler: gcc 8.3.1 20191121 (Red Hat 8.3.1-5)
Fedora 34
	Kernel: 5.4.0-72-generic
	Compiler: gcc 11.1.1 20210428 (Red Hat 11.1.1-1)
openSUSE Leap 15
	Kernel: 4.18.0-240.10.1.el8_3.x86_64
	Compiler: gcc 7.5.0
Ubuntu 20.04
	Kernel: 4.18.0-240.10.1.el8_3.x86_64
	Compiler: gcc 9.3.0-17ubuntu1~20.04
Ubuntu 18.04
	Kernel: 4.18.0-240.10.1.el8_3.x86_64
	Compiler: gcc 7.5.0-3ubuntu1~18.04
RHEL 7
	Kernel: 4.18.0-240.10.1.el8_3.x86_64
	Compiler: gcc 4.8.5 20150623 (Red Hat 4.8.5-44)
Fedora 31
	Kernel: 4.18.0-240.10.1.el8_3.x86_64
	Compiler: gcc 9.3.1
Fedora 34 clang
	Kernel: 5.4.0-72-generic
	Compiler: clang 12.0.0 (Fedora 12.0.0-0.3.rc1.fc34)
Fedora 32
	Kernel: 4.18.0-240.10.1.el8_3.x86_64
	Compiler: gcc 10.2.1
RHEL8
	Kernel: 4.18.0-240.10.1.el8_3.x86_64
	Compiler: gcc 8.3.1 20191121 (Red Hat 8.3.1-5)
Fedora 33
	Kernel: 5.4.0-72-generic
	Compiler: gcc 10.3.1 20210422 (Red Hat 10.3.1-1)
CentOS Stream 8
	Kernel: 4.18.0-240.10.1.el8_3.x86_64
	Compiler: gcc 8.4.1 20200928
To view detailed results, visit:
https://lab.dpdk.org/results/dashboard/patchsets/20568/
UNH-IOL DPDK Community Lab
To manage your email subscriptions, visit: 
https://lab.dpdk.org/results/dashboard/preferences/subscriptions/
    
    
More information about the test-report
mailing list