[dpdk-test-report] |WARNING| pw87831 [PATCH] devtools: add llx format specifier check

dpdklab at iol.unh.edu dpdklab at iol.unh.edu
Tue Feb 9 20:51:02 CET 2021


Test-Label: iol-testing
Test-Status: WARNING
http://dpdk.org/patch/87831

_Testing issues_

Submitter: Ferruh Yigit <ferruh.yigit at intel.com>
Date: Tuesday, February 09 2021 15:26:43 
DPDK git baseline: Repo:dpdk
  Branch: master
  CommitID:a69f94e934ccf9a6a6401e4f272cb2407783c2cb

87831 --> testing fail

Test environment and result as below:

+---------------------+----------------------+--------------------+-------------------+----------------+
|     Environment     | dpdk_mingw64_compile | dpdk_meson_compile | dpdk_compile_spdk | dpdk_unit_test |
+=====================+======================+====================+===================+================+
| Windows Server 2019 | PASS                 | PASS               | SKIPPED           | SKIPPED        |
+---------------------+----------------------+--------------------+-------------------+----------------+
| FreeBSD 11.2        | SKIPPED              | PASS               | SKIPPED           | SKIPPED        |
+---------------------+----------------------+--------------------+-------------------+----------------+
| Ubuntu 18.04        | SKIPPED              | PASS               | FAIL              | PASS           |
+---------------------+----------------------+--------------------+-------------------+----------------+
| CentOS 8            | SKIPPED              | PASS               | SKIPPED           | SKIPPED        |
+---------------------+----------------------+--------------------+-------------------+----------------+
| Ubuntu 18.04 ARM    | SKIPPED              | PASS               | SKIPPED           | PASS           |
+---------------------+----------------------+--------------------+-------------------+----------------+
| openSUSE Leap 15    | SKIPPED              | PASS               | SKIPPED           | SKIPPED        |
+---------------------+----------------------+--------------------+-------------------+----------------+
| Arch Linux          | SKIPPED              | PASS               | SKIPPED           | SKIPPED        |
+---------------------+----------------------+--------------------+-------------------+----------------+
| Fedora 31           | SKIPPED              | PASS               | FAIL              | SKIPPED        |
+---------------------+----------------------+--------------------+-------------------+----------------+

==== 20 line log output for Ubuntu 18.04 (dpdk_compile_spdk): ====
/spdk/mk/spdk.app.mk:65: recipe for target 'bdevperf' failed
make[3]: *** [bdevperf] Error 1
/spdk/mk/spdk.subdirs.mk:44: recipe for target 'bdevperf' failed
make[2]: *** [bdevperf] Error 2
/spdk/mk/spdk.subdirs.mk:44: recipe for target 'bdev' failed
make[1]: *** [bdev] Error 2
/spdk/mk/spdk.subdirs.mk:44: recipe for target 'test' failed
make: *** [test] Error 2
/dpdk/build/lib/librte_ethdev.a(librte_ethdev_rte_class_eth.c.o): In function `eth_mac_cmp':
rte_class_eth.c:(.text+0x107): undefined reference to `rte_ether_unformat_addr'
collect2: error: ld returned 1 exit status
/spdk/mk/spdk.app.mk:65: recipe for target '/spdk/build/examples/identify' failed
make[3]: *** [/spdk/build/examples/identify] Error 1
/spdk/mk/spdk.subdirs.mk:44: recipe for target 'identify' failed
make[2]: *** [identify] Error 2
/spdk/mk/spdk.subdirs.mk:44: recipe for target 'nvme' failed
make[1]: *** [nvme] Error 2
/spdk/mk/spdk.subdirs.mk:44: recipe for target 'examples' failed
make: *** [examples] Error 2
[2] Error running command.
==== End log output ====

Windows Server 2019
	Kernel: 10.0
	Compiler: clang 9.0 and gcc 8.1.0 (MinGW)

FreeBSD 11.2
	Kernel: 11.2
	Compiler: gcc 8.3

Ubuntu 18.04
	Kernel: 4.15.0-generic
	Compiler: gcc 7.5

CentOS 8
	Kernel: 4.18.0.el8_0
	Compiler: gcc 8.3.1

Ubuntu 18.04 ARM
	Kernel: 5.4.0-53-generic
	Compiler: gcc 9.3

openSUSE Leap 15
	Kernel: 4.12.14
	Compiler: gcc 7.4.1

Arch Linux
	Kernel: latest
	Compiler: gcc latest

Fedora 31
	Kernel: 5.3.16
	Compiler: gcc 9.2.1

To view detailed results, visit:
https://lab.dpdk.org/results/dashboard/patchsets/15585/

UNH-IOL DPDK Community Lab

To manage your email subscriptions, visit: 
https://lab.dpdk.org/results/dashboard/preferences/subscriptions/


More information about the test-report mailing list