[dpdk-test-report] |WARNING| pw87827 [PATCH] [v5] build: kni cross-compilation support

dpdklab at iol.unh.edu dpdklab at iol.unh.edu
Tue Feb 9 21:36:58 CET 2021


Test-Label: iol-testing
Test-Status: WARNING
http://dpdk.org/patch/87827

_Testing issues_

Submitter: Juraj Linkeš <juraj.linkes at pantheon.tech>
Date: Tuesday, February 09 2021 08:47:05 
DPDK git baseline: Repo:dpdk
  Branch: master
  CommitID:a69f94e934ccf9a6a6401e4f272cb2407783c2cb

87827 --> testing fail

Test environment and result as below:

+---------------------+----------------------+--------------------+----------------+-------------------+
|     Environment     | dpdk_mingw64_compile | dpdk_meson_compile | dpdk_unit_test | dpdk_compile_spdk |
+=====================+======================+====================+================+===================+
| Windows Server 2019 | PASS                 | PASS               | SKIPPED        | SKIPPED           |
+---------------------+----------------------+--------------------+----------------+-------------------+
| FreeBSD 11.2        | SKIPPED              | PASS               | SKIPPED        | SKIPPED           |
+---------------------+----------------------+--------------------+----------------+-------------------+
| Ubuntu 18.04        | SKIPPED              | PASS               | PASS           | FAIL              |
+---------------------+----------------------+--------------------+----------------+-------------------+
| CentOS 8            | SKIPPED              | PASS               | SKIPPED        | SKIPPED           |
+---------------------+----------------------+--------------------+----------------+-------------------+
| openSUSE Leap 15    | SKIPPED              | PASS               | SKIPPED        | SKIPPED           |
+---------------------+----------------------+--------------------+----------------+-------------------+
| Fedora 31           | SKIPPED              | PASS               | SKIPPED        | FAIL              |
+---------------------+----------------------+--------------------+----------------+-------------------+
| Arch Linux          | SKIPPED              | PASS               | SKIPPED        | SKIPPED           |
+---------------------+----------------------+--------------------+----------------+-------------------+
| Ubuntu 18.04 ARM    | SKIPPED              | PASS               | PASS           | SKIPPED           |
+---------------------+----------------------+--------------------+----------------+-------------------+

==== 20 line log output for Fedora 31 (dpdk_compile_spdk): ====
rte_class_eth.c:(.text+0x1d4): undefined reference to `rte_ether_unformat_addr'
collect2: error: ld returned 1 exit status
make[2]: *** [/spdk/mk/spdk.app.mk:65: /spdk/build/bin/spdk_trace_record] Error 1
make[1]: *** [/spdk/mk/spdk.subdirs.mk:44: trace_record] Error 2
make[1]: *** Waiting for unfinished jobs....
LINK bdevperf
/usr/bin/ld.bfd: /dpdk/build/lib/librte_ethdev.a(librte_ethdev_rte_class_eth.c.o): in function `eth_mac_cmp':
rte_class_eth.c:(.text+0x1d4): undefined reference to `rte_ether_unformat_addr'
collect2: error: ld returned 1 exit status
make[2]: *** [/spdk/mk/spdk.app.mk:65: /spdk/build/bin/nvmf_tgt] Error 1
make[1]: *** [/spdk/mk/spdk.subdirs.mk:44: nvmf_tgt] Error 2
make: *** [/spdk/mk/spdk.subdirs.mk:44: app] Error 2
/usr/bin/ld.bfd: /dpdk/build/lib/librte_ethdev.a(librte_ethdev_rte_class_eth.c.o): in function `eth_mac_cmp':
rte_class_eth.c:(.text+0x1d4): undefined reference to `rte_ether_unformat_addr'
collect2: error: ld returned 1 exit status
make[3]: *** [/spdk/mk/spdk.app.mk:65: bdevperf] Error 1
make[2]: *** [/spdk/mk/spdk.subdirs.mk:44: bdevperf] Error 2
make[1]: *** [/spdk/mk/spdk.subdirs.mk:44: bdev] Error 2
make: *** [/spdk/mk/spdk.subdirs.mk:44: test] Error 2
[2] Error running command.
==== End log output ====

Windows Server 2019
	Kernel: 10.0
	Compiler: clang 9.0 and gcc 8.1.0 (MinGW)

FreeBSD 11.2
	Kernel: 11.2
	Compiler: gcc 8.3

Ubuntu 18.04
	Kernel: 4.15.0-generic
	Compiler: gcc 7.5

CentOS 8
	Kernel: 4.18.0.el8_0
	Compiler: gcc 8.3.1

openSUSE Leap 15
	Kernel: 4.12.14
	Compiler: gcc 7.4.1

Fedora 31
	Kernel: 5.3.16
	Compiler: gcc 9.2.1

Arch Linux
	Kernel: latest
	Compiler: gcc latest

Ubuntu 18.04 ARM
	Kernel: 5.4.0-53-generic
	Compiler: gcc 9.3

To view detailed results, visit:
https://lab.dpdk.org/results/dashboard/patchsets/15581/

UNH-IOL DPDK Community Lab

To manage your email subscriptions, visit: 
https://lab.dpdk.org/results/dashboard/preferences/subscriptions/


More information about the test-report mailing list