|FAILURE| pw104519 [PATCH] [v2] common/mlx5: fix mempool registration

dpdklab at iol.unh.edu dpdklab at iol.unh.edu
Fri Nov 19 07:45:06 CET 2021


Test-Label: iol-x86_64-unit-testing
Test-Status: FAILURE
http://dpdk.org/patch/104519

_Testing issues_

Submitter: Dmitry Kozlyuk <dkozlyuk at nvidia.com>
Date: Thursday, November 18 2021 15:25:01 
DPDK git baseline: Repo:dpdk
  Branch: master
  CommitID:0c6e27549c03695f85d949f5195a166b449b419c

104519 --> testing fail

Test environment and result as below:

+------------------+----------------+
|   Environment    | dpdk_unit_test |
+==================+================+
| Ubuntu 18.04     | PASS           |
+------------------+----------------+
| Arch Linux       | PASS           |
+------------------+----------------+
| CentOS 8         | PASS           |
+------------------+----------------+
| CentOS Stream 8  | PASS           |
+------------------+----------------+
| Fedora 31        | PASS           |
+------------------+----------------+
| Fedora 32        | PASS           |
+------------------+----------------+
| RHEL 7           | FAIL           |
+------------------+----------------+
| openSUSE Leap 15 | PASS           |
+------------------+----------------+
| RHEL8            | PASS           |
+------------------+----------------+
| Ubuntu 20.04     | PASS           |
+------------------+----------------+
| Fedora 34        | PASS           |
+------------------+----------------+
| Fedora 33        | PASS           |
+------------------+----------------+
| Fedora 34 clang  | PASS           |
+------------------+----------------+

==== 20 line log output for RHEL 7 (dpdk_unit_test): ====
^
cc1: all warnings being treated as errors
[717/3045] Compiling C object drivers/libtmp_rte_common_qat.a.p/common_qat_qat_device.c.o
[718/3045] Generating rte_common_mlx5_def with a custom command
[719/3045] Compiling C object drivers/libtmp_rte_common_mlx5.a.p/common_mlx5_linux_mlx5_common_auxiliary.c.o
[720/3045] Generating rte_bus_pci.sym_chk with a meson_exe.py custom command
[721/3045] Compiling C object drivers/libtmp_rte_common_mlx5.a.p/common_mlx5_linux_mlx5_common_os.c.o
[722/3045] Compiling C object drivers/libtmp_rte_common_mlx5.a.p/common_mlx5_linux_mlx5_common_verbs.c.o
[723/3045] Compiling C object drivers/libtmp_rte_common_mlx5.a.p/common_mlx5_mlx5_common_utils.c.o
[724/3045] Generating rte_common_octeontx2.sym_chk with a meson_exe.py custom command
[725/3045] Generating rte_bus_vmbus.sym_chk with a meson_exe.py custom command
[726/3045] Generating rte_common_cnxk.pmd.c with a custom command
[727/3045] Compiling C object drivers/libtmp_rte_common_mlx5.a.p/common_mlx5_linux_mlx5_nl.c.o
[728/3045] Compiling C object drivers/libtmp_rte_common_mlx5.a.p/common_mlx5_mlx5_devx_cmds.c.o
[729/3045] Generating ethdev.sym_chk with a meson_exe.py custom command
[730/3045] Generating pipeline.sym_chk with a meson_exe.py custom command
[731/3045] Generating rte_bus_dpaa.sym_chk with a meson_exe.py custom command
[732/3045] Generating rte_bus_fslmc.sym_chk with a meson_exe.py custom command
[733/3045] Generating eal.sym_chk with a meson_exe.py custom command
ninja: build stopped: subcommand failed.
==== End log output ====

Ubuntu 18.04
	Kernel: 4.18.0-240.10.1.el8_3.x86_64
	Compiler: gcc 7.5.0-3ubuntu1~18.04

Arch Linux
	Kernel: 5.4.0-73-generic
	Compiler: gcc 11.1.0

CentOS 8
	Kernel: 4.18.0-240.10.1.el8_3.x86_64
	Compiler: gcc 8.3.1 20191121 (Red Hat 8.3.1-5)

CentOS Stream 8
	Kernel: 4.18.0-240.10.1.el8_3.x86_64
	Compiler: gcc 8.4.1 20200928

Fedora 31
	Kernel: 4.18.0-240.10.1.el8_3.x86_64
	Compiler: gcc 9.3.1

Fedora 32
	Kernel: 4.18.0-240.10.1.el8_3.x86_64
	Compiler: gcc 10.2.1

RHEL 7
	Kernel: 4.18.0-240.10.1.el8_3.x86_64
	Compiler: gcc 4.8.5 20150623 (Red Hat 4.8.5-44)

openSUSE Leap 15
	Kernel: 4.18.0-240.10.1.el8_3.x86_64
	Compiler: gcc 7.5.0

RHEL8
	Kernel: 4.18.0-240.10.1.el8_3.x86_64
	Compiler: gcc 8.3.1 20191121 (Red Hat 8.3.1-5)

Ubuntu 20.04
	Kernel: 4.18.0-240.10.1.el8_3.x86_64
	Compiler: gcc 9.3.0-17ubuntu1~20.04

Fedora 34
	Kernel: 5.4.0-72-generic
	Compiler: gcc 11.1.1 20210428 (Red Hat 11.1.1-1)

Fedora 33
	Kernel: 5.4.0-72-generic
	Compiler: gcc 10.3.1 20210422 (Red Hat 10.3.1-1)

Fedora 34 clang
	Kernel: 5.4.0-72-generic
	Compiler: clang 12.0.0 (Fedora 12.0.0-0.3.rc1.fc34)

To view detailed results, visit:
https://lab.dpdk.org/results/dashboard/patchsets/20285/

UNH-IOL DPDK Community Lab

To manage your email subscriptions, visit: 
https://lab.dpdk.org/results/dashboard/preferences/subscriptions/


More information about the test-report mailing list