|FAILURE| pw104519 [PATCH] [v2] common/mlx5: fix mempool registration

dpdklab at iol.unh.edu dpdklab at iol.unh.edu
Fri Nov 19 07:57:32 CET 2021


Test-Label: iol-x86_64-compile-testing
Test-Status: FAILURE
http://dpdk.org/patch/104519

_Testing issues_

Submitter: Dmitry Kozlyuk <dkozlyuk at nvidia.com>
Date: Thursday, November 18 2021 15:25:01 
DPDK git baseline: Repo:dpdk
  Branch: master
  CommitID:0c6e27549c03695f85d949f5195a166b449b419c

104519 --> testing fail

Test environment and result as below:

+---------------------+--------------------+----------------------+
|     Environment     | dpdk_meson_compile | dpdk_mingw64_compile |
+=====================+====================+======================+
| Windows Server 2019 | PASS               | PASS                 |
+---------------------+--------------------+----------------------+
| FreeBSD 13          | PASS               | SKIPPED              |
+---------------------+--------------------+----------------------+
| Ubuntu 18.04        | PASS               | SKIPPED              |
+---------------------+--------------------+----------------------+
| Fedora 31           | PASS               | SKIPPED              |
+---------------------+--------------------+----------------------+
| openSUSE Leap 15    | PASS               | SKIPPED              |
+---------------------+--------------------+----------------------+
| CentOS Stream 8     | PASS               | SKIPPED              |
+---------------------+--------------------+----------------------+
| CentOS 8            | PASS               | SKIPPED              |
+---------------------+--------------------+----------------------+
| RHEL 7              | FAIL               | SKIPPED              |
+---------------------+--------------------+----------------------+
| Fedora 32           | PASS               | SKIPPED              |
+---------------------+--------------------+----------------------+
| Ubuntu 20.04        | PASS               | SKIPPED              |
+---------------------+--------------------+----------------------+
| RHEL8               | PASS               | SKIPPED              |
+---------------------+--------------------+----------------------+
| Alpine              | PASS               | SKIPPED              |
+---------------------+--------------------+----------------------+
| Arch Linux          | PASS               | SKIPPED              |
+---------------------+--------------------+----------------------+
| Fedora 34           | PASS               | SKIPPED              |
+---------------------+--------------------+----------------------+
| Fedora 33           | PASS               | SKIPPED              |
+---------------------+--------------------+----------------------+
| Fedora 34 clang     | PASS               | SKIPPED              |
+---------------------+--------------------+----------------------+

==== 20 line log output for RHEL 7 (dpdk_meson_compile): ====
^
cc1: all warnings being treated as errors
[824/3044] Linking static target drivers/libtmp_rte_mempool_cnxk.a
[825/3044] Compiling C object drivers/libtmp_rte_net_octeontx.a.p/net_octeontx_octeontx_rxtx.c.o
[826/3044] Compiling C object drivers/libtmp_rte_net_octeontx.a.p/net_octeontx_octeontx_ethdev.c.o
[827/3044] Compiling C object drivers/libtmp_rte_net_octeontx.a.p/net_octeontx_octeontx_ethdev_ops.c.o
[828/3044] Linking static target drivers/net/octeontx/base/libocteontx_base.a
[829/3044] Generating rte_mempool_bucket.pmd.c with a custom command
[830/3044] Generating rte_common_qat.pmd.c with a custom command
[831/3044] Generating rte_common_sfc_efx.pmd.c with a custom command
[832/3044] Generating rte_bus_pci.sym_chk with a meson_exe.py custom command
[833/3044] Generating rte_common_cnxk.pmd.c with a custom command
[834/3044] Generating rte_common_octeontx2.sym_chk with a meson_exe.py custom command
[835/3044] Generating rte_bus_vmbus.sym_chk with a meson_exe.py custom command
[836/3044] Generating ethdev.sym_chk with a meson_exe.py custom command
[837/3044] Generating pipeline.sym_chk with a meson_exe.py custom command
[838/3044] Generating rte_bus_dpaa.sym_chk with a meson_exe.py custom command
[839/3044] Generating rte_bus_fslmc.sym_chk with a meson_exe.py custom command
[840/3044] Generating eal.sym_chk with a meson_exe.py custom command
ninja: build stopped: subcommand failed.
==== End log output ====

Windows Server 2019
	Kernel: 10.0
	Compiler: clang 9.0 and gcc 8.1.0 (MinGW)

FreeBSD 13
	Kernel: 13.0
	Compiler: clang 11.0.1

Ubuntu 18.04
	Kernel: 4.18.0-240.10.1.el8_3.x86_64
	Compiler: gcc 7.5.0-3ubuntu1~18.04

Fedora 31
	Kernel: 4.18.0-240.10.1.el8_3.x86_64
	Compiler: gcc 9.3.1

openSUSE Leap 15
	Kernel: 4.18.0-240.10.1.el8_3.x86_64
	Compiler: gcc 7.5.0

CentOS Stream 8
	Kernel: 4.18.0-240.10.1.el8_3.x86_64
	Compiler: gcc 8.4.1 20200928

CentOS 8
	Kernel: 4.18.0-240.10.1.el8_3.x86_64
	Compiler: gcc 8.3.1 20191121 (Red Hat 8.3.1-5)

RHEL 7
	Kernel: 4.18.0-240.10.1.el8_3.x86_64
	Compiler: gcc 4.8.5 20150623 (Red Hat 4.8.5-44)

Fedora 32
	Kernel: 4.18.0-240.10.1.el8_3.x86_64
	Compiler: gcc 10.2.1

Ubuntu 20.04
	Kernel: 4.18.0-240.10.1.el8_3.x86_64
	Compiler: gcc 9.3.0-17ubuntu1~20.04

RHEL8
	Kernel: 4.18.0-240.10.1.el8_3.x86_64
	Compiler: gcc 8.3.1 20191121 (Red Hat 8.3.1-5)

Alpine
	Kernel: 5.4.0-73-generic
	Compiler: gcc (Alpine 10.3.1_git20210424) 10.3.1 20210424

Arch Linux
	Kernel: 5.4.0-73-generic
	Compiler: gcc 11.1.0

Fedora 34
	Kernel: 5.4.0-72-generic
	Compiler: gcc 11.1.1 20210428 (Red Hat 11.1.1-1)

Fedora 33
	Kernel: 5.4.0-72-generic
	Compiler: gcc 10.3.1 20210422 (Red Hat 10.3.1-1)

Fedora 34 clang
	Kernel: 5.4.0-72-generic
	Compiler: clang 12.0.0 (Fedora 12.0.0-0.3.rc1.fc34)

To view detailed results, visit:
https://lab.dpdk.org/results/dashboard/patchsets/20285/

UNH-IOL DPDK Community Lab

To manage your email subscriptions, visit: 
https://lab.dpdk.org/results/dashboard/preferences/subscriptions/


More information about the test-report mailing list