|FAILURE| pw120538-120540 [PATCH] [5/5] eal: deprecate rte thread setname API
dpdklab at iol.unh.edu
dpdklab at iol.unh.edu
Wed Dec 7 23:14:03 CET 2022
Test-Label: iol-x86_64-compile-testing
Test-Status: FAILURE
http://dpdk.org/patch/120540
_Testing issues_
Submitter: Tyler Retzlaff <roretzla at linux.microsoft.com>
Date: Wednesday, December 07 2022 19:00:17
DPDK git baseline: Repo:dpdk
Branch: master
CommitID:6c8aed5ab7f6dbed8e71199504fa227f5f60c6fd
120538-120540 --> testing fail
Test environment and result as below:
+------------------+--------------------+
| Environment | dpdk_meson_compile |
+==================+====================+
| FreeBSD 13 | FAIL |
+------------------+--------------------+
| CentOS Stream 8 | FAIL |
+------------------+--------------------+
| CentOS Stream 9 | FAIL |
+------------------+--------------------+
| Debian Buster | FAIL |
+------------------+--------------------+
| Ubuntu 22.04 | FAIL |
+------------------+--------------------+
| Debian Bullseye | FAIL |
+------------------+--------------------+
| RHEL 7 | FAIL |
+------------------+--------------------+
| openSUSE Leap 15 | FAIL |
+------------------+--------------------+
| RHEL8 | FAIL |
+------------------+--------------------+
| Ubuntu 20.04 | FAIL |
+------------------+--------------------+
==== 20 line log output for Ubuntu 20.04 (dpdk_meson_compile): ====
[1742/3147] Compiling C object 'drivers/a715181@@tmp_rte_net_mlx5 at sta/net_mlx5_mlx5_txpp.c.o'.
[1743/3147] Compiling C object 'drivers/a715181@@tmp_rte_net_mlx5 at sta/net_mlx5_mlx5_hws_cnt.c.o'.
FAILED: drivers/a715181@@tmp_rte_net_mlx5 at sta/net_mlx5_mlx5_hws_cnt.c.o
ccache cc -Idrivers/a715181@@tmp_rte_net_mlx5 at sta -Idrivers -I../drivers -Idrivers/net/mlx5 -I../drivers/net/mlx5 -Idrivers/net/mlx5/linux -I../drivers/net/mlx5/linux -Idrivers/net/mlx5/hws -I../drivers/net/mlx5/hws -Ilib/ethdev -I../lib/ethdev -I. -I../ -Iconfig -I../config -Ilib/eal/include -I../lib/eal/include -Ilib/eal/linux/include -I../lib/eal/linux/include -Ilib/eal/x86/include -I../lib/eal/x86/include -Ilib/eal/common -I../lib/eal/common -Ilib/eal -I../lib/eal -Ilib/kvargs -I../lib/kvargs -Ilib/telemetry/../metrics -I../lib/telemetry/../metrics -Ilib/telemetry -I../lib/telemetry -Ilib/net -I../lib/net -Ilib/mbuf -I../lib/mbuf -Ilib/mempool -I../lib/mempool -Ilib/ring -I../lib/ring -Ilib/meter -I../lib/meter -Idrivers/bus/pci -I../drivers/bus/pci -I../drivers/bus/pci/linux -Ilib/pci -I../lib/pci -Idrivers/bus/vdev -I../drivers/bus/vdev -Ilib/hash -I../lib/hash -Ilib/rcu -I../lib/rcu -Idrivers/common/mlx5 -I../drivers/common/mlx5 -Idrivers/common/mlx5/linux -I../drivers/common/mlx5/linux -Idrivers/bus/auxiliary -I../drivers/bus/auxiliary -I/usr/include/libnl3 -fdiagnostics-color=always -pipe -D_FILE_OFFSET_BITS=64 -Wall -Winvalid-pch -Wextra -Werror -O3 -include rte_config.h -Wcast-qual -Wdeprecated -Wformat -Wformat-nonliteral -Wformat-security -Wmissing-declarations -Wmissing-prototypes -Wnested-externs -Wold-style-definition -Wpointer-arith -Wsign-compare -Wstrict-prototypes -Wundef -Wwrite-strings -Wno-address-of-packed-member -Wno-packed-not-aligned -Wno-missing-field-initializers -D_GNU_SOURCE -fPIC -march=native -DALLOW_EXPERIMENTAL_API -DALLOW_INTERNAL_API -Wno-format-truncation -std=c11 -Wno-strict-prototypes -D_BSD_SOURCE -D_DEFAULT_SOURCE -D_XOPEN_SOURCE=600 -UPEDANTIC -DRTE_LOG_DEFAULT_LOGTYPE=pmd.net.mlx5 -MD -MQ 'drivers/a715181@@tmp_rte_net_mlx5 at sta/net_mlx5_mlx5_hws_cnt.c.o' -MF 'drivers/a715181@@tmp_rte_net_mlx5 at sta/net_mlx5_mlx5_hws_cnt.c.o.d' -o 'drivers/a715181@@tmp_rte_net_mlx5 at sta/net_mlx5_mlx5_hws_cnt.c.o' -c ../drivers/net/mlx5/mlx5_hws_cnt.c
../drivers/net/mlx5/mlx5_hws_cnt.c: In function 'mlx5_hws_cnt_service_thread_create':
../drivers/net/mlx5/mlx5_hws_cnt.c:468:2: error: 'rte_thread_setname' is deprecated [-Werror=deprecated-declarations]
468 | rte_thread_setname(sh->cnt_svc->service_thread, name);
| ^~~~~~~~~~~~~~~~~~
In file included from ../lib/eal/include/generic/rte_spinlock.h:21,
from ../lib/eal/x86/include/rte_spinlock.h:12,
from ../lib/eal/x86/include/rte_rwlock.h:13,
from ../lib/eal/include/rte_fbarray.h:39,
from ../lib/eal/include/rte_memory.h:25,
from ../lib/eal/include/rte_malloc.h:16,
from ../drivers/net/mlx5/mlx5_hws_cnt.c:6:
../lib/eal/include/rte_lcore.h:397:5: note: declared here
397 | int rte_thread_setname(pthread_t id, const char *name);
| ^~~~~~~~~~~~~~~~~~
cc1: all warnings being treated as errors
ninja: build stopped: subcommand failed.
==== End log output ====
FreeBSD 13
Kernel: 13.0
Compiler: clang 11.0.1
CentOS Stream 8
Kernel: 4.18.0-240.10.1.el8_3.x86_64
Compiler: gcc 8.4.1 20200928
CentOS Stream 9
Kernel: 4.18.0-240.10.1.el8_3.x86_64
Compiler: gcc 11.3.1 20220421
Debian Buster
Kernel: 5.4.0-122-generic
Compiler: gcc 8.3.0-6
Ubuntu 22.04
Kernel: Container Host Kernel
Compiler: gcc 11.3.1-2
Debian Bullseye
Kernel: 5.4.0-122-generic
Compiler: gcc 10.2.1-6
RHEL 7
Kernel: 4.18.0-240.10.1.el8_3.x86_64
Compiler: gcc 4.8.5 20150623 (Red Hat 4.8.5-44)
openSUSE Leap 15
Kernel: 4.18.0-240.10.1.el8_3.x86_64
Compiler: gcc 7.5.0
RHEL8
Kernel: 4.18.0-240.10.1.el8_3.x86_64
Compiler: gcc 8.3.1 20191121 (Red Hat 8.3.1-5)
Ubuntu 20.04
Kernel: 4.18.0-240.10.1.el8_3.x86_64
Compiler: gcc 9.3.0-17ubuntu1~20.04
To view detailed results, visit:
https://lab.dpdk.org/results/dashboard/patchsets/24666/
UNH-IOL DPDK Community Lab
To manage your email subscriptions, visit:
https://lab.dpdk.org/results/dashboard/preferences/subscriptions/
More information about the test-report
mailing list