|FAILURE| pw120538-120540 [PATCH] [5/5] eal: deprecate rte thread setname API

dpdklab at iol.unh.edu dpdklab at iol.unh.edu
Thu Dec 8 00:35:20 CET 2022


Test-Label: iol-aarch64-compile-testing
Test-Status: FAILURE
http://dpdk.org/patch/120540

_Testing issues_

Submitter: Tyler Retzlaff <roretzla at linux.microsoft.com>
Date: Wednesday, December 07 2022 19:00:17 
DPDK git baseline: Repo:dpdk
  Branch: master
  CommitID:6c8aed5ab7f6dbed8e71199504fa227f5f60c6fd

120538-120540 --> testing fail

Test environment and result as below:

+----------------------------------------+--------------------+
|              Environment               | dpdk_meson_compile |
+========================================+====================+
| Ubuntu 20.04 ARM GCC Native            | FAIL               |
+----------------------------------------+--------------------+
| Ubuntu 20.04 ARM Clang Native          | FAIL               |
+----------------------------------------+--------------------+
| Ubuntu 20.04 aarch32 GCC Cross Compile | PASS               |
+----------------------------------------+--------------------+
| Ubuntu 20.04 ARM Clang Cross Compile   | PASS               |
+----------------------------------------+--------------------+
| Ubuntu 20.04 ARM GCC Cross Compile     | PASS               |
+----------------------------------------+--------------------+
| Ubuntu 20.04 ARM SVE                   | PASS               |
+----------------------------------------+--------------------+

==== 20 line log output for Ubuntu 20.04 ARM Clang Native (dpdk_meson_compile): ====
[1660/3121] Compiling C object drivers/libtmp_rte_net_mlx5.a.p/net_mlx5_mlx5_rxtx_vec.c.o
[1661/3121] Compiling C object drivers/libtmp_rte_net_ixgbe.a.p/net_ixgbe_ixgbe_rxtx.c.o
[1662/3121] Compiling C object drivers/libtmp_rte_net_mlx5.a.p/net_mlx5_hws_mlx5dr_definer.c.o
[1663/3121] Compiling C object drivers/libtmp_rte_net_mlx5.a.p/net_mlx5_mlx5_flow.c.o
[1664/3121] Compiling C object drivers/libtmp_rte_net_cnxk.a.p/net_cnxk_tx_cn10k_tx_48_63_vec_mseg.c.o
[1665/3121] Compiling C object drivers/libtmp_rte_net_cnxk.a.p/net_cnxk_tx_cn10k_tx_16_31_vec_mseg.c.o
[1666/3121] Compiling C object drivers/libtmp_rte_net_cnxk.a.p/net_cnxk_tx_cn10k_tx_64_79_vec.c.o
[1667/3121] Compiling C object drivers/libtmp_rte_net_cnxk.a.p/net_cnxk_tx_cn10k_tx_96_111_vec.c.o
[1668/3121] Compiling C object drivers/libtmp_rte_net_mlx5.a.p/net_mlx5_mlx5_tx_mpw.c.o
[1669/3121] Compiling C object drivers/libtmp_rte_net_mlx5.a.p/net_mlx5_mlx5_flow_dv.c.o
[1670/3121] Compiling C object drivers/libtmp_rte_net_cnxk.a.p/net_cnxk_tx_cn10k_tx_80_95_vec_mseg.c.o
[1671/3121] Compiling C object drivers/libtmp_rte_net_cnxk.a.p/net_cnxk_tx_cn10k_tx_32_47_vec_mseg.c.o
[1672/3121] Compiling C object drivers/libtmp_rte_net_mlx5.a.p/net_mlx5_mlx5_flow_hw.c.o
[1673/3121] Compiling C object drivers/libtmp_rte_net_cnxk.a.p/net_cnxk_tx_cn10k_tx_0_15_vec_mseg.c.o
[1674/3121] Compiling C object drivers/libtmp_rte_net_mlx5.a.p/net_mlx5_mlx5_tx_nompw.c.o
[1675/3121] Compiling C object drivers/libtmp_rte_net_mlx5.a.p/net_mlx5_mlx5_tx_empw.c.o
[1676/3121] Compiling C object drivers/libtmp_rte_net_mlx5.a.p/net_mlx5_mlx5_tx_txpp.c.o
[1677/3121] Compiling C object drivers/libtmp_rte_net_cnxk.a.p/net_cnxk_tx_cn10k_tx_64_79_vec_mseg.c.o
[1678/3121] Compiling C object drivers/libtmp_rte_net_cnxk.a.p/net_cnxk_tx_cn10k_tx_96_111_vec_mseg.c.o
ninja: build stopped: subcommand failed.
==== End log output ====

Ubuntu 20.04 ARM GCC Native
	Kernel: 5.4.0-53-generic
	Compiler: gcc 9.3

Ubuntu 20.04 ARM Clang Native
	Kernel: 5.4.0-53-generic
	Compiler: clang 10.0.0-4ubuntu1

Ubuntu 20.04 aarch32 GCC Cross Compile
	Kernel: 5.4.0-72-generic
	Compiler: gcc 9.3.0

Ubuntu 20.04 ARM Clang Cross Compile
	Kernel: 5.4.0-72-generic
	Compiler: clang version 10.0.0-4ubuntu1

Ubuntu 20.04 ARM GCC Cross Compile
	Kernel: 5.4.0-72-generic
	Compiler: aarch64-linux-gnu-gcc (Ubuntu 9.3.0-17ubuntu1~20.04) 9.3.0

Ubuntu 20.04 ARM SVE
	Kernel: 5.4.0-80-generic
	Compiler: gcc 10.3.0 (Ubuntu 10.3.0-1ubuntu1~20.04)

To view detailed results, visit:
https://lab.dpdk.org/results/dashboard/patchsets/24666/

UNH-IOL DPDK Community Lab

To manage your email subscriptions, visit: 
https://lab.dpdk.org/results/dashboard/preferences/subscriptions/


More information about the test-report mailing list