|FAILURE| pw121142-121143 [PATCH] [v1, 2/2] net/axgbe: move offloads to Rx/Tx queue setup

dpdklab at iol.unh.edu dpdklab at iol.unh.edu
Wed Dec 21 06:33:20 CET 2022


Test-Label: iol-aarch64-unit-testing
Test-Status: FAILURE
http://dpdk.org/patch/121143

_Testing issues_

Submitter: Jesna K E <jesna.k.e at amd.com>
Date: Wednesday, December 21 2022 02:35:35 
DPDK git baseline: Repo:dpdk
  Branch: master
  CommitID:c581c49cd3fcaff596fbe566e270b442e6326c79

121142-121143 --> testing fail

Test environment and result as below:

+-------------------------------+----------------+--------------+
|          Environment          | dpdk_unit_test | lpm_autotest |
+===============================+================+==============+
| Ubuntu 20.04 ARM Clang Native | FAIL           | SKIPPED      |
+-------------------------------+----------------+--------------+
| Ubuntu 20.04 ARM GCC Native   | FAIL           | SKIPPED      |
+-------------------------------+----------------+--------------+
| Ubuntu 20.04 ARM SVE          | SKIPPED        | PASS         |
+-------------------------------+----------------+--------------+

==== 20 line log output for Ubuntu 20.04 ARM GCC Native (dpdk_unit_test): ====
[2424/3122] Generating drivers/rte_net_softnic.sym_chk with a custom command (wrapped by meson to capture output)
[2425/3122] Generating drivers/rte_net_bnxt.sym_chk with a custom command (wrapped by meson to capture output)
[2426/3122] Generating drivers/rte_raw_ifpga.sym_chk with a custom command (wrapped by meson to capture output)
[2427/3122] Generating drivers/rte_crypto_dpaa_sec.sym_chk with a custom command (wrapped by meson to capture output)
[2428/3122] Generating drivers/rte_crypto_octeontx.sym_chk with a custom command (wrapped by meson to capture output)
[2429/3122] Generating drivers/rte_crypto_dpaa2_sec.sym_chk with a custom command (wrapped by meson to capture output)
[2430/3122] Generating drivers/rte_crypto_scheduler.sym_chk with a custom command (wrapped by meson to capture output)
[2431/3122] Generating drivers/rte_net_ixgbe.sym_chk with a custom command (wrapped by meson to capture output)
[2432/3122] Generating drivers/rte_net_i40e.sym_chk with a custom command (wrapped by meson to capture output)
[2433/3122] Generating drivers/rte_crypto_cnxk.sym_chk with a custom command (wrapped by meson to capture output)
[2434/3122] Generating drivers/rte_net_mlx5.sym_chk with a custom command (wrapped by meson to capture output)
[2435/3122] Generating drivers/rte_bus_dpaa.sym_chk with a custom command (wrapped by meson to capture output)
[2436/3122] Generating drivers/rte_bus_fslmc.sym_chk with a custom command (wrapped by meson to capture output)
[2437/3122] Generating lib/pipeline.sym_chk with a custom command (wrapped by meson to capture output)
[2438/3122] Generating drivers/rte_common_mlx5.sym_chk with a custom command (wrapped by meson to capture output)
[2439/3122] Generating lib/ethdev.sym_chk with a custom command (wrapped by meson to capture output)
[2440/3122] Generating drivers/rte_common_sfc_efx.sym_chk with a custom command (wrapped by meson to capture output)
[2441/3122] Generating lib/eal.sym_chk with a custom command (wrapped by meson to capture output)
[2442/3122] Generating drivers/rte_common_cnxk.sym_chk with a custom command (wrapped by meson to capture output)
ninja: build stopped: subcommand failed.
==== End log output ====

Ubuntu 20.04 ARM Clang Native
	Kernel: 5.4.0-53-generic
	Compiler: clang 10.0.0-4ubuntu1

Ubuntu 20.04 ARM GCC Native
	Kernel: 5.4.0-53-generic
	Compiler: gcc 9.3

Ubuntu 20.04 ARM SVE
	Kernel: 5.4.0-80-generic
	Compiler: gcc 10.3.0 (Ubuntu 10.3.0-1ubuntu1~20.04)

To view detailed results, visit:
https://lab.dpdk.org/results/dashboard/patchsets/24789/

UNH-IOL DPDK Community Lab

To manage your email subscriptions, visit: 
https://lab.dpdk.org/results/dashboard/preferences/subscriptions/


More information about the test-report mailing list