|FAILURE| pw121142-121143 [PATCH] [v1, 2/2] net/axgbe: move offloads to Rx/Tx queue setup
dpdklab at iol.unh.edu
dpdklab at iol.unh.edu
Wed Dec 21 07:08:55 CET 2022
Test-Label: iol-aarch64-compile-testing
Test-Status: FAILURE
http://dpdk.org/patch/121143
_Testing issues_
Submitter: Jesna K E <jesna.k.e at amd.com>
Date: Wednesday, December 21 2022 02:35:35
DPDK git baseline: Repo:dpdk
Branch: master
CommitID:c581c49cd3fcaff596fbe566e270b442e6326c79
121142-121143 --> testing fail
Test environment and result as below:
+----------------------------------------+--------------------+
| Environment | dpdk_meson_compile |
+========================================+====================+
| Ubuntu 20.04 ARM GCC Native | FAIL |
+----------------------------------------+--------------------+
| Ubuntu 20.04 ARM Clang Native | FAIL |
+----------------------------------------+--------------------+
| Ubuntu 20.04 ARM GCC Cross Compile | FAIL |
+----------------------------------------+--------------------+
| Ubuntu 20.04 aarch32 GCC Cross Compile | FAIL |
+----------------------------------------+--------------------+
| Ubuntu 20.04 ARM Clang Cross Compile | FAIL |
+----------------------------------------+--------------------+
| Ubuntu 20.04 ARM SVE | PASS |
+----------------------------------------+--------------------+
==== 20 line log output for Ubuntu 20.04 ARM Clang Cross Compile (dpdk_meson_compile): ====
[930/3091] Compiling C object 'drivers/a715181@@tmp_rte_net_atlantic at sta/net_atlantic_hw_atl_hw_atl_utils.c.o'.
[931/3091] Compiling C object 'drivers/a715181@@tmp_rte_net_atlantic at sta/net_atlantic_rte_pmd_atlantic.c.o'.
[932/3091] Linking static target drivers/libtmp_rte_net_atlantic.a.
[933/3091] Generating rte_net_atlantic.pmd.c with a custom command.
[934/3091] Compiling C object 'drivers/a715181@@rte_net_atlantic at sta/meson-generated_.._rte_net_atlantic.pmd.c.o'.
[935/3091] Linking static target drivers/librte_net_atlantic.a.
[936/3091] Generating rte_net_atlantic.sym_chk with a meson_exe.py custom command.
[937/3091] Compiling C object 'drivers/a715181@@tmp_rte_net_avp at sta/net_avp_avp_ethdev.c.o'.
[938/3091] Compiling C object 'drivers/a715181@@rte_net_atlantic at sha/meson-generated_.._rte_net_atlantic.pmd.c.o'.
[939/3091] Linking static target drivers/libtmp_rte_net_avp.a.
[940/3091] Linking target drivers/librte_net_atlantic.so.23.1.
[941/3091] Generating rte_net_avp.pmd.c with a custom command.
[942/3091] Compiling C object 'drivers/a715181@@tmp_rte_net_axgbe at sta/net_axgbe_axgbe_ethdev.c.o'.
FAILED: drivers/a715181@@tmp_rte_net_axgbe at sta/net_axgbe_axgbe_ethdev.c.o
ccache clang -Idrivers/a715181@@tmp_rte_net_axgbe at sta -Idrivers -I../drivers -Idrivers/net/axgbe -I../drivers/net/axgbe -Ilib/ethdev -I../lib/ethdev -I. -I../ -Iconfig -I../config -Ilib/eal/include -I../lib/eal/include -Ilib/eal/linux/include -I../lib/eal/linux/include -Ilib/eal/arm/include -I../lib/eal/arm/include -Ilib/eal/common -I../lib/eal/common -Ilib/eal -I../lib/eal -Ilib/kvargs -I../lib/kvargs -Ilib/telemetry/../metrics -I../lib/telemetry/../metrics -Ilib/telemetry -I../lib/telemetry -Ilib/net -I../lib/net -Ilib/mbuf -I../lib/mbuf -Ilib/mempool -I../lib/mempool -Ilib/ring -I../lib/ring -Ilib/meter -I../lib/meter -Idrivers/bus/pci -I../drivers/bus/pci -I../drivers/bus/pci/linux -Ilib/pci -I../lib/pci -Idrivers/bus/vdev -I../drivers/bus/vdev -Xclang -fcolor-diagnostics -pipe -D_FILE_OFFSET_BITS=64 -Wall -Winvalid-pch -Wextra -Werror -O3 -include rte_config.h -Wcast-qual -Wdeprecated -Wformat -Wformat-nonliteral -Wformat-security -Wmissing-declarations -Wmissing-prototypes -Wnested-externs -Wold-style-definition -Wpointer-arith -Wsign-compare -Wstrict-prototypes -Wundef -Wwrite-strings -Wno-address-of-packed-member -Wno-missing-field-initializers -D_GNU_SOURCE -target aarch64-linux-gnu --sysroot /usr/aarch64-linux-gnu -fPIC -march=armv8-a+crc -DALLOW_EXPERIMENTAL_API -DALLOW_INTERNAL_API -Wno-cast-qual -DRTE_LOG_DEFAULT_LOGTYPE=pmd.net.axgbe -MD -MQ 'drivers/a715181@@tmp_rte_net_axgbe at sta/net_axgbe_axgbe_ethdev.c.o' -MF 'drivers/a715181@@tmp_rte_net_axgbe at sta/net_axgbe_axgbe_ethdev.c.o.d' -o 'drivers/a715181@@tmp_rte_net_axgbe at sta/net_axgbe_axgbe_ethdev.c.o' -c ../drivers/net/axgbe/axgbe_ethdev.c
../drivers/net/axgbe/axgbe_ethdev.c:2145:25: error: unused variable 'txq' [-Werror,-Wunused-variable]
struct axgbe_tx_queue *txq = dev->data->tx_queues[0];
^
1 error generated.
ninja: build stopped: subcommand failed.
==== End log output ====
Ubuntu 20.04 ARM GCC Native
Kernel: 5.4.0-53-generic
Compiler: gcc 9.3
Ubuntu 20.04 ARM Clang Native
Kernel: 5.4.0-53-generic
Compiler: clang 10.0.0-4ubuntu1
Ubuntu 20.04 ARM GCC Cross Compile
Kernel: 5.4.0-72-generic
Compiler: aarch64-linux-gnu-gcc (Ubuntu 9.3.0-17ubuntu1~20.04) 9.3.0
Ubuntu 20.04 aarch32 GCC Cross Compile
Kernel: 5.4.0-72-generic
Compiler: gcc 9.3.0
Ubuntu 20.04 ARM Clang Cross Compile
Kernel: 5.4.0-72-generic
Compiler: clang version 10.0.0-4ubuntu1
Ubuntu 20.04 ARM SVE
Kernel: 5.4.0-80-generic
Compiler: gcc 10.3.0 (Ubuntu 10.3.0-1ubuntu1~20.04)
To view detailed results, visit:
https://lab.dpdk.org/results/dashboard/patchsets/24789/
UNH-IOL DPDK Community Lab
To manage your email subscriptions, visit:
https://lab.dpdk.org/results/dashboard/preferences/subscriptions/
More information about the test-report
mailing list