|FAILURE| pw121144-121145 [PATCH] [v1, 2/2] net/axgbe: move offloads to Rx/Tx queue setup

dpdklab at iol.unh.edu dpdklab at iol.unh.edu
Wed Dec 21 06:35:33 CET 2022


Test-Label: iol-aarch64-unit-testing
Test-Status: FAILURE
http://dpdk.org/patch/121145

_Testing issues_

Submitter: Jesna K E <jesna.k.e at amd.com>
Date: Wednesday, December 21 2022 02:52:02 
DPDK git baseline: Repo:dpdk
  Branch: master
  CommitID:c581c49cd3fcaff596fbe566e270b442e6326c79

121144-121145 --> testing fail

Test environment and result as below:

+-------------------------------+----------------+--------------+
|          Environment          | dpdk_unit_test | lpm_autotest |
+===============================+================+==============+
| Ubuntu 20.04 ARM GCC Native   | FAIL           | SKIPPED      |
+-------------------------------+----------------+--------------+
| Ubuntu 20.04 ARM Clang Native | FAIL           | SKIPPED      |
+-------------------------------+----------------+--------------+
| Ubuntu 20.04 ARM SVE          | SKIPPED        | PASS         |
+-------------------------------+----------------+--------------+

==== 20 line log output for Ubuntu 20.04 ARM Clang Native (dpdk_unit_test): ====
[1376/3122] Generating drivers/rte_dma_dpaa2.sym_chk with a custom command (wrapped by meson to capture output)
[1377/3122] Generating drivers/rte_net_bnxt.pmd.c with a custom command
[1378/3122] Generating drivers/rte_net_iavf.pmd.c with a custom command
[1379/3122] Generating drivers/rte_net_i40e.pmd.c with a custom command
[1380/3122] Generating drivers/rte_net_hns3.pmd.c with a custom command
[1381/3122] Generating drivers/rte_net_ice.pmd.c with a custom command
[1382/3122] Generating drivers/rte_net_atlantic.sym_chk with a custom command (wrapped by meson to capture output)
[1383/3122] Generating lib/eventdev.sym_chk with a custom command (wrapped by meson to capture output)
[1384/3122] Generating drivers/rte_net_bond.sym_chk with a custom command (wrapped by meson to capture output)
[1385/3122] Generating lib/cryptodev.sym_chk with a custom command (wrapped by meson to capture output)
[1386/3122] Generating drivers/rte_net_cnxk.pmd.c with a custom command
[1387/3122] Generating drivers/rte_bus_dpaa.sym_chk with a custom command (wrapped by meson to capture output)
[1388/3122] Generating drivers/rte_bus_fslmc.sym_chk with a custom command (wrapped by meson to capture output)
[1389/3122] Generating lib/pipeline.sym_chk with a custom command (wrapped by meson to capture output)
[1390/3122] Generating drivers/rte_common_mlx5.sym_chk with a custom command (wrapped by meson to capture output)
[1391/3122] Generating lib/ethdev.sym_chk with a custom command (wrapped by meson to capture output)
[1392/3122] Generating drivers/rte_common_sfc_efx.sym_chk with a custom command (wrapped by meson to capture output)
[1393/3122] Generating lib/eal.sym_chk with a custom command (wrapped by meson to capture output)
[1394/3122] Generating drivers/rte_common_cnxk.sym_chk with a custom command (wrapped by meson to capture output)
ninja: build stopped: subcommand failed.
==== End log output ====

Ubuntu 20.04 ARM GCC Native
	Kernel: 5.4.0-53-generic
	Compiler: gcc 9.3

Ubuntu 20.04 ARM Clang Native
	Kernel: 5.4.0-53-generic
	Compiler: clang 10.0.0-4ubuntu1

Ubuntu 20.04 ARM SVE
	Kernel: 5.4.0-80-generic
	Compiler: gcc 10.3.0 (Ubuntu 10.3.0-1ubuntu1~20.04)

To view detailed results, visit:
https://lab.dpdk.org/results/dashboard/patchsets/24790/

UNH-IOL DPDK Community Lab

To manage your email subscriptions, visit: 
https://lab.dpdk.org/results/dashboard/preferences/subscriptions/


More information about the test-report mailing list