|FAILURE| pw121229-121230 [PATCH] [4/4] crypto/cnxk: add error interrupt event query handler

dpdklab at iol.unh.edu dpdklab at iol.unh.edu
Wed Dec 21 23:49:03 CET 2022


Test-Label: iol-x86_64-compile-testing
Test-Status: FAILURE
http://dpdk.org/patch/121230

_Testing issues_

Submitter: Srujana Challa <schalla at marvell.com>
Date: Wednesday, December 21 2022 10:50:07 
DPDK git baseline: Repo:dpdk
  Branch: master
  CommitID:c581c49cd3fcaff596fbe566e270b442e6326c79

121229-121230 --> testing fail

Test environment and result as below:

+------------------+--------------------+
|   Environment    | dpdk_meson_compile |
+==================+====================+
| FreeBSD 13       | PASS               |
+------------------+--------------------+
| CentOS Stream 8  | FAIL               |
+------------------+--------------------+
| CentOS Stream 9  | FAIL               |
+------------------+--------------------+
| Debian Buster    | FAIL               |
+------------------+--------------------+
| Debian Bullseye  | FAIL               |
+------------------+--------------------+
| Ubuntu 22.04     | FAIL               |
+------------------+--------------------+
| RHEL 7           | FAIL               |
+------------------+--------------------+
| openSUSE Leap 15 | FAIL               |
+------------------+--------------------+
| RHEL8            | FAIL               |
+------------------+--------------------+
| Ubuntu 20.04     | FAIL               |
+------------------+--------------------+

==== 20 line log output for Ubuntu 20.04 (dpdk_meson_compile): ====
[658/3154] Compiling C object 'drivers/a715181@@tmp_rte_common_cnxk at sta/common_cnxk_roc_mbox.c.o'.
[659/3154] Compiling C object 'drivers/a715181@@tmp_rte_common_cnxk at sta/common_cnxk_roc_idev.c.o'.
[660/3154] Compiling C object 'drivers/a715181@@tmp_rte_common_cnxk at sta/common_cnxk_roc_dev.c.o'.
[661/3154] Compiling C object 'drivers/a715181@@tmp_rte_common_cnxk at sta/common_cnxk_roc_dpi.c.o'.
[662/3154] Compiling C object 'drivers/a715181@@tmp_rte_common_cnxk at sta/common_cnxk_roc_ae_fpm_tables.c.o'.
[663/3154] Compiling C object 'drivers/a715181@@tmp_rte_common_cnxk at sta/common_cnxk_roc_bphy.c.o'.
[664/3154] Compiling C object 'drivers/a715181@@tmp_rte_common_cnxk at sta/common_cnxk_roc_bphy_cgx.c.o'.
[665/3154] Compiling C object 'drivers/a715181@@tmp_rte_common_cnxk at sta/common_cnxk_roc_bphy_irq.c.o'.
[666/3154] Compiling C object 'drivers/a715181@@tmp_rte_common_cnxk at sta/common_cnxk_roc_cpt.c.o'.
FAILED: drivers/a715181@@tmp_rte_common_cnxk at sta/common_cnxk_roc_cpt.c.o
ccache cc -Idrivers/a715181@@tmp_rte_common_cnxk at sta -Idrivers -I../drivers -Idrivers/common/cnxk -I../drivers/common/cnxk -Idrivers/common/cnxk/../../bus/pci -I../drivers/common/cnxk/../../bus/pci -Idrivers/common/cnxk/../../../lib/net -I../drivers/common/cnxk/../../../lib/net -Idrivers/common/cnxk/../../../lib/ethdev -I../drivers/common/cnxk/../../../lib/ethdev -Idrivers/common/cnxk/../../../lib/meter -I../drivers/common/cnxk/../../../lib/meter -I. -I../ -Iconfig -I../config -Ilib/eal/include -I../lib/eal/include -Ilib/eal/linux/include -I../lib/eal/linux/include -Ilib/eal/x86/include -I../lib/eal/x86/include -Ilib/eal/common -I../lib/eal/common -Ilib/eal -I../lib/eal -Ilib/kvargs -I../lib/kvargs -Ilib/telemetry/../metrics -I../lib/telemetry/../metrics -Ilib/telemetry -I../lib/telemetry -Ilib/pci -I../lib/pci -Idrivers/bus/pci -I../drivers/bus/pci -I../drivers/bus/pci/linux -Ilib/mbuf -I../lib/mbuf -Ilib/mempool -I../lib/mempool -Ilib/ring -I../lib/ring -Ilib/security -I../lib/security -Ilib/cryptodev -I../lib/cryptodev -Ilib/rcu -I../lib/rcu -Ilib/net -I../lib/net -fdiagnostics-color=always -pipe -D_FILE_OFFSET_BITS=64 -Wall -Winvalid-pch -Wextra -Werror -O3 -include rte_config.h -Wcast-qual -Wdeprecated -Wformat -Wformat-nonliteral -Wformat-security -Wmissing-declarations -Wmissing-prototypes -Wnested-externs -Wold-style-definition -Wpointer-arith -Wsign-compare -Wstrict-prototypes -Wundef -Wwrite-strings -Wno-address-of-packed-member -Wno-packed-not-aligned -Wno-missing-field-initializers -D_GNU_SOURCE -fPIC -march=native -DALLOW_EXPERIMENTAL_API -DALLOW_INTERNAL_API -Wno-format-truncation -DRTE_LOG_DEFAULT_LOGTYPE=pmd.common.cnxk -MD -MQ 'drivers/a715181@@tmp_rte_common_cnxk at sta/common_cnxk_roc_cpt.c.o' -MF 'drivers/a715181@@tmp_rte_common_cnxk at sta/common_cnxk_roc_cpt.c.o.d' -o 'drivers/a715181@@tmp_rte_common_cnxk at sta/common_cnxk_roc_cpt.c.o' -c ../drivers/common/cnxk/roc_cpt.c
../drivers/common/cnxk/roc_cpt.c: In function 'roc_cpt_int_misc_cb_register':
../drivers/common/cnxk/roc_cpt.c:1101:9: error: 'return' with a value, in function returning void [-Werror=return-type]
1101 |  return 0;
|         ^
../drivers/common/cnxk/roc_cpt.c:1094:1: note: declared here
1094 | roc_cpt_int_misc_cb_register(roc_cpt_int_misc_cb_t cb, void *args)
| ^~~~~~~~~~~~~~~~~~~~~~~~~~~~
cc1: all warnings being treated as errors
ninja: build stopped: subcommand failed.
==== End log output ====

FreeBSD 13
	Kernel: 13.0
	Compiler: clang 11.0.1

CentOS Stream 8
	Kernel: 4.18.0-240.10.1.el8_3.x86_64
	Compiler: gcc 8.4.1 20200928

CentOS Stream 9
	Kernel: 4.18.0-240.10.1.el8_3.x86_64
	Compiler: gcc 11.3.1 20220421

Debian Buster
	Kernel: 5.4.0-122-generic
	Compiler: gcc 8.3.0-6

Debian Bullseye
	Kernel: 5.4.0-122-generic
	Compiler: gcc 10.2.1-6

Ubuntu 22.04
	Kernel: Container Host Kernel
	Compiler: gcc 11.3.1-2

RHEL 7
	Kernel: 4.18.0-240.10.1.el8_3.x86_64
	Compiler: gcc 4.8.5 20150623 (Red Hat 4.8.5-44)

openSUSE Leap 15
	Kernel: 4.18.0-240.10.1.el8_3.x86_64
	Compiler: gcc 7.5.0

RHEL8
	Kernel: 4.18.0-240.10.1.el8_3.x86_64
	Compiler: gcc 8.3.1 20191121 (Red Hat 8.3.1-5)

Ubuntu 20.04
	Kernel: 4.18.0-240.10.1.el8_3.x86_64
	Compiler: gcc 9.3.0-17ubuntu1~20.04

To view detailed results, visit:
https://lab.dpdk.org/results/dashboard/patchsets/24805/

UNH-IOL DPDK Community Lab

To manage your email subscriptions, visit: 
https://lab.dpdk.org/results/dashboard/preferences/subscriptions/


More information about the test-report mailing list