|FAILURE| pw121229-121230 [PATCH] [4/4] crypto/cnxk: add error interrupt event query handler
dpdklab at iol.unh.edu
dpdklab at iol.unh.edu
Thu Dec 22 00:52:56 CET 2022
Test-Label: iol-aarch64-compile-testing
Test-Status: FAILURE
http://dpdk.org/patch/121230
_Testing issues_
Submitter: Srujana Challa <schalla at marvell.com>
Date: Wednesday, December 21 2022 10:50:07
DPDK git baseline: Repo:dpdk
Branch: master
CommitID:c581c49cd3fcaff596fbe566e270b442e6326c79
121229-121230 --> testing fail
Test environment and result as below:
+----------------------------------------+--------------------+
| Environment | dpdk_meson_compile |
+========================================+====================+
| Ubuntu 20.04 ARM GCC Native | FAIL |
+----------------------------------------+--------------------+
| Ubuntu 20.04 ARM Clang Native | FAIL |
+----------------------------------------+--------------------+
| Ubuntu 20.04 ARM GCC Cross Compile | FAIL |
+----------------------------------------+--------------------+
| Ubuntu 20.04 ARM Clang Cross Compile | FAIL |
+----------------------------------------+--------------------+
| Ubuntu 20.04 aarch32 GCC Cross Compile | PASS |
+----------------------------------------+--------------------+
| Ubuntu 20.04 ARM SVE | PASS |
+----------------------------------------+--------------------+
==== 20 line log output for Ubuntu 20.04 ARM Clang Cross Compile (dpdk_meson_compile): ====
[641/3091] Compiling C object 'drivers/a715181@@rte_bus_vmbus at sha/meson-generated_.._rte_bus_vmbus.pmd.c.o'.
[642/3091] Compiling C object 'drivers/a715181@@tmp_rte_common_cnxk at sta/common_cnxk_roc_ae.c.o'.
[643/3091] Linking target drivers/librte_bus_vmbus.so.23.1.
[644/3091] Generating symbol file 'drivers/a715181@@rte_bus_vmbus at sha/librte_bus_vmbus.so.23.1.symbols'.
[645/3091] Compiling C object 'drivers/a715181@@tmp_rte_common_cnxk at sta/common_cnxk_roc_aes.c.o'.
[646/3091] Compiling C object 'drivers/a715181@@tmp_rte_common_cnxk at sta/common_cnxk_roc_npc_utils.c.o'.
[647/3091] Compiling C object 'drivers/a715181@@tmp_rte_common_cnxk at sta/common_cnxk_roc_platform.c.o'.
[648/3091] Compiling C object 'drivers/a715181@@tmp_rte_common_cnxk at sta/common_cnxk_roc_npc_mcam_dump.c.o'.
[649/3091] Compiling C object 'drivers/a715181@@tmp_rte_common_cnxk at sta/common_cnxk_roc_bphy.c.o'.
[650/3091] Compiling C object 'drivers/a715181@@tmp_rte_common_cnxk at sta/common_cnxk_roc_bphy_cgx.c.o'.
[651/3091] Compiling C object 'drivers/a715181@@tmp_rte_common_cnxk at sta/common_cnxk_roc_ae_fpm_tables.c.o'.
[652/3091] Compiling C object 'drivers/a715181@@tmp_rte_common_cnxk at sta/common_cnxk_roc_bphy_irq.c.o'.
[653/3091] Compiling C object 'drivers/a715181@@tmp_rte_common_cnxk at sta/common_cnxk_roc_cpt.c.o'.
FAILED: drivers/a715181@@tmp_rte_common_cnxk at sta/common_cnxk_roc_cpt.c.o
ccache clang -Idrivers/a715181@@tmp_rte_common_cnxk at sta -Idrivers -I../drivers -Idrivers/common/cnxk -I../drivers/common/cnxk -Idrivers/common/cnxk/../../bus/pci -I../drivers/common/cnxk/../../bus/pci -Idrivers/common/cnxk/../../../lib/net -I../drivers/common/cnxk/../../../lib/net -Idrivers/common/cnxk/../../../lib/ethdev -I../drivers/common/cnxk/../../../lib/ethdev -Idrivers/common/cnxk/../../../lib/meter -I../drivers/common/cnxk/../../../lib/meter -I. -I../ -Iconfig -I../config -Ilib/eal/include -I../lib/eal/include -Ilib/eal/linux/include -I../lib/eal/linux/include -Ilib/eal/arm/include -I../lib/eal/arm/include -Ilib/eal/common -I../lib/eal/common -Ilib/eal -I../lib/eal -Ilib/kvargs -I../lib/kvargs -Ilib/telemetry/../metrics -I../lib/telemetry/../metrics -Ilib/telemetry -I../lib/telemetry -Ilib/pci -I../lib/pci -Idrivers/bus/pci -I../drivers/bus/pci -I../drivers/bus/pci/linux -Ilib/mbuf -I../lib/mbuf -Ilib/mempool -I../lib/mempool -Ilib/ring -I../lib/ring -Ilib/security -I../lib/security -Ilib/cryptodev -I../lib/cryptodev -Ilib/rcu -I../lib/rcu -Ilib/net -I../lib/net -Xclang -fcolor-diagnostics -pipe -D_FILE_OFFSET_BITS=64 -Wall -Winvalid-pch -Wextra -Werror -O3 -include rte_config.h -Wcast-qual -Wdeprecated -Wformat -Wformat-nonliteral -Wformat-security -Wmissing-declarations -Wmissing-prototypes -Wnested-externs -Wold-style-definition -Wpointer-arith -Wsign-compare -Wstrict-prototypes -Wundef -Wwrite-strings -Wno-address-of-packed-member -Wno-missing-field-initializers -D_GNU_SOURCE -target aarch64-linux-gnu --sysroot /usr/aarch64-linux-gnu -fPIC -march=armv8-a+crc -DALLOW_EXPERIMENTAL_API -DALLOW_INTERNAL_API -DRTE_LOG_DEFAULT_LOGTYPE=pmd.common.cnxk -MD -MQ 'drivers/a715181@@tmp_rte_common_cnxk at sta/common_cnxk_roc_cpt.c.o' -MF 'drivers/a715181@@tmp_rte_common_cnxk at sta/common_cnxk_roc_cpt.c.o.d' -o 'drivers/a715181@@tmp_rte_common_cnxk at sta/common_cnxk_roc_cpt.c.o' -c ../drivers/common/cnxk/roc_cpt.c
../drivers/common/cnxk/roc_cpt.c:1101:2: error: void function 'roc_cpt_int_misc_cb_register' should not return a value [-Wreturn-type]
return 0;
^ ~
1 error generated.
ninja: build stopped: subcommand failed.
==== End log output ====
Ubuntu 20.04 ARM GCC Native
Kernel: 5.4.0-53-generic
Compiler: gcc 9.3
Ubuntu 20.04 ARM Clang Native
Kernel: 5.4.0-53-generic
Compiler: clang 10.0.0-4ubuntu1
Ubuntu 20.04 ARM GCC Cross Compile
Kernel: 5.4.0-72-generic
Compiler: aarch64-linux-gnu-gcc (Ubuntu 9.3.0-17ubuntu1~20.04) 9.3.0
Ubuntu 20.04 ARM Clang Cross Compile
Kernel: 5.4.0-72-generic
Compiler: clang version 10.0.0-4ubuntu1
Ubuntu 20.04 aarch32 GCC Cross Compile
Kernel: 5.4.0-72-generic
Compiler: gcc 9.3.0
Ubuntu 20.04 ARM SVE
Kernel: 5.4.0-80-generic
Compiler: gcc 10.3.0 (Ubuntu 10.3.0-1ubuntu1~20.04)
To view detailed results, visit:
https://lab.dpdk.org/results/dashboard/patchsets/24805/
UNH-IOL DPDK Community Lab
To manage your email subscriptions, visit:
https://lab.dpdk.org/results/dashboard/preferences/subscriptions/
More information about the test-report
mailing list