|FAILURE| pw107013-107020 [PATCH] [9/9] net/txgbe: fix KR auto-negotiation

dpdklab at iol.unh.edu dpdklab at iol.unh.edu
Tue Feb 8 22:52:21 CET 2022


Test-Label: iol-aarch64-unit-testing
Test-Status: FAILURE
http://dpdk.org/patch/107020

_Testing issues_

Submitter: Jiawen Wu <jiawenwu at trustnetic.com>
Date: Tuesday, February 08 2022 10:11:29 
DPDK git baseline: Repo:dpdk
  Branch: master
  CommitID:0e4dc6af06228c8504a5538512cb31ed7bf6cc23

107013-107020 --> testing fail

Test environment and result as below:

+-------------------------------+----------------+--------------+
|          Environment          | dpdk_unit_test | lpm_autotest |
+===============================+================+==============+
| Ubuntu 20.04 ARM GCC Native   | PASS           | SKIPPED      |
+-------------------------------+----------------+--------------+
| Ubuntu 20.04 ARM Clang Native | FAIL           | SKIPPED      |
+-------------------------------+----------------+--------------+
| Ubuntu 20.04 ARM SVE          | SKIPPED        | PASS         |
+-------------------------------+----------------+--------------+

==== 20 line log output for Ubuntu 20.04 ARM Clang Native (dpdk_unit_test): ====
[1911/3466] Generating drivers/rte_net_bnxt.sym_chk with a custom command (wrapped by meson to capture output)
[1912/3466] Generating drivers/rte_net_pcap.sym_chk with a custom command (wrapped by meson to capture output)
[1913/3466] Generating drivers/rte_net_ice.sym_chk with a custom command (wrapped by meson to capture output)
[1914/3466] Generating drivers/rte_net_octeontx.sym_chk with a custom command (wrapped by meson to capture output)
[1915/3466] Generating drivers/rte_net_octeontx_ep.sym_chk with a custom command (wrapped by meson to capture output)
[1916/3466] Generating drivers/rte_net_pfe.sym_chk with a custom command (wrapped by meson to capture output)
[1917/3466] Generating drivers/rte_net_nfp.sym_chk with a custom command (wrapped by meson to capture output)
[1918/3466] Generating drivers/rte_net_i40e.sym_chk with a custom command (wrapped by meson to capture output)
[1919/3466] Generating lib/pipeline.sym_chk with a custom command (wrapped by meson to capture output)
[1920/3466] Generating drivers/rte_net_ixgbe.sym_chk with a custom command (wrapped by meson to capture output)
[1921/3466] Generating drivers/rte_bus_dpaa.sym_chk with a custom command (wrapped by meson to capture output)
[1922/3466] Compiling C object drivers/libtmp_rte_net_ngbe.a.p/net_ngbe_ngbe_ethdev.c.o
[1923/3466] Generating drivers/rte_bus_fslmc.sym_chk with a custom command (wrapped by meson to capture output)
[1924/3466] Generating drivers/rte_common_mlx5.sym_chk with a custom command (wrapped by meson to capture output)
[1925/3466] Generating lib/ethdev.sym_chk with a custom command (wrapped by meson to capture output)
[1926/3466] Compiling C object drivers/libtmp_rte_net_ngbe.a.p/net_ngbe_ngbe_rxtx.c.o
[1927/3466] Generating lib/eal.sym_chk with a custom command (wrapped by meson to capture output)
[1928/3466] Generating drivers/rte_common_sfc_efx.sym_chk with a custom command (wrapped by meson to capture output)
[1929/3466] Generating drivers/rte_common_cnxk.sym_chk with a custom command (wrapped by meson to capture output)
ninja: build stopped: subcommand failed.
==== End log output ====

Ubuntu 20.04 ARM GCC Native
	Kernel: 5.4.0-53-generic
	Compiler: gcc 9.3

Ubuntu 20.04 ARM Clang Native
	Kernel: 5.4.0-53-generic
	Compiler: clang 10.0.0-4ubuntu1

Ubuntu 20.04 ARM SVE
	Kernel: 5.4.0-80-generic
	Compiler: gcc 10.3.0 (Ubuntu 10.3.0-1ubuntu1~20.04)

To view detailed results, visit:
https://lab.dpdk.org/results/dashboard/patchsets/20944/

UNH-IOL DPDK Community Lab

To manage your email subscriptions, visit: 
https://lab.dpdk.org/results/dashboard/preferences/subscriptions/


More information about the test-report mailing list