|FAILURE| pw107013-107020 [PATCH] [9/9] net/txgbe: fix KR auto-negotiation

dpdklab at iol.unh.edu dpdklab at iol.unh.edu
Wed Feb 9 22:06:29 CET 2022


Test-Label: iol-x86_64-unit-testing
Test-Status: FAILURE
http://dpdk.org/patch/107020

_Testing issues_

Submitter: Jiawen Wu <jiawenwu at trustnetic.com>
Date: Tuesday, February 08 2022 10:11:29 
DPDK git baseline: Repo:dpdk
  Branch: master
  CommitID:0e4dc6af06228c8504a5538512cb31ed7bf6cc23

107013-107020 --> testing fail

Test environment and result as below:

+------------------+----------------+
|   Environment    | dpdk_unit_test |
+==================+================+
| Ubuntu 18.04     | PASS           |
+------------------+----------------+
| Fedora 32        | FAIL           |
+------------------+----------------+
| Fedora 34 clang  | FAIL           |
+------------------+----------------+
| Ubuntu 20.04     | PASS           |
+------------------+----------------+
| openSUSE Leap 15 | PASS           |
+------------------+----------------+
| Fedora 34        | FAIL           |
+------------------+----------------+
| RHEL8            | PASS           |
+------------------+----------------+
| CentOS 8         | PASS           |
+------------------+----------------+
| RHEL 7           | PASS           |
+------------------+----------------+
| CentOS Stream 8  | PASS           |
+------------------+----------------+
| Arch Linux       | FAIL           |
+------------------+----------------+
| Fedora 33        | FAIL           |
+------------------+----------------+
| Fedora 31        | PASS           |
+------------------+----------------+

==== 20 line log output for Fedora 33 (dpdk_unit_test): ====
[1868/3324] Compiling C object 'drivers/net/ngbe/base/668b126@@ngbe_base at sta/ngbe_phy_rtl.c.o'.
[1869/3324] Compiling C object 'drivers/net/ngbe/base/668b126@@ngbe_base at sta/ngbe_phy.c.o'.
[1870/3324] Compiling C object 'drivers/net/ngbe/base/668b126@@ngbe_base at sta/ngbe_mng.c.o'.
[1871/3324] Generating rte_net_nfp_mingw with a custom command.
[1872/3324] Generating rte_net_nfp_def with a custom command.
[1873/3324] Linking static target drivers/libtmp_rte_net_nfp.a.
[1874/3324] Generating rte_net_nfp.pmd.c with a custom command.
[1875/3324] Compiling C object 'drivers/a715181@@rte_net_nfp at sta/meson-generated_.._rte_net_nfp.pmd.c.o'.
[1876/3324] Compiling C object 'drivers/a715181@@rte_net_nfp at sha/meson-generated_.._rte_net_nfp.pmd.c.o'.
[1877/3324] Compiling C object 'drivers/net/ngbe/base/668b126@@ngbe_base at sta/ngbe_eeprom.c.o'.
[1878/3324] Compiling C object 'drivers/net/ngbe/base/668b126@@ngbe_base at sta/ngbe_mbx.c.o'.
[1879/3324] Compiling C object 'drivers/net/ngbe/base/668b126@@ngbe_base at sta/ngbe_hw.c.o'.
FAILED: drivers/net/ngbe/base/668b126@@ngbe_base at sta/ngbe_hw.c.o
ccache cc -Idrivers/net/ngbe/base/668b126@@ngbe_base at sta -Idrivers/net/ngbe/base -I../drivers/net/ngbe/base -I. -I../ -Iconfig -I../config -Ilib/eal/include -I../lib/eal/include -Ilib/eal/linux/include -I../lib/eal/linux/include -Ilib/eal/x86/include -I../lib/eal/x86/include -Ilib/eal/common -I../lib/eal/common -Ilib/eal -I../lib/eal -Ilib/kvargs -I../lib/kvargs -Ilib/telemetry/../metrics -I../lib/telemetry/../metrics -Ilib/telemetry -I../lib/telemetry -Ilib/ethdev -I../lib/ethdev -Ilib/net -I../lib/net -Ilib/mbuf -I../lib/mbuf -Ilib/mempool -I../lib/mempool -Ilib/ring -I../lib/ring -Ilib/meter -I../lib/meter -Idrivers/bus/pci -I../drivers/bus/pci -I../drivers/bus/pci/linux -Ilib/pci -I../lib/pci -fdiagnostics-color=always -pipe -D_FILE_OFFSET_BITS=64 -Wall -Winvalid-pch -Wextra -Werror -O3 -include rte_config.h -Wcast-qual -Wdeprecated -Wformat -Wformat-nonliteral -Wformat-security -Wmissing-declarations -Wmissing-prototypes -Wnested-externs -Wold-style-definition -Wpointer-arith -Wsign-compare -Wstrict-prototypes -Wundef -Wwrite-strings -Wno-address-of-packed-member -Wno-packed-not-aligned -Wno-missing-field-initializers -Wno-zero-length-bounds -D_GNU_SOURCE -fPIC -march=native -DALLOW_EXPERIMENTAL_API -DALLOW_INTERNAL_API -Wno-format-truncation  -MD -MQ 'drivers/net/ngbe/base/668b126@@ngbe_base at sta/ngbe_hw.c.o' -MF 'drivers/net/ngbe/base/668b126@@ngbe_base at sta/ngbe_hw.c.o.d' -o 'drivers/net/ngbe/base/668b126@@ngbe_base at sta/ngbe_hw.c.o' -c ../drivers/net/ngbe/base/ngbe_hw.c
../drivers/net/ngbe/base/ngbe_hw.c: In function ‘ngbe_set_mac_type’:
../drivers/net/ngbe/base/ngbe_hw.c:1835:21: error: implicit conversion from ‘enum ngbe_media_type’ to ‘enum ngbe_link_type’ [-Werror=enum-conversion]
1835 |   hw->mac.link_type = ngbe_media_type_unknown;
|                     ^
cc1: all warnings being treated as errors
ninja: build stopped: subcommand failed.
==== End log output ====

Ubuntu 18.04
	Kernel: 4.18.0-240.10.1.el8_3.x86_64
	Compiler: gcc 7.5.0-3ubuntu1~18.04

Fedora 32
	Kernel: 4.18.0-240.10.1.el8_3.x86_64
	Compiler: gcc 10.2.1

Fedora 34 clang
	Kernel: 5.4.0-72-generic
	Compiler: clang 12.0.0 (Fedora 12.0.0-0.3.rc1.fc34)

Ubuntu 20.04
	Kernel: 4.18.0-240.10.1.el8_3.x86_64
	Compiler: gcc 9.3.0-17ubuntu1~20.04

openSUSE Leap 15
	Kernel: 4.18.0-240.10.1.el8_3.x86_64
	Compiler: gcc 7.5.0

Fedora 34
	Kernel: 5.4.0-72-generic
	Compiler: gcc 11.1.1 20210428 (Red Hat 11.1.1-1)

RHEL8
	Kernel: 4.18.0-240.10.1.el8_3.x86_64
	Compiler: gcc 8.3.1 20191121 (Red Hat 8.3.1-5)

CentOS 8
	Kernel: 4.18.0-240.10.1.el8_3.x86_64
	Compiler: gcc 8.3.1 20191121 (Red Hat 8.3.1-5)

RHEL 7
	Kernel: 4.18.0-240.10.1.el8_3.x86_64
	Compiler: gcc 4.8.5 20150623 (Red Hat 4.8.5-44)

CentOS Stream 8
	Kernel: 4.18.0-240.10.1.el8_3.x86_64
	Compiler: gcc 8.4.1 20200928

Arch Linux
	Kernel: 5.4.0-73-generic
	Compiler: gcc 11.1.0

Fedora 33
	Kernel: 5.4.0-72-generic
	Compiler: gcc 10.3.1 20210422 (Red Hat 10.3.1-1)

Fedora 31
	Kernel: 4.18.0-240.10.1.el8_3.x86_64
	Compiler: gcc 9.3.1

To view detailed results, visit:
https://lab.dpdk.org/results/dashboard/patchsets/20944/

UNH-IOL DPDK Community Lab

To manage your email subscriptions, visit: 
https://lab.dpdk.org/results/dashboard/preferences/subscriptions/


More information about the test-report mailing list