|FAILURE| pw113023-113040 [PATCH] [v3, 18/18] vhost: remove unneeded header includes

dpdklab at iol.unh.edu dpdklab at iol.unh.edu
Fri Jun 17 21:40:17 CEST 2022


Test-Label: iol-aarch64-unit-testing
Test-Status: FAILURE
http://dpdk.org/patch/113040

_Testing issues_

Submitter: Sean Morrissey <sean.morrissey at intel.com>
Date: Friday, June 17 2022 19:08:35 
DPDK git baseline: Repo:dpdk
  Branch: master
  CommitID:7342e612052ae3ec875ae018548324d29abfa9c2

113023-113040 --> testing fail

Test environment and result as below:

+-------------------------------+----------------+--------------+
|          Environment          | dpdk_unit_test | lpm_autotest |
+===============================+================+==============+
| Ubuntu 20.04 ARM GCC Native   | FAIL           | SKIPPED      |
+-------------------------------+----------------+--------------+
| Ubuntu 20.04 ARM Clang Native | FAIL           | SKIPPED      |
+-------------------------------+----------------+--------------+
| Ubuntu 20.04 ARM SVE          | SKIPPED        | FAIL         |
+-------------------------------+----------------+--------------+

==== 20 line log output for Ubuntu 20.04 ARM SVE (lpm_autotest): ====
1876 |   x = vshlq_u16(vandq_u16(vmat, vdupq_n_u16(0x8000)), shift);
|                                 ^~~~~~~~~~~
../lib/hash/rte_cuckoo_hash.c:1876:33: error: nested extern declaration of 'vdupq_n_u16' [-Werror=nested-externs]
../lib/hash/rte_cuckoo_hash.c:1877:35: error: implicit declaration of function 'vaddvq_u16' [-Werror=implicit-function-declaration]
1877 |   *prim_hash_matches = (uint32_t)(vaddvq_u16(x));
|                                   ^~~~~~~~~~
../lib/hash/rte_cuckoo_hash.c:1877:35: error: nested extern declaration of 'vaddvq_u16' [-Werror=nested-externs]
cc1: all warnings being treated as errors
[174/666] Compiling C object 'lib/76b5a35@@rte_cmdline at sta/cmdline_cmdline_rdline.c.o'.
[175/666] Compiling C object 'lib/76b5a35@@rte_timer at sta/timer_rte_timer.c.o'.
FAILED: lib/76b5a35@@rte_timer at sta/timer_rte_timer.c.o
gcc-10 -Ilib/76b5a35@@rte_timer at sta -Ilib -I../lib -Ilib/timer -I../lib/timer -I. -I../ -Iconfig -I../config -Ilib/eal/include -I../lib/eal/include -Ilib/eal/linux/include -I../lib/eal/linux/include -Ilib/eal/arm/include -I../lib/eal/arm/include -Ilib/eal/common -I../lib/eal/common -Ilib/eal -I../lib/eal -Ilib/kvargs -I../lib/kvargs -I../lib/telemetry/../metrics -Ilib/telemetry -I../lib/telemetry -fdiagnostics-color=always -pipe -D_FILE_OFFSET_BITS=64 -Wall -Winvalid-pch -Wextra -Werror -O3 -include rte_config.h -Wcast-qual -Wdeprecated -Wformat -Wformat-nonliteral -Wformat-security -Wmissing-declarations -Wmissing-prototypes -Wnested-externs -Wold-style-definition -Wpointer-arith -Wsign-compare -Wstrict-prototypes -Wundef -Wwrite-strings -Wno-address-of-packed-member -Wno-packed-not-aligned -Wno-missing-field-initializers -Wno-zero-length-bounds -D_GNU_SOURCE -fPIC -march=armv8.2-a+crypto+sve -DALLOW_EXPERIMENTAL_API -DALLOW_INTERNAL_API -Wno-format-truncation -DRTE_LOG_DEFAULT_LOGTYPE=lib.timer  -MD -MQ 'lib/76b5a35@@rte_timer at sta/timer_rte_timer.c.o' -MF 'lib/76b5a35@@rte_timer at sta/timer_rte_timer.c.o.d' -o 'lib/76b5a35@@rte_timer at sta/timer_rte_timer.c.o' -c ../lib/timer/rte_timer.c
../lib/timer/rte_timer.c: In function 'rte_timer_alt_reset':
../lib/timer/rte_timer.c:555:22: error: implicit declaration of function 'rte_get_timer_cycles' [-Werror=implicit-function-declaration]
555 |  uint64_t cur_time = rte_get_timer_cycles();
|                      ^~~~~~~~~~~~~~~~~~~~
../lib/timer/rte_timer.c:555:22: error: nested extern declaration of 'rte_get_timer_cycles' [-Werror=nested-externs]
cc1: all warnings being treated as errors
[176/666] Compiling C object 'lib/76b5a35@@rte_ethdev at sta/ethdev_rte_ethdev.c.o'.
ninja: build stopped: subcommand failed.
==== End log output ====

Ubuntu 20.04 ARM GCC Native
	Kernel: 5.4.0-53-generic
	Compiler: gcc 9.3

Ubuntu 20.04 ARM Clang Native
	Kernel: 5.4.0-53-generic
	Compiler: clang 10.0.0-4ubuntu1

Ubuntu 20.04 ARM SVE
	Kernel: 5.4.0-80-generic
	Compiler: gcc 10.3.0 (Ubuntu 10.3.0-1ubuntu1~20.04)

To view detailed results, visit:
https://lab.dpdk.org/results/dashboard/patchsets/22688/

UNH-IOL DPDK Community Lab

To manage your email subscriptions, visit: 
https://lab.dpdk.org/results/dashboard/preferences/subscriptions/


More information about the test-report mailing list