|FAILURE| pw113023-113040 [PATCH] [v3, 18/18] vhost: remove unneeded header includes
dpdklab at iol.unh.edu
dpdklab at iol.unh.edu
Fri Jun 17 22:10:29 CEST 2022
Test-Label: iol-aarch64-compile-testing
Test-Status: FAILURE
http://dpdk.org/patch/113040
_Testing issues_
Submitter: Sean Morrissey <sean.morrissey at intel.com>
Date: Friday, June 17 2022 19:08:35
DPDK git baseline: Repo:dpdk
Branch: master
CommitID:7342e612052ae3ec875ae018548324d29abfa9c2
113023-113040 --> testing fail
Test environment and result as below:
+----------------------------------------+--------------------+
| Environment | dpdk_meson_compile |
+========================================+====================+
| Ubuntu 20.04 ARM GCC Native | FAIL |
+----------------------------------------+--------------------+
| Ubuntu 20.04 ARM Clang Native | FAIL |
+----------------------------------------+--------------------+
| Ubuntu 20.04 ARM Clang Cross Compile | FAIL |
+----------------------------------------+--------------------+
| Ubuntu 20.04 ARM GCC Cross Compile | FAIL |
+----------------------------------------+--------------------+
| Ubuntu 20.04 aarch32 GCC Cross Compile | FAIL |
+----------------------------------------+--------------------+
| Ubuntu 20.04 ARM SVE | FAIL |
+----------------------------------------+--------------------+
==== 20 line log output for Ubuntu 20.04 ARM SVE (dpdk_meson_compile): ====
| ^~~~~~~~~
../lib/hash/rte_cuckoo_hash.c:1875:4: error: nested extern declaration of 'vld1q_u16' [-Werror=nested-externs]
../lib/hash/rte_cuckoo_hash.c:1876:7: error: implicit declaration of function 'vshlq_u16' [-Werror=implicit-function-declaration]
1876 | x = vshlq_u16(vandq_u16(vmat, vdupq_n_u16(0x8000)), shift);
| ^~~~~~~~~
../lib/hash/rte_cuckoo_hash.c:1876:7: error: nested extern declaration of 'vshlq_u16' [-Werror=nested-externs]
../lib/hash/rte_cuckoo_hash.c:1876:17: error: implicit declaration of function 'vandq_u16' [-Werror=implicit-function-declaration]
1876 | x = vshlq_u16(vandq_u16(vmat, vdupq_n_u16(0x8000)), shift);
| ^~~~~~~~~
../lib/hash/rte_cuckoo_hash.c:1876:17: error: nested extern declaration of 'vandq_u16' [-Werror=nested-externs]
../lib/hash/rte_cuckoo_hash.c:1876:33: error: implicit declaration of function 'vdupq_n_u16' [-Werror=implicit-function-declaration]
1876 | x = vshlq_u16(vandq_u16(vmat, vdupq_n_u16(0x8000)), shift);
| ^~~~~~~~~~~
../lib/hash/rte_cuckoo_hash.c:1876:33: error: nested extern declaration of 'vdupq_n_u16' [-Werror=nested-externs]
../lib/hash/rte_cuckoo_hash.c:1877:35: error: implicit declaration of function 'vaddvq_u16' [-Werror=implicit-function-declaration]
1877 | *prim_hash_matches = (uint32_t)(vaddvq_u16(x));
| ^~~~~~~~~~
../lib/hash/rte_cuckoo_hash.c:1877:35: error: nested extern declaration of 'vaddvq_u16' [-Werror=nested-externs]
cc1: all warnings being treated as errors
ninja: build stopped: subcommand failed.
==== End log output ====
Ubuntu 20.04 ARM GCC Native
Kernel: 5.4.0-53-generic
Compiler: gcc 9.3
Ubuntu 20.04 ARM Clang Native
Kernel: 5.4.0-53-generic
Compiler: clang 10.0.0-4ubuntu1
Ubuntu 20.04 ARM Clang Cross Compile
Kernel: 5.4.0-72-generic
Compiler: clang version 10.0.0-4ubuntu1
Ubuntu 20.04 ARM GCC Cross Compile
Kernel: 5.4.0-72-generic
Compiler: aarch64-linux-gnu-gcc (Ubuntu 9.3.0-17ubuntu1~20.04) 9.3.0
Ubuntu 20.04 aarch32 GCC Cross Compile
Kernel: 5.4.0-72-generic
Compiler: gcc 9.3.0
Ubuntu 20.04 ARM SVE
Kernel: 5.4.0-80-generic
Compiler: gcc 10.3.0 (Ubuntu 10.3.0-1ubuntu1~20.04)
To view detailed results, visit:
https://lab.dpdk.org/results/dashboard/patchsets/22688/
UNH-IOL DPDK Community Lab
To manage your email subscriptions, visit:
https://lab.dpdk.org/results/dashboard/preferences/subscriptions/
More information about the test-report
mailing list