|FAILURE| pw118353 [PATCH] [v2] net/ice: support ddp dump switch rule binary

dpdklab at iol.unh.edu dpdklab at iol.unh.edu
Tue Oct 18 19:58:41 CEST 2022


Test-Label: iol-aarch64-unit-testing
Test-Status: FAILURE
http://dpdk.org/patch/118353

_Testing issues_

Submitter: Steve Yang <stevex.yang at intel.com>
Date: Tuesday, October 18 2022 06:47:36 
DPDK git baseline: Repo:dpdk
  Branch: master
  CommitID:a74b1b25136a592c275afbfa6b70771469750aee

118353 --> testing fail

Test environment and result as below:

+-------------------------------+--------------+----------------+
|          Environment          | lpm_autotest | dpdk_unit_test |
+===============================+==============+================+
| Ubuntu 20.04 ARM SVE          | PASS         | SKIPPED        |
+-------------------------------+--------------+----------------+
| Ubuntu 20.04 ARM Clang Native | SKIPPED      | PASS           |
+-------------------------------+--------------+----------------+
| Ubuntu 20.04 ARM GCC Native   | SKIPPED      | FAIL           |
+-------------------------------+--------------+----------------+

==== 20 line log output for Ubuntu 20.04 ARM GCC Native (dpdk_unit_test): ====
[1871/3495] Generating drivers/rte_net_netvsc.sym_chk with a custom command (wrapped by meson to capture output)
[1872/3495] Generating drivers/rte_net_null.sym_chk with a custom command (wrapped by meson to capture output)
[1873/3495] Compiling C object drivers/libtmp_rte_net_ice.a.p/net_ice_ice_dcf.c.o
[1874/3495] Generating drivers/rte_net_bnxt.sym_chk with a custom command (wrapped by meson to capture output)
[1875/3495] Generating drivers/rte_net_i40e.sym_chk with a custom command (wrapped by meson to capture output)
[1876/3495] Generating drivers/rte_net_ixgbe.sym_chk with a custom command (wrapped by meson to capture output)
[1877/3495] Generating drivers/rte_bus_dpaa.sym_chk with a custom command (wrapped by meson to capture output)
[1878/3495] Generating lib/pipeline.sym_chk with a custom command (wrapped by meson to capture output)
[1879/3495] Compiling C object drivers/libtmp_rte_net_ice.a.p/net_ice_ice_dcf_ethdev.c.o
[1880/3495] Generating drivers/rte_bus_fslmc.sym_chk with a custom command (wrapped by meson to capture output)
[1881/3495] Compiling C object drivers/libtmp_rte_net_ice.a.p/net_ice_ice_fdir_filter.c.o
[1882/3495] Compiling C object drivers/libtmp_rte_net_ice.a.p/net_ice_ice_switch_filter.c.o
[1883/3495] Generating drivers/rte_common_mlx5.sym_chk with a custom command (wrapped by meson to capture output)
[1884/3495] Generating lib/ethdev.sym_chk with a custom command (wrapped by meson to capture output)
[1885/3495] Compiling C object drivers/libtmp_rte_net_ice.a.p/net_ice_ice_ethdev.c.o
[1886/3495] Compiling C object drivers/libtmp_rte_net_ice.a.p/net_ice_ice_rxtx.c.o
[1887/3495] Generating drivers/rte_common_sfc_efx.sym_chk with a custom command (wrapped by meson to capture output)
[1888/3495] Generating lib/eal.sym_chk with a custom command (wrapped by meson to capture output)
[1889/3495] Generating drivers/rte_common_cnxk.sym_chk with a custom command (wrapped by meson to capture output)
ninja: build stopped: subcommand failed.
==== End log output ====

Ubuntu 20.04 ARM SVE
	Kernel: 5.4.0-80-generic
	Compiler: gcc 10.3.0 (Ubuntu 10.3.0-1ubuntu1~20.04)

Ubuntu 20.04 ARM Clang Native
	Kernel: 5.4.0-53-generic
	Compiler: clang 10.0.0-4ubuntu1

Ubuntu 20.04 ARM GCC Native
	Kernel: 5.4.0-53-generic
	Compiler: gcc 9.3

To view detailed results, visit:
https://lab.dpdk.org/results/dashboard/patchsets/24045/

UNH-IOL DPDK Community Lab

To manage your email subscriptions, visit: 
https://lab.dpdk.org/results/dashboard/preferences/subscriptions/


More information about the test-report mailing list