|FAILURE| pw118353 [PATCH] [v2] net/ice: support ddp dump switch rule binary
dpdklab at iol.unh.edu
dpdklab at iol.unh.edu
Tue Oct 18 20:10:13 CEST 2022
Test-Label: iol-aarch64-compile-testing
Test-Status: FAILURE
http://dpdk.org/patch/118353
_Testing issues_
Submitter: Steve Yang <stevex.yang at intel.com>
Date: Tuesday, October 18 2022 06:47:36
DPDK git baseline: Repo:dpdk
Branch: master
CommitID:a74b1b25136a592c275afbfa6b70771469750aee
118353 --> testing fail
Test environment and result as below:
+----------------------------------------+--------------------+
| Environment | dpdk_meson_compile |
+========================================+====================+
| Ubuntu 20.04 ARM GCC Native | FAIL |
+----------------------------------------+--------------------+
| Ubuntu 20.04 ARM Clang Native | PASS |
+----------------------------------------+--------------------+
| Ubuntu 20.04 ARM GCC Cross Compile | FAIL |
+----------------------------------------+--------------------+
| Ubuntu 20.04 aarch32 GCC Cross Compile | FAIL |
+----------------------------------------+--------------------+
| Ubuntu 20.04 ARM Clang Cross Compile | PASS |
+----------------------------------------+--------------------+
| Ubuntu 20.04 ARM SVE | PASS |
+----------------------------------------+--------------------+
==== 20 line log output for Ubuntu 20.04 aarch32 GCC Cross Compile (dpdk_meson_compile): ====
[1329/2385] Compiling C object 'drivers/a715181@@tmp_rte_net_ice at sta/net_ice_ice_switch_filter.c.o'.
[1330/2385] Compiling C object 'drivers/a715181@@tmp_rte_net_ice at sta/net_ice_ice_generic_flow.c.o'.
[1331/2385] Compiling C object 'drivers/a715181@@tmp_rte_net_ice at sta/net_ice_ice_hash.c.o'.
[1332/2385] Compiling C object 'drivers/a715181@@tmp_rte_net_ice at sta/net_ice_ice_ddp_package.c.o'.
FAILED: drivers/a715181@@tmp_rte_net_ice at sta/net_ice_ice_ddp_package.c.o
ccache arm-linux-gnueabihf-gcc -Idrivers/a715181@@tmp_rte_net_ice at sta -Idrivers -I../drivers -Idrivers/net/ice -I../drivers/net/ice -Idrivers/net/ice/base -I../drivers/net/ice/base -Idrivers/net/ice/../../common/iavf -I../drivers/net/ice/../../common/iavf -Ilib/ethdev -I../lib/ethdev -I. -I../ -Iconfig -I../config -Ilib/eal/include -I../lib/eal/include -Ilib/eal/linux/include -I../lib/eal/linux/include -Ilib/eal/arm/include -I../lib/eal/arm/include -Ilib/eal/common -I../lib/eal/common -Ilib/eal -I../lib/eal -Ilib/kvargs -I../lib/kvargs -Ilib/telemetry/../metrics -I../lib/telemetry/../metrics -Ilib/telemetry -I../lib/telemetry -Ilib/net -I../lib/net -Ilib/mbuf -I../lib/mbuf -Ilib/mempool -I../lib/mempool -Ilib/ring -I../lib/ring -Ilib/meter -I../lib/meter -Idrivers/bus/pci -I../drivers/bus/pci -I../drivers/bus/pci/linux -Ilib/pci -I../lib/pci -Idrivers/bus/vdev -I../drivers/bus/vdev -Ilib/hash -I../lib/hash -Ilib/rcu -I../lib/rcu -Idrivers/common/iavf -I../drivers/common/iavf -fdiagnostics-color=always -pipe -D_FILE_OFFSET_BITS=64 -Wall -Winvalid-pch -Wextra -Werror -O3 -include rte_config.h -Wcast-qual -Wdeprecated -Wformat -Wformat-nonliteral -Wformat-security -Wmissing-declarations -Wmissing-prototypes -Wnested-externs -Wold-style-definition -Wpointer-arith -Wsign-compare -Wstrict-prototypes -Wundef -Wwrite-strings -Wno-address-of-packed-member -Wno-packed-not-aligned -Wno-missing-field-initializers -Wno-pointer-to-int-cast -D_GNU_SOURCE -fPIC -march=armv8-a -mfpu=neon -DALLOW_EXPERIMENTAL_API -DALLOW_INTERNAL_API -Wno-format-truncation -DRTE_LOG_DEFAULT_LOGTYPE=pmd.net.ice -MD -MQ 'drivers/a715181@@tmp_rte_net_ice at sta/net_ice_ice_ddp_package.c.o' -MF 'drivers/a715181@@tmp_rte_net_ice at sta/net_ice_ice_ddp_package.c.o.d' -o 'drivers/a715181@@tmp_rte_net_ice at sta/net_ice_ice_ddp_package.c.o' -c ../drivers/net/ice/ice_ddp_package.c
../drivers/net/ice/ice_ddp_package.c: In function 'rte_pmd_ice_dump_switch':
../drivers/net/ice/ice_ddp_package.c:462:29: error: '__builtin___sprintf_chk' may write a terminating nul past the end of the destination [-Werror=format-overflow=]
462 | sprintf(tbl_idx_str, "%d:", tbl_id);
| ^
In file included from /usr/arm-linux-gnueabihf/include/stdio.h:867,
from ../lib/eal/include/rte_string_fns.h:18,
from ../drivers/net/ice/ice_ddp_package.c:9:
/usr/arm-linux-gnueabihf/include/bits/stdio2.h:36:10: note: '__builtin___sprintf_chk' output between 3 and 7 bytes into a destination of size 6
36 | return __builtin___sprintf_chk (__s, __USE_FORTIFY_LEVEL - 1,
| ^~~~~~~~~~~~~~~~~~~~~~~~~~~~~~~~~~~~~~~~~~~~~~~~~~~~~~
37 | __bos (__s), __fmt, __va_arg_pack ());
| ~~~~~~~~~~~~~~~~~~~~~~~~~~~~~~~~~~~~~
cc1: all warnings being treated as errors
ninja: build stopped: subcommand failed.
==== End log output ====
Ubuntu 20.04 ARM GCC Native
Kernel: 5.4.0-53-generic
Compiler: gcc 9.3
Ubuntu 20.04 ARM Clang Native
Kernel: 5.4.0-53-generic
Compiler: clang 10.0.0-4ubuntu1
Ubuntu 20.04 ARM GCC Cross Compile
Kernel: 5.4.0-72-generic
Compiler: aarch64-linux-gnu-gcc (Ubuntu 9.3.0-17ubuntu1~20.04) 9.3.0
Ubuntu 20.04 aarch32 GCC Cross Compile
Kernel: 5.4.0-72-generic
Compiler: gcc 9.3.0
Ubuntu 20.04 ARM Clang Cross Compile
Kernel: 5.4.0-72-generic
Compiler: clang version 10.0.0-4ubuntu1
Ubuntu 20.04 ARM SVE
Kernel: 5.4.0-80-generic
Compiler: gcc 10.3.0 (Ubuntu 10.3.0-1ubuntu1~20.04)
To view detailed results, visit:
https://lab.dpdk.org/results/dashboard/patchsets/24045/
UNH-IOL DPDK Community Lab
To manage your email subscriptions, visit:
https://lab.dpdk.org/results/dashboard/preferences/subscriptions/
More information about the test-report
mailing list