|FAILURE| pw129740 [PATCH] build: update DPDK to use C11 standard

dpdklab at iol.unh.edu dpdklab at iol.unh.edu
Mon Jul 31 16:21:22 CEST 2023


Test-Label: iol-aarch64-compile-testing
Test-Status: FAILURE
http://dpdk.org/patch/129740

_Testing issues_

Submitter: Bruce Richardson <bruce.richardson at intel.com>
Date: Monday, July 31 2023 10:38:58 
DPDK git baseline: Repo:dpdk
  Branch: master
  CommitID:12fcafcd62286933e6b167b14856d21f642efa5f

129740 --> testing fail

Test environment and result as below:

+----------------------------------------+--------------------+
|              Environment               | dpdk_meson_compile |
+========================================+====================+
| Ubuntu 20.04 ARM GCC Cross Compile     | FAIL               |
+----------------------------------------+--------------------+
| Fedora 37 (ARM)                        | FAIL               |
+----------------------------------------+--------------------+
| Ubuntu 20.04 (ARM)                     | FAIL               |
+----------------------------------------+--------------------+
| Fedora 38 (ARM)                        | FAIL               |
+----------------------------------------+--------------------+
| Ubuntu 20.04 ARM Clang Cross Compile   | FAIL               |
+----------------------------------------+--------------------+
| Fedora 38 (ARM Clang)                  | FAIL               |
+----------------------------------------+--------------------+
| CentOS Stream 9 (ARM)                  | FAIL               |
+----------------------------------------+--------------------+
| Ubuntu 20.04 aarch32 GCC Cross Compile | FAIL               |
+----------------------------------------+--------------------+
| Debian 11 (Buster) (ARM)               | FAIL               |
+----------------------------------------+--------------------+
| Ubuntu 20.04 ARM SVE                   | FAIL               |
+----------------------------------------+--------------------+

==== 20 line log output for Ubuntu 20.04 ARM SVE (dpdk_meson_compile): ====
[10/656] Generating telemetry.sym_chk with a meson_exe.py custom command.
[11/656] Compiling C object 'lib/76b5a35@@rte_eal at sta/eal_common_eal_common_bus.c.o'.
[12/656] Linking target lib/librte_telemetry.so.24.0.
[13/656] Generating symbol file 'lib/76b5a35@@rte_telemetry at sha/librte_telemetry.so.24.0.symbols'.
[14/656] Compiling C object 'lib/76b5a35@@rte_eal at sta/eal_common_eal_common_class.c.o'.
[15/656] Compiling C object 'lib/76b5a35@@rte_eal at sta/eal_common_eal_common_config.c.o'.
[16/656] Compiling C object 'lib/76b5a35@@rte_eal at sta/eal_common_eal_common_debug.c.o'.
[17/656] Compiling C object 'lib/76b5a35@@rte_eal at sta/eal_common_eal_common_dev.c.o'.
[18/656] Compiling C object 'lib/76b5a35@@rte_eal at sta/eal_common_eal_common_devargs.c.o'.
[19/656] Compiling C object 'lib/76b5a35@@rte_eal at sta/eal_common_eal_common_errno.c.o'.
FAILED: lib/76b5a35@@rte_eal at sta/eal_common_eal_common_errno.c.o
gcc-10 -Ilib/76b5a35@@rte_eal at sta -Ilib -I../lib -I. -I../ -Iconfig -I../config -Ilib/eal/include -I../lib/eal/include -Ilib/eal/linux/include -I../lib/eal/linux/include -Ilib/eal/arm/include -I../lib/eal/arm/include -Ilib/eal/common -I../lib/eal/common -Ilib/eal -I../lib/eal -Ilib/kvargs -I../lib/kvargs -I../lib/telemetry/../metrics -Ilib/telemetry -I../lib/telemetry -fdiagnostics-color=always -pipe -D_FILE_OFFSET_BITS=64 -Wall -Winvalid-pch -Wextra -Werror -std=c11 -O3 -include rte_config.h -Wcast-qual -Wdeprecated -Wformat -Wformat-nonliteral -Wformat-security -Wmissing-declarations -Wmissing-prototypes -Wnested-externs -Wold-style-definition -Wpointer-arith -Wsign-compare -Wstrict-prototypes -Wundef -Wwrite-strings -Wno-address-of-packed-member -Wno-packed-not-aligned -Wno-missing-field-initializers -Wno-zero-length-bounds -D_GNU_SOURCE -fPIC -march=armv8.2-a+crypto+sve -DALLOW_EXPERIMENTAL_API -DALLOW_INTERNAL_API -Wno-format-truncation '-DABI_VERSION="24.0"' -DRTE_LOG_DEFAULT_L
 OGTYPE=lib.eal -MD -MQ 'lib/76b5a35@@rte_eal at sta/eal_common_eal_common_errno.c.o' -MF 'lib/76b5a35@@rte_eal at sta/eal_common_eal_common_errno.c.o.d' -o 'lib/76b5a35@@rte_eal at sta/eal_common_eal_common_errno.c.o' -c ../lib/eal/common/eal_common_errno.c
../lib/eal/common/eal_common_errno.c: In function 'rte_strerror':
../lib/eal/common/eal_common_errno.c:48:8: error: implicit declaration of function 'strerror_r'; did you mean 'strerror'? [-Werror=implicit-function-declaration]
48 |    if (strerror_r(errnum, ret, RETVAL_SZ) != 0)
|        ^~~~~~~~~~
|        strerror
../lib/eal/common/eal_common_errno.c:48:8: error: nested extern declaration of 'strerror_r' [-Werror=nested-externs]
cc1: all warnings being treated as errors
ninja: build stopped: subcommand failed.
==== End log output ====

Ubuntu 20.04 ARM GCC Cross Compile
	Kernel: 5.4.0-72-generic
	Compiler: aarch64-linux-gnu-gcc (Ubuntu 9.3.0-17ubuntu1~20.04) 9.3.0

Fedora 37 (ARM)
	Kernel: Depends on container host
	Compiler: gcc 12.3.1

Ubuntu 20.04 (ARM)
	Kernel: Container Host Kernel
	Compiler: gcc 9.4.0

Fedora 38 (ARM)
	Kernel: Depends on container host
	Compiler: gcc 13.1.1

Ubuntu 20.04 ARM Clang Cross Compile
	Kernel: 5.4.0-72-generic
	Compiler: clang version 10.0.0-4ubuntu1

Fedora 38 (ARM Clang)
	Kernel: Depends on container host
	Compiler: clang 16.0.3

CentOS Stream 9 (ARM)
	Kernel: Container Host Kernel
	Compiler: gcc 11.3.1

Ubuntu 20.04 aarch32 GCC Cross Compile
	Kernel: 5.4.0-72-generic
	Compiler: gcc 9.3.0

Debian 11 (Buster) (ARM)
	Kernel: Container Host Kernel
	Compiler: gcc 10.2.1

Ubuntu 20.04 ARM SVE
	Kernel: 5.4.0-80-generic
	Compiler: gcc 10.3.0 (Ubuntu 10.3.0-1ubuntu1~20.04)

To view detailed results, visit:
https://lab.dpdk.org/results/dashboard/patchsets/27164/

UNH-IOL DPDK Community Lab

To manage your email subscriptions, visit: 
https://lab.dpdk.org/results/dashboard/preferences/subscriptions/


More information about the test-report mailing list