|FAILURE| pw129740 [PATCH] build: update DPDK to use C11 standard

dpdklab at iol.unh.edu dpdklab at iol.unh.edu
Mon Jul 31 16:35:12 CEST 2023


Test-Label: iol-unit-testing
Test-Status: FAILURE
http://dpdk.org/patch/129740

_Testing issues_

Submitter: Bruce Richardson <bruce.richardson at intel.com>
Date: Monday, July 31 2023 10:38:58 
DPDK git baseline: Repo:dpdk
  Branch: master
  CommitID:12fcafcd62286933e6b167b14856d21f642efa5f

129740 --> testing fail

Test environment and result as below:

+--------------------------+----------------+
|       Environment        | dpdk_unit_test |
+==========================+================+
| Debian Buster            | FAIL           |
+--------------------------+----------------+
| CentOS Stream 8          | FAIL           |
+--------------------------+----------------+
| CentOS Stream 9          | FAIL           |
+--------------------------+----------------+
| Debian Bullseye          | FAIL           |
+--------------------------+----------------+
| Fedora 37                | FAIL           |
+--------------------------+----------------+
| Fedora 38                | FAIL           |
+--------------------------+----------------+
| openSUSE Leap 15         | FAIL           |
+--------------------------+----------------+
| RHEL 7                   | FAIL           |
+--------------------------+----------------+
| Ubuntu 22.04             | FAIL           |
+--------------------------+----------------+
| RHEL8                    | FAIL           |
+--------------------------+----------------+
| Ubuntu 20.04             | FAIL           |
+--------------------------+----------------+
| CentOS Stream 9 (ARM)    | FAIL           |
+--------------------------+----------------+
| Fedora 37 (ARM)          | FAIL           |
+--------------------------+----------------+
| Fedora 38 (ARM)          | FAIL           |
+--------------------------+----------------+
| Fedora 38 (ARM Clang)    | FAIL           |
+--------------------------+----------------+
| Debian 11 (Buster) (ARM) | FAIL           |
+--------------------------+----------------+
| Ubuntu 20.04 (ARM)       | FAIL           |
+--------------------------+----------------+

==== 20 line log output for Ubuntu 20.04 (ARM) (dpdk_unit_test): ====
[10/3011] Linking target lib/librte_kvargs.so.24.0.
[11/3011] Compiling C object 'lib/76b5a35@@rte_eal at sta/eal_common_eal_common_dev.c.o'.
[12/3011] Compiling C object 'lib/76b5a35@@rte_eal at sta/eal_common_eal_common_devargs.c.o'.
[13/3011] Compiling C object 'lib/76b5a35@@rte_telemetry at sta/telemetry_telemetry.c.o'.
[14/3011] Linking static target lib/librte_telemetry.a.
[15/3011] Generating symbol file 'lib/76b5a35@@rte_kvargs at sha/librte_kvargs.so.24.0.symbols'.
[16/3011] Compiling C object 'lib/76b5a35@@rte_eal at sta/eal_common_eal_common_errno.c.o'.
FAILED: lib/76b5a35@@rte_eal at sta/eal_common_eal_common_errno.c.o
ccache cc -Ilib/76b5a35@@rte_eal at sta -Ilib -I../lib -I. -I../ -Iconfig -I../config -Ilib/eal/include -I../lib/eal/include -Ilib/eal/linux/include -I../lib/eal/linux/include -Ilib/eal/arm/include -I../lib/eal/arm/include -Ilib/eal/common -I../lib/eal/common -Ilib/eal -I../lib/eal -Ilib/kvargs -I../lib/kvargs -Ilib/telemetry/../metrics -I../lib/telemetry/../metrics -Ilib/telemetry -I../lib/telemetry -fdiagnostics-color=always -pipe -D_FILE_OFFSET_BITS=64 -Wall -Winvalid-pch -Wextra -Werror -std=c11 -O3 -include rte_config.h -Wcast-qual -Wdeprecated -Wformat -Wformat-nonliteral -Wformat-security -Wmissing-declarations -Wmissing-prototypes -Wnested-externs -Wold-style-definition -Wpointer-arith -Wsign-compare -Wstrict-prototypes -Wundef -Wwrite-strings -Wno-address-of-packed-member -Wno-packed-not-aligned -Wno-missing-field-initializers -D_GNU_SOURCE -fPIC -march=armv8.1-a+crc+crypto -mcpu=thunderx2t99 -DALLOW_EXPERIMENTAL_API -DALLOW_INTERNAL_API -Wno-format-truncation '-DABI_VERSION="2
 4.0"' -DRTE_LOG_DEFAULT_LOGTYPE=lib.eal -MD -MQ 'lib/76b5a35@@rte_eal at sta/eal_common_eal_common_errno.c.o' -MF 'lib/76b5a35@@rte_eal at sta/eal_common_eal_common_errno.c.o.d' -o 'lib/76b5a35@@rte_eal at sta/eal_common_eal_common_errno.c.o' -c ../lib/eal/common/eal_common_errno.c
../lib/eal/common/eal_common_errno.c: In function 'rte_strerror':
../lib/eal/common/eal_common_errno.c:48:8: error: implicit declaration of function 'strerror_r'; did you mean 'strerror'? [-Werror=implicit-function-declaration]
48 |    if (strerror_r(errnum, ret, RETVAL_SZ) != 0)
|        ^~~~~~~~~~
|        strerror
../lib/eal/common/eal_common_errno.c:48:8: error: nested extern declaration of 'strerror_r' [-Werror=nested-externs]
cc1: all warnings being treated as errors
[17/3011] Compiling C object 'lib/76b5a35@@rte_eal at sta/eal_common_eal_common_hexdump.c.o'.
[18/3011] Generating telemetry.sym_chk with a meson_exe.py custom command.
[19/3011] Compiling C object 'lib/76b5a35@@rte_eal at sta/eal_common_eal_common_fbarray.c.o'.
ninja: build stopped: subcommand failed.
==== End log output ====

Debian Buster
	Kernel: 5.4.0-122-generic
	Compiler: gcc 8.3.0-6

CentOS Stream 8
	Kernel: 4.18.0-240.10.1.el8_3.x86_64
	Compiler: gcc 8.4.1 20200928

CentOS Stream 9
	Kernel: 4.18.0-240.10.1.el8_3.x86_64
	Compiler: gcc 11.3.1 20220421

Debian Bullseye
	Kernel: 5.4.0-122-generic
	Compiler: gcc 10.2.1-6

Fedora 37
	Kernel: Depends on container host system
	Compiler: gcc 12.3.1

Fedora 38
	Kernel: Depends on container host
	Compiler: gcc 13.1.1

openSUSE Leap 15
	Kernel: 4.18.0-240.10.1.el8_3.x86_64
	Compiler: gcc 7.5.0

RHEL 7
	Kernel: 4.18.0-240.10.1.el8_3.x86_64
	Compiler: gcc 4.8.5 20150623 (Red Hat 4.8.5-44)

Ubuntu 22.04
	Kernel: 4.18.0-240.10.1.el8_3.x86_64
	Compiler: gcc 11.3.0

RHEL8
	Kernel: 4.18.0-240.10.1.el8_3.x86_64
	Compiler: gcc 8.3.1 20191121 (Red Hat 8.3.1-5)

Ubuntu 20.04
	Kernel: 4.18.0-240.10.1.el8_3.x86_64
	Compiler: gcc 9.3.0-17ubuntu1~20.04

CentOS Stream 9 (ARM)
	Kernel: Container Host Kernel
	Compiler: gcc 11.3.1

Fedora 37 (ARM)
	Kernel: Depends on container host
	Compiler: gcc 12.3.1

Fedora 38 (ARM)
	Kernel: Depends on container host
	Compiler: gcc 13.1.1

Fedora 38 (ARM Clang)
	Kernel: Depends on container host
	Compiler: clang 16.0.3

Debian 11 (Buster) (ARM)
	Kernel: Container Host Kernel
	Compiler: gcc 10.2.1

Ubuntu 20.04 (ARM)
	Kernel: Container Host Kernel
	Compiler: gcc 9.4.0

To view detailed results, visit:
https://lab.dpdk.org/results/dashboard/patchsets/27164/

UNH-IOL DPDK Community Lab

To manage your email subscriptions, visit: 
https://lab.dpdk.org/results/dashboard/preferences/subscriptions/


More information about the test-report mailing list