|FAILURE| pw129740 [PATCH] build: update DPDK to use C11 standard

dpdklab at iol.unh.edu dpdklab at iol.unh.edu
Mon Jul 31 16:42:56 CEST 2023


Test-Label: iol-x86_64-compile-testing
Test-Status: FAILURE
http://dpdk.org/patch/129740

_Testing issues_

Submitter: Bruce Richardson <bruce.richardson at intel.com>
Date: Monday, July 31 2023 10:38:58 
DPDK git baseline: Repo:dpdk
  Branch: master
  CommitID:12fcafcd62286933e6b167b14856d21f642efa5f

129740 --> testing fail

Test environment and result as below:

+---------------------+--------------------+----------------------+
|     Environment     | dpdk_meson_compile | dpdk_mingw64_compile |
+=====================+====================+======================+
| Fedora 37           | FAIL               | SKIPPED              |
+---------------------+--------------------+----------------------+
| Debian Bullseye     | FAIL               | SKIPPED              |
+---------------------+--------------------+----------------------+
| CentOS Stream 9     | FAIL               | SKIPPED              |
+---------------------+--------------------+----------------------+
| Debian Buster       | FAIL               | SKIPPED              |
+---------------------+--------------------+----------------------+
| CentOS Stream 8     | FAIL               | SKIPPED              |
+---------------------+--------------------+----------------------+
| Fedora 38           | FAIL               | SKIPPED              |
+---------------------+--------------------+----------------------+
| openSUSE Leap 15    | FAIL               | SKIPPED              |
+---------------------+--------------------+----------------------+
| RHEL 7              | FAIL               | SKIPPED              |
+---------------------+--------------------+----------------------+
| RHEL8               | FAIL               | SKIPPED              |
+---------------------+--------------------+----------------------+
| Ubuntu 20.04        | FAIL               | SKIPPED              |
+---------------------+--------------------+----------------------+
| Ubuntu 22.04        | FAIL               | SKIPPED              |
+---------------------+--------------------+----------------------+
| FreeBSD 13          | PASS               | SKIPPED              |
+---------------------+--------------------+----------------------+
| Windows Server 2019 | PASS               | PASS                 |
+---------------------+--------------------+----------------------+
| Alpine              | FAIL               | SKIPPED              |
+---------------------+--------------------+----------------------+

==== 20 line log output for Alpine (dpdk_meson_compile): ====
[2271/2585] Compiling C object 'lib/76b5a35@@rte_eal at sta/eal_common_eal_common_string_fns.c.o'.
[2272/2585] Compiling C object 'lib/76b5a35@@rte_eal at sta/eal_common_eal_common_options.c.o'.
[2273/2585] Compiling C object 'lib/76b5a35@@rte_eal at sta/eal_common_eal_common_memzone.c.o'.
[2274/2585] Compiling C object 'lib/76b5a35@@rte_eal at sta/eal_common_eal_common_memory.c.o'.
[2275/2585] Compiling C object 'lib/76b5a35@@rte_eal at sta/eal_common_eal_common_memalloc.c.o'.
[2276/2585] Compiling C object 'lib/76b5a35@@rte_eal at sta/eal_common_eal_common_mcfg.c.o'.
[2277/2585] Compiling C object 'lib/76b5a35@@rte_eal at sta/eal_common_eal_common_log.c.o'.
[2278/2585] Compiling C object 'lib/76b5a35@@rte_eal at sta/eal_common_eal_common_lcore.c.o'.
[2279/2585] Compiling C object 'lib/76b5a35@@rte_eal at sta/eal_common_eal_common_launch.c.o'.
[2280/2585] Compiling C object 'lib/76b5a35@@rte_eal at sta/eal_common_eal_common_interrupts.c.o'.
[2281/2585] Compiling C object 'lib/76b5a35@@rte_eal at sta/eal_common_eal_common_hexdump.c.o'.
[2282/2585] Compiling C object 'lib/76b5a35@@rte_eal at sta/eal_common_eal_common_fbarray.c.o'.
[2283/2585] Compiling C object 'lib/76b5a35@@rte_eal at sta/eal_common_eal_common_errno.c.o'.
../lib/eal/common/eal_common_errno.c: In function 'rte_strerror':
../lib/eal/common/eal_common_errno.c:48:29: error: implicit declaration of function 'strerror_r'; did you mean 'strerror'? [-Werror=implicit-function-declaration]
48 |                         if (strerror_r(errnum, ret, RETVAL_SZ) != 0)
|                             ^~~~~~~~~~
|                             strerror
../lib/eal/common/eal_common_errno.c:48:29: error: nested extern declaration of 'strerror_r' [-Werror=nested-externs]
cc1: all warnings being treated as errors
==== End log output ====

Fedora 37
	Kernel: Depends on container host system
	Compiler: gcc 12.3.1

Debian Bullseye
	Kernel: 5.4.0-122-generic
	Compiler: gcc 10.2.1-6

CentOS Stream 9
	Kernel: 4.18.0-240.10.1.el8_3.x86_64
	Compiler: gcc 11.3.1 20220421

Debian Buster
	Kernel: 5.4.0-122-generic
	Compiler: gcc 8.3.0-6

CentOS Stream 8
	Kernel: 4.18.0-240.10.1.el8_3.x86_64
	Compiler: gcc 8.4.1 20200928

Fedora 38
	Kernel: Depends on container host
	Compiler: gcc 13.1.1

openSUSE Leap 15
	Kernel: 4.18.0-240.10.1.el8_3.x86_64
	Compiler: gcc 7.5.0

RHEL 7
	Kernel: 4.18.0-240.10.1.el8_3.x86_64
	Compiler: gcc 4.8.5 20150623 (Red Hat 4.8.5-44)

RHEL8
	Kernel: 4.18.0-240.10.1.el8_3.x86_64
	Compiler: gcc 8.3.1 20191121 (Red Hat 8.3.1-5)

Ubuntu 20.04
	Kernel: 4.18.0-240.10.1.el8_3.x86_64
	Compiler: gcc 9.3.0-17ubuntu1~20.04

Ubuntu 22.04
	Kernel: 4.18.0-240.10.1.el8_3.x86_64
	Compiler: gcc 11.3.0

FreeBSD 13
	Kernel: 13.0
	Compiler: clang 11.0.1

Windows Server 2019
	Kernel: 10.0
	Compiler: clang 14.0 and gcc 8.1.0 (MinGW)

Alpine
	Kernel: 5.4.0-73-generic
	Compiler: gcc (Alpine 10.3.1_git20210424) 10.3.1 20210424

To view detailed results, visit:
https://lab.dpdk.org/results/dashboard/patchsets/27164/

UNH-IOL DPDK Community Lab

To manage your email subscriptions, visit: 
https://lab.dpdk.org/results/dashboard/preferences/subscriptions/


More information about the test-report mailing list