|WARNING| pw127725 [PATCH] [v1] bus/pci: get PCI address from rte_de

dpdklab at iol.unh.edu dpdklab at iol.unh.edu
Fri Jun 9 00:32:24 CEST 2023


Test-Label: iol-aarch64-unit-testing
Test-Status: WARNING
http://dpdk.org/patch/127725

_Testing issues_

Submitter: Elena Agostini <eagostini at nvidia.com>
Date: Tuesday, May 30 2023 11:42:02 
DPDK git baseline: Repo:dpdk
  Branch: master
  CommitID:c9df59bcc9bec67783de98486879594e52bdc418

127725 --> testing fail

Test environment and result as below:

+-----------------------------+----------------+---------------------------+------------------------------+--------------+
|         Environment         | dpdk_unit_test | cryptodev_sw_zuc_autotest | cryptodev_sw_snow3g_autotest | lpm_autotest |
+=============================+================+===========================+==============================+==============+
| (32-bit) ARM Ubuntu 20.04.4 | PASS           | SKIPPED                   | SKIPPED                      | SKIPPED      |
+-----------------------------+----------------+---------------------------+------------------------------+--------------+
| Debian 11                   | SKIPPED        | FAIL                      | FAIL                         | SKIPPED      |
+-----------------------------+----------------+---------------------------+------------------------------+--------------+
| Ubuntu 20.04 ARM SVE        | SKIPPED        | SKIPPED                   | SKIPPED                      | FAIL         |
+-----------------------------+----------------+---------------------------+------------------------------+--------------+

==== 20 line log output for Ubuntu 20.04 ARM SVE (lpm_autotest): ====
[361/657] Linking static target lib/librte_graph.a.
[362/657] Compiling C object 'drivers/a715181@@tmp_rte_bus_pci at sta/bus_pci_pci_common_uio.c.o'.
FAILED: drivers/a715181@@tmp_rte_bus_pci at sta/bus_pci_pci_common_uio.c.o
gcc-10 -Idrivers/a715181@@tmp_rte_bus_pci at sta -Idrivers -I../drivers -Idrivers/bus/pci -I../drivers/bus/pci -I../drivers/bus/pci/linux -I. -I../ -Iconfig -I../config -Ilib/eal/include -I../lib/eal/include -Ilib/eal/linux/include -I../lib/eal/linux/include -Ilib/eal/arm/include -I../lib/eal/arm/include -Ilib/eal/common -I../lib/eal/common -Ilib/eal -I../lib/eal -Ilib/kvargs -I../lib/kvargs -I../lib/telemetry/../metrics -Ilib/telemetry -I../lib/telemetry -Ilib/pci -I../lib/pci -fdiagnostics-color=always -pipe -D_FILE_OFFSET_BITS=64 -Wall -Winvalid-pch -Wextra -Werror -O3 -include rte_config.h -Wcast-qual -Wdeprecated -Wformat -Wformat-nonliteral -Wformat-security -Wmissing-declarations -Wmissing-prototypes -Wnested-externs -Wold-style-definition -Wpointer-arith -Wsign-compare -Wstrict-prototypes -Wundef -Wwrite-strings -Wno-address-of-packed-member -Wno-packed-not-aligned -Wno-missing-field-initializers -Wno-zero-length-bounds -D_GNU_SOURCE -fPIC -march=armv8.2-a+crypto+sve -DALLOW_EXP
 ERIMENTAL_API -DALLOW_INTERNAL_API -Wno-format-truncation -DRTE_LOG_DEFAULT_LOGTYPE=bus.pci -MD -MQ 'drivers/a715181@@tmp_rte_bus_pci at sta/bus_pci_pci_common_uio.c.o' -MF 'drivers/a715181@@tmp_rte_bus_pci at sta/bus_pci_pci_common_uio.c.o.d' -o 'drivers/a715181@@tmp_rte_bus_pci at sta/bus_pci_pci_common_uio.c.o' -c ../drivers/bus/pci/pci_common_uio.c
In file included from ../drivers/bus/pci/pci_common_uio.c:14:
../drivers/bus/pci/rte_bus_pci.h:82:59: error: 'struct rte_device' declared inside parameter list will not be visible outside of this definition or declaration [-Werror]
82 | const struct rte_pci_addr * rte_pci_get_addr(const struct rte_device *dev);
|                                                           ^~~~~~~~~~
cc1: all warnings being treated as errors
[363/657] Compiling C object 'drivers/a715181@@tmp_rte_bus_pci at sta/bus_pci_linux_pci.c.o'.
FAILED: drivers/a715181@@tmp_rte_bus_pci at sta/bus_pci_linux_pci.c.o
gcc-10 -Idrivers/a715181@@tmp_rte_bus_pci at sta -Idrivers -I../drivers -Idrivers/bus/pci -I../drivers/bus/pci -I../drivers/bus/pci/linux -I. -I../ -Iconfig -I../config -Ilib/eal/include -I../lib/eal/include -Ilib/eal/linux/include -I../lib/eal/linux/include -Ilib/eal/arm/include -I../lib/eal/arm/include -Ilib/eal/common -I../lib/eal/common -Ilib/eal -I../lib/eal -Ilib/kvargs -I../lib/kvargs -I../lib/telemetry/../metrics -Ilib/telemetry -I../lib/telemetry -Ilib/pci -I../lib/pci -fdiagnostics-color=always -pipe -D_FILE_OFFSET_BITS=64 -Wall -Winvalid-pch -Wextra -Werror -O3 -include rte_config.h -Wcast-qual -Wdeprecated -Wformat -Wformat-nonliteral -Wformat-security -Wmissing-declarations -Wmissing-prototypes -Wnested-externs -Wold-style-definition -Wpointer-arith -Wsign-compare -Wstrict-prototypes -Wundef -Wwrite-strings -Wno-address-of-packed-member -Wno-packed-not-aligned -Wno-missing-field-initializers -Wno-zero-length-bounds -D_GNU_SOURCE -fPIC -march=armv8.2-a+crypto+sve -DALLOW_EXP
 ERIMENTAL_API -DALLOW_INTERNAL_API -Wno-format-truncation -DRTE_LOG_DEFAULT_LOGTYPE=bus.pci -MD -MQ 'drivers/a715181@@tmp_rte_bus_pci at sta/bus_pci_linux_pci.c.o' -MF 'drivers/a715181@@tmp_rte_bus_pci at sta/bus_pci_linux_pci.c.o.d' -o 'drivers/a715181@@tmp_rte_bus_pci at sta/bus_pci_linux_pci.c.o' -c ../drivers/bus/pci/linux/pci.c
In file included from ../drivers/bus/pci/linux/pci.c:10:
../drivers/bus/pci/rte_bus_pci.h:82:59: error: 'struct rte_device' declared inside parameter list will not be visible outside of this definition or declaration [-Werror]
82 | const struct rte_pci_addr * rte_pci_get_addr(const struct rte_device *dev);
|                                                           ^~~~~~~~~~
cc1: all warnings being treated as errors
[364/657] Compiling C object 'drivers/a715181@@tmp_rte_bus_pci at sta/bus_pci_pci_common.c.o'.
[365/657] Generating graph.sym_chk with a meson_exe.py custom command.
ninja: build stopped: subcommand failed.
==== End log output ====

(32-bit) ARM Ubuntu 20.04.4
	Kernel: 5.4.0-148-generic aarch64
	Compiler: gcc 9.4

Debian 11
	Kernel: Container Host Kernel
	Compiler: gcc 10.2.1

Ubuntu 20.04 ARM SVE
	Kernel: 5.4.0-80-generic
	Compiler: gcc 10.3.0 (Ubuntu 10.3.0-1ubuntu1~20.04)

To view detailed results, visit:
https://lab.dpdk.org/results/dashboard/patchsets/26451/

UNH-IOL DPDK Community Lab

To manage your email subscriptions, visit: 
https://lab.dpdk.org/results/dashboard/preferences/subscriptions/


More information about the test-report mailing list